{"text_format":"2","workbook":"xlsx","n_sheets":16,"sheets":["Introduction","Completion Instructions","FAQ","A. HTT General","B1. HTT Mortgage Assets","B2. HTT Public Sector Assets","B3. HTT Shipping Assets","C. HTT Harmonised Glossary","erweitertes vdp-Template","extended vdp-Template","E. Optional ECB-ECAIs data","F1. Sustainable M data","G1. Crisis M Payment Holidays","vdp-Glossar (D)","vdp glossary (E) ","Disclaimer"],"not_rendered":{"charts":0,"images":3,"macros":0,"external_links":0,"defined_names":16,"comments":2,"pivot_tables":0},"unopened":[],"bounds":{"document_bytes":16777216,"sheet_cells":100000,"run_cost":"one","rows_first":2000,"rows_last":500,"rows_between":2000,"halvings":0,"cell_chars":16384,"cell_head_chars":4096},"cells_cut":0,"cells_raw":0,"read":"whole","date_system":"1900"}

{"sheet":"Introduction","index":0,"n_rows":42,"n_cols":6,"rows_kept":42,"cut":false,"hidden":false,"merged":[[5,3,5,7],[41,3,41,7],[39,3,39,7],[37,3,37,7],[35,3,35,7],[23,3,23,7],[25,3,25,7],[27,3,27,7],[29,3,29,7],[31,3,31,7],[33,3,33,7]]}
[]
[]
[]
[]
[{"$nulls":5},"Harmonised Transparency Template"]
[null,null,null,"2023  Version"]
[{"$nulls":5},"Germany"]
[{"$nulls":5},"Berlin Hyp AG"]
[{"$nulls":5},"Reporting Date: 24/01/2024"]
[{"$nulls":5},"Cut-off Date: 31/12/2023"]
{"$rows_empty":11}
[{"$nulls":5},"Index"]
[]
[null,null,null,"Worksheet A: HTT General"]
[]
[null,null,null,"Worksheet B1: HTT Mortgage Assets"]
[]
[null,null,null,"Worksheet B2: HTT Public Sector Assets"]
[]
[null,null,null,"Worksheet B3: HTT Shipping Assets"]
[]
[null,null,null,"Worksheet C: HTT Harmonised Glossary"]
[]
[null,null,null,"Covered Bond Label Disclaimer"]
[]
[null,null,null,"Worksheet D & Onwards (If Any): National Transparency Template"]
[]
[null,null,null,"Worksheet E: Optional ECB-ECAIs data"]
[]
[null,null,null,"Worksheet F1: Sustainable M data"]
[]
[null,null,null,"Worksheet G1. Crisis M Payment Holidays"]

{"sheet":"Completion Instructions","index":1,"n_rows":89,"n_cols":7,"rows_kept":89,"cut":false,"hidden":false,"merged":[[24,2,25,7],[26,2,27,7],[28,2,29,7],[78,2,78,8],[77,2,77,8],[73,2,73,8]]}
[]
[]
[]
[]
[{"$nulls":5},"Completion Instructions"]
[]
[{"$nulls":5},"Please delete this tab once you have completed this file"]
[]
[null,null,"1. Every pool has one separate HTT. Issuers with more than one cover pool have to present as many separate HTTs as the number of pools."]
[null,null,"2.  All cells that include “[For completion]” and “[Mark as ND if not relevant]” needs to be completed"]
[null,null,"3. The  \"[For completion]\" or \"[Mark as ND if not relevant]\" cells could be filled with:"]
[null,null,null,"3.A Numbers: Please insert the appropriate data"]
[null,null,null,"3.B Letters: Please insert either No Data (ND)"]
[null,null,null,"(i)   ND1: Please complete the cell with ND1 when the information is not applicable for the jurisdiction "]
[null,null,null,"(ii)  ND2: Please complete the cell with ND2 when the information is not relevant for the issuer and/or CB programme at the present time"]
[null,null,null,"(iii) ND3: Please complete the cell with ND3 when the information is not available at the present time"]
[null,null,"4. Please note that the percentage cells will be automatically completed by the spreadsheet."]
[null,null,"5. The wording of the tabs referring to the HTT (the ones with an orange tab colour) are not to be changed."]
[null,null,"6. Should you wish to insert your National Transparency Template worksheet(s) in the HTT, please follow our instructions in the box below. "]
[null,null,null,"Please do not forget to change the name of the worksheet in order to be consistent with the numbering of the existing ones (starting with D.)."]
[null,null,null,"Please update the Introduction Tab accordingly."]
[null,null,"7. Please delete tab D (Insert National Transparency Template) and the example tabs if unused."]
[null,null,null,"Please update the introduction Tab accordingly."]
[null,null,"8. Should you make references to external documents or cells in this document, please insert the hyperlink."]
[null,null,"9. Since HTT 2018 various fields as well as the amount of rows and columns are blocked in order to guarantee the uniformity of the HTT architecture which enables to run automated reporting programs. In order to guarantee this uniformity the Secretariat will not provide 'unprotected' HTTs to the issuers"]
[]
[null,null,"10. Since the loan bucket size of the loan size information (Tab. B1 HTT mortgage Assets - section 7.10 and 7.15, Tab. B2 HTT Public Sector Assets - section 8.2, Tab B3. HTT Shipping Assets - section 9.8) is decided at national level, please follow the agreed dispositions which can be found in the HTT Completion Guideline"]
[]
[null,null,"11. Since the regional breakdown denomination (Tab. B1 HTT Mortgage Assets - section 7.5., Tab B2 HTT Public Sector Assets - section 8.5) is decided at national level, please follow the agreed dispositions which can be found in the HTT Completion Guideline"]
[]
[null,null,"12. For any further questions on how to complete the HTT please consult in the following order:"]
[null,null,null,"(i) the HTT Completion Guideline"]
[null,null,null,"(ii)  the relevant National Coordinator"]
[null,null,null,"(iii) the Covered Bond Label Secretariat"]
{"$rows_empty":10}
[null,null,"How to import an excel worksheet"]
[]
[null,null,"1. Click on the tab of the worksheet you want to import",null,null,null,"3. Select the excel file where you want to transfer your worksheet from the dropdown menu"]
[null,null,"2. Select \"Move or Copy\"",null,null,null,"4. In the box Before Sheet, please select \"(move to end)\""]
[null,null,3,null,null,null,"5. Do not forget to tick the \"Create a copy\" box and press ok"]
{"$rows_empty":23}
[null,null,"Updates for  HTT 2023"]
[null,null,"Here below the list of updates of HTT 2023 with respect to HTT 2022 agreed during meeting of the Label Committee of 20 September 2022. "]
[]
[null,null,"1. All worksheets: Update the year of the HTT template next to the title of each"]
[null,null,"2. Worksheet “A. HTT General”: Section 2.2 Regulatory Summary cell C27 addition of reference to Basel Compliance and substitution UCITS compliance with CBD compliance"]
[null,null,"3. Worksheet “A. HTT General”: Section 3.2 update of OC definitions to be in line with Art 14.2f of the CBD (legal/regulatory --> statutory, actual --> voluntary, committed --> contractual). Definitions are reported in the Glossary correction of numbering of the rows of sections starting from 7A.18 until 7B.29"]
[null,null,"4. Worksheet “A. HTT General”: Section 3.6 \"Cover Assets Currency\" and 3.7 \"Covered Bond Currency\", addition of ISK as new currenty"]
[null,null,"5. Worksheet “A. HTT General”: Section 4 substitution of the CRR Art 129.7 checklist with Covered Bond Directive Art 14 Checklist"]
[null,null,"6. Worksheet “A. HTT General”: Section 5 amendment in the CRR Art 129.1 checklist"]
[null,null,"7. Worksheets “B1. HTT Mortgage Assets”, “B2. HTT Public Sector Assets\", \"B3. HTT Shipping Assets\": NPL section (B1, B2 - Section 9, B3 - Section 7) update"]
[null,null,"8. Worksheet “B1. HTT Mortgage Assets”: Sections 11 and 12 correction of the broken links in the title "]
[null,null,"9. Worksheets “B1. HTT Mortgage Assets\", \"F1. Optional Sustainable M data\": Sections 17 and 27 \"House Age Structure\" amended the brakedown and ADDED extra rows"]
[null,null,"10. Worksheets “B1. HTT Mortgage Assets\", \"F1. Optional Sustainable M data\": Sections 20 and 29 \"CO2 Emission\" amended the structure of the section to align with the HDT"]
[null,null,"11. Worksheet “C. HTT Harmonised Glossary”: addition of a new line on the Maturity Extention Triggers (HG.1.7) and a new line on the Valuation Method (HG.1.15)"]
[null,null,"12. Worksheet “F1. HTT – Sustainable Mortgage Data”: section 2.1 addition of a new optional entry \"o/w Renewable Energy and Renewable Energy Transmission\""]
[null,null,"13. Rename Worksheet into \"F1. HTT - Sustainable Mortgage Data\" taking out optional"]
[null,null,"14. Rename Worksheet \"Temp. Optional COVID-19\" into \"G1. Crisis M Payment Holidays\""]

{"sheet":"FAQ","index":2,"n_rows":34,"n_cols":3,"rows_kept":34,"cut":false,"hidden":false,"merged":[[0,0,0,2]]}
["Frequently Asked Questions (FAQ)"]
["Please delete this tab once you have completed this file"]
[]
[null,null,"Harmonised Transparency Template - Frequently Asked Questions"]
["General Questions"]
["Question 1: What is the structure of the Harmonised Transparency Template (HTT)?"]
[null,"Response 1","The HTT contains 5 main worksheets (A, B1, B2, B3 and C). The first worksheet (A) includes the HTT general information. The second worksheet (B1) presents the mortgage information. The third worksheet (B2) contains the public sector information. The fourth worksheet (B3) contains shipping information.The fifth worksheet (C) represents the HTT glossary, which has a harmonised section across jurisdictionsat the top, but also a section for national specificities below. Any additional tabs (D, E, etc.), will contain the National Transparency Template (NTT) information where relevant. "]
["Question 2: Is the HTT going to replace the National Transparency Template (NTT)?"]
[null,"Response 2","The HTT is compulsory in order to be considered Covered Bond Label compliant. The NTT can be added in order to provide further information at national discretion. "]
["Question 3: What is the reporting frequency of the HTT?"]
[null,"Response 3","The reporting of the HTT is the same as the reporting of the National Transparency Template (NTT), i.e. at least quarterly. "]
["Question 4: Where should the HTT be posted?"]
[null,"Response 4","The HTT should be posted in the same location as the National Transparency Template (NTT) is currently posted, i.e. on the issuer's website. There is no common platform for the HTT."]
["Question 5: In what format the HTT should be disclosed?"]
[null,"Response 5","The HTT should be disclosed in Excel format in so far as it is possible, as already suggested by the Label Advisory Council and investors. Where issuers are currently providing the Template in both Excel and PDF formats, they are encouraged to continue to do so."]
["Question 6: Where can I find the reporting date?"]
[null,"Response 6","The reporting date can be found in the Introduction Tab and in the \"Basic Facts\" section of worksheet A."]
["Question 7: What happens when I cannot complete a section of the HTT?"]
[null,"Response 7","When the information is either (i) not applicable for the jurisdiction, (ii) not relevant for the issuer and/or CB programme at the present time; or (iii) not available at the present time; issuers are kindly requested to include ND1, ND2 or ND3 respectively. "]
["Specific Questions"]
["Question 8: Does the Harmonised Transparency Template only contain disaggregated information for mortgages and public sector?"]
[null,"Response 8","Indeed, the HTT only provides disaggregated information for mortgage and public sector assets which represent 99.6% of total outstanding. Information in more detail on other collateral types can always be included in worksheet E, which may contains the National Transparency Template (NTT)."]
["Question 9: How should the \"liquid assets\" be calculated in the section 3 \"General Cover Pool / Covered Bond Information\" of the HTT?"]
[null,"Response 9","Liquid assets are defined as central bank eligible assets, substitute and other marketable assets. This total is calculated over both outstanding covered bonds and outstanding cover assets. "]
["Question 10: How should the \"expected\" and \"contractual\" columns of the \"Cover pool amortisation profile\" be understood?"]
[null,"Response 10","Contractual maturities assume no prepayment scenario unlike expected maturities.  Jurisdictions/issuers publishing the two should disclosed their prepayment assumptions for the latter.  "]
["Question 11: How should the hedging columns included in section 3 \"General Cover Pool / Covered Bond Information\" of the HTT be understood?"]
[null,"Response 11","The currency breakdown before/after hedging aims to assess the potential currency mismatch on the asset and liability sides. This is supplemented by explanations on the issuer's hedging strategy in the Harmonised Glossary.  "]
["Question 12: How should the cover assets and covered bonds distribution by currency be populated in section 3.6 and 3.7 in Tab A. HTT General?"]
[null,"Response 12","In the columns titled \"Nominal [before hedging]\" and \"Nominal [after hedging]\" if there is no hedging activity also the amounts for the single currencies should be the same in the two columns. Should there be hedging activity then the currency into which the outstanding has been swapped will receive the respective amount. For example, if all outstanding have been swapped into one currency, only this currency will see a positive amount in the after hedging section. The sum of the columns must match the figures reported under \"Total Cover Assets\", respectively \"Outstanding Covered Bonds\" in Section 3.1 of Tab A. HTT General."]
["Question 13: How should the covered bonds distribution by interest rate be populated in section 3.8 in Tab A. HTT General?"]
[null,"Response 13","In the columns titled \"Nominal [after hedging]\", all amounts must be inserted in the line for the interest rate type they have been swapped into. For example, if all outstanding amounts have been swapped into floating rate, only this line should be filled. Total amounts should show the same figures both before and after hedging. "]
["Question 14: How should arrears be populated in Tab E. Optional ECB-ECAIs data?"]
[null,"Response 14","Performing loans should be excluded from the \"1-<30 days\" bucket. If a loan is in arrears, please report the entire principal amount for the loan, not just the instalment that is in arrears. "]

{"sheet":"A. HTT General","index":3,"n_rows":365,"n_cols":16,"rows_kept":365,"cut":false,"hidden":false,"merged":[]}
["A. Harmonised Transparency Template - General Information ",{"$nulls":4},"HTT 2023"]
[]
[null,"Reporting in Domestic Currency","EUR",{"$nulls":11},"Berlin Hyp AG","www.berlinhyp.de"]
[]
[null,"CONTENT OF TAB A"]
[null,"1. Basic Facts"]
[null,"2. Regulatory Summary"]
[null,"3. General Cover Pool / Covered Bond Information",null,null,null,"`"]
[null,"4. Compliance Art 14 CBD Check Table"]
[null,"5. References to Capital Requirements Regulation (CRR) 129(1)"]
[null,"6. Other relevant information"]
[]
["Field Number","1. Basic Facts"]
["G.1.1.1","Country","Germany"]
["G.1.1.2","Issuer Name","Berlin Hyp AG"]
["G.1.1.3","Link to Issuer's Website","www.berlinhyp.de"]
["G.1.1.4","Cut-off date","31/12/2023"]
["OG.1.1.1","Optional information e.g. Contact names"]
["OG.1.1.2","Optional information e.g. Parent name"]
["OG.1.1.3"]
["OG.1.1.4"]
["OG.1.1.5"]
["OG.1.1.6"]
["OG.1.1.7"]
["OG.1.1.8"]
[null,"2. Regulatory Summary"]
["G.2.1.1","Basel Compliance, subject to national jursdiction (Y/N)","Y"]
["G.2.1.2","CBD Compliance","Y",{"$nulls":9},"Y"]
["G.2.1.3","CRR Compliance (Y/N)","Y",{"$nulls":9},"N"]
["OG.2.1.1","LCR status","[Insert link to the issuer's profile on the Covered Bond Label website]",{"$nulls":9},"Non-EEA, Art 14 CBD compliant"]
["OG.2.1.2"]
["OG.2.1.3"]
["OG.2.1.4"]
["OG.2.1.5"]
["OG.2.1.6"]
[null,"3. General Cover Pool / Covered Bond Information"]
[null,"1.General Information","Nominal (mn)"]
["G.3.1.1","Total Cover Assets",18517.839617000001]
["G.3.1.2","Outstanding Covered Bonds",17620.575263999999]
["OG.3.1.1","Cover Pool Size [NPV] (mn)",18473.423546000002]
["OG.3.1.2","Outstanding Covered Bonds [NPV] (mn)",17102.593273999999]
["OG.3.1.3"]
["OG.3.1.4"]
[null,"2. Over-collateralisation (OC) ","Statutory","Voluntary",null,"Contractual","Purpose"]
["G.3.2.1","OC (%)",3.9260627966748771E-2,1.166077156514792E-2,null,"[For completion]","ND1"]
["OG.3.2.1","Optional information e.g. Asset Coverage Test (ACT)"]
["OG.3.2.2","Optional information e.g. OC (NPV basis)"]
["OG.3.2.3"]
["OG.3.2.4"]
["OG.3.2.5"]
["OG.3.2.6"]
[null,"3. Cover Pool Composition","Nominal (mn)",null,null,"% Cover Pool"]
["G.3.3.1","Mortgages",17477.839622,null,null,{"$f":"IF($C$58=0,\"\",IF(C53=\"[for completion]\",\"\",C53/$C$58))","v":0.94383794107578112}]
["G.3.3.2","Public Sector ","[For completion]",null,null,{"$f":"IF($C$58=0,\"\",IF(C54=\"[for completion]\",\"\",C54/$C$58))","v":""}]
["G.3.3.3","Shipping","[For completion]",null,null,{"$f":"IF($C$58=0,\"\",IF(C55=\"[for completion]\",\"\",C55/$C$58))","v":""}]
["G.3.3.4","Substitute Assets",1040,null,null,{"$f":"IF($C$58=0,\"\",IF(C56=\"[for completion]\",\"\",C56/$C$58))","v":5.6162058924218931E-2}]
["G.3.3.5","Other","[For completion]",null,null,{"$f":"IF($C$58=0,\"\",IF(C57=\"[for completion]\",\"\",C57/$C$58))","v":""}]
["G.3.3.6","Total",{"$f":"SUM(C53:C57)","v":18517.839622},null,null,{"$f":"SUM(F53:F57)","v":1}]
["OG.3.3.1","o/w [If relevant, please specify]",null,null,null,{"$f":"IF($C$58=0,\"\",IF(C59=\"[for completion]\",\"\",C59/$C$58))","v":0}]
["OG.3.3.2","o/w [If relevant, please specify]",null,null,null,0]
["OG.3.3.3","o/w [If relevant, please specify]",null,null,null,0]
["OG.3.3.4","o/w [If relevant, please specify]",null,null,null,0]
["OG.3.3.5","o/w [If relevant, please specify]",null,null,null,0]
["OG.3.3.6","o/w [If relevant, please specify]",null,null,null,0]
[null,"4. Cover Pool Amortisation Profile","Contractual ","Expected Upon Prepayments ",null,"% Total Contractual","% Total Expected Upon Prepayments"]
["G.3.4.1","Weighted Average Life (in years)",4.2,"ND1"]
[]
[null,"Residual Life (mn)"]
[null,"By buckets:"]
["G.3.4.2","0 - 1 Y",{"$f":"SUM(C79:C80)","v":2350.0383449999999},"ND1",null,{"$f":"IF($C$77=0,\"\",IF(C70=\"[for completion]\",\"\",C70/$C$77))","v":0.12690672310331341},{"$f":"IF($D$77=0,\"\",IF(D70=\"[Mark as ND1 if not relevant]\",\"\",D70/$D$77))","v":""}]
["G.3.4.3","1 - 2 Y",{"$f":"SUM(C81:C82)","v":2559.775619},"ND1",null,0.13823295112533396,""]
["G.3.4.4","2 - 3 Y",2280.444598,"ND1",null,0.12314852298753996,""]
["G.3.4.5","3 - 4 Y",2664.8759789999999,"ND1",null,0.14390857863709633,""]
["G.3.4.6","4 - 5 Y",2527.2519560000001,"ND1",null,0.13647660893482111,""]
["G.3.4.7","5 - 10 Y",5722.5378760000003,"ND1",null,0.30902837446159004,""]
["G.3.4.8","10+ Y",412.91524600000002,"ND1",null,2.2298240750305096E-2,""]
["G.3.4.9","Total",{"$f":"SUM(C70:C76)","v":18517.839619000002},{"$f":"SUM(D70:D76)","v":0},null,{"$f":"SUM(F70:F76)","v":0.99999999999999989},{"$f":"SUM(G70:G76)","v":0}]
["OG.3.4.1","o/w 0-1 day",null,null,null,{"$f":"IF($C$77=0,\"\",IF(C78=\"[for completion]\",\"\",C78/$C$77))","v":0},{"$f":"IF($D$77=0,\"\",IF(D78=\"[for completion]\",\"\",D78/$D$77))","v":""}]
["OG.3.4.2","o/w 0-0.5y",1046.8024720000001,"ND1",null,{"$f":"IF($C$77=0,\"\",IF(C79=\"[for completion]\",\"\",C79/$C$77))","v":5.6529405888467749E-2},{"$f":"IF($D$77=0,\"\",IF(D79=\"[for completion]\",\"\",D79/$D$77))","v":""}]
["OG.3.4.3","o/w 0.5-1 y",1303.2358730000001,"ND1",null,{"$f":"IF($C$77=0,\"\",IF(C80=\"[for completion]\",\"\",C80/$C$77))","v":7.0377317214845678E-2},{"$f":"IF($D$77=0,\"\",IF(D80=\"[for completion]\",\"\",D80/$D$77))","v":""}]
["OG.3.4.4","o/w 1-1.5y",794.34736699999996,"ND1",null,{"$f":"IF($C$77=0,\"\",IF(C81=\"[for completion]\",\"\",C81/$C$77))","v":4.2896330422095758E-2},{"$f":"IF($D$77=0,\"\",IF(D81=\"[for completion]\",\"\",D81/$D$77))","v":""}]
["OG.3.4.5","o/w 1.5-2 y",1765.4282519999999,"ND1",null,{"$f":"IF($C$77=0,\"\",IF(C82=\"[for completion]\",\"\",C82/$C$77))","v":9.5336620703238187E-2},{"$f":"IF($D$77=0,\"\",IF(D82=\"[for completion]\",\"\",D82/$D$77))","v":""}]
["OG.3.4.6"]
["OG.3.4.7"]
["OG.3.4.8"]
["OG.3.4.9",{"$nulls":4},{"$f":"IF($C$77=0,\"\",IF(C86=\"[for completion]\",\"\",C86/$C$77))","v":0},{"$f":"IF($D$77=0,\"\",IF(D86=\"[for completion]\",\"\",D86/$D$77))","v":""}]
["OG.3.4.10",{"$nulls":4},{"$f":"IF($C$77=0,\"\",IF(C87=\"[for completion]\",\"\",C87/$C$77))","v":0},{"$f":"IF($D$77=0,\"\",IF(D87=\"[for completion]\",\"\",D87/$D$77))","v":""}]
[null,"5. Maturity of Covered Bonds","Initial Maturity  ","Extended Maturity ",null,"% Total Initial Maturity ","% Total Extended Maturity"]
["G.3.5.1","Weighted Average life (in years)",5.4,"ND1"]
[]
[null,"Maturity (mn)"]
["G.3.5.2","By buckets:"]
["G.3.5.3","0 - 1 Y",{"$f":"SUM(C102:C103)","v":1498.4915559999999},"ND1",null,{"$f":"IF($C$100=0,\"\",IF(C93=\"[for completion]\",\"\",IF(C93=\"\",\"\",C93/$C$100)))","v":8.5042147236901913E-2},{"$f":"IF($D$100=0,\"\",IF(D93=\"[Mark as ND1 if not relevant]\",\"\",IF(D93=\"\",\"\",D93/$D$100)))","v":""}]
["G.3.5.4","1 - 2 Y",{"$f":"SUM(C104:C105)","v":2505},"ND1",null,0.14216334952002846,""]
["G.3.5.5","2 - 3 Y",1993.4827210000001,"ND1",null,0.11313380472162091,""]
["G.3.5.6","3 - 4 Y",1962,"ND1",null,0.11134710249832168,""]
["G.3.5.7","4 - 5 Y",2357,"ND1",null,0.13376407777193894,""]
["G.3.5.8","5 - 10 Y",6418.5,"ND1",null,0.36426166023724654,""]
["G.3.5.9","10+ Y",886.10098699999992,"ND1",null,5.0287858013941387E-2,""]
["G.3.5.10","Total",{"$f":"SUM(C93:C99)","v":17620.575264000003},{"$f":"SUM(D93:D99)","v":0},null,{"$f":"SUM(F93:F99)","v":1},{"$f":"SUM(G93:G99)","v":0}]
["OG.3.5.1","o/w 0-1 day",null,null,null,{"$f":"IF($C$100=0,\"\",IF(C101=\"[for completion]\",\"\",C101/$C$100))","v":0},{"$f":"IF($D$100=0,\"\",IF(D101=\"[for completion]\",\"\",D101/$D$100))","v":""}]
["OG.3.5.2","o/w 0-0.5y",1082.4915559999999,"ND1",null,{"$f":"IF($C$100=0,\"\",IF(C102=\"[for completion]\",\"\",C102/$C$100))","v":6.1433383404434112E-2},{"$f":"IF($D$100=0,\"\",IF(D102=\"[for completion]\",\"\",D102/$D$100))","v":""}]
["OG.3.5.3","o/w 0.5-1 y",416,"ND1",null,{"$f":"IF($C$100=0,\"\",IF(C103=\"[for completion]\",\"\",C103/$C$100))","v":2.3608763832467797E-2},{"$f":"IF($D$100=0,\"\",IF(D103=\"[for completion]\",\"\",D103/$D$100))","v":""}]
["OG.3.5.4","o/w 1-1.5y",573,"ND1",null,{"$f":"IF($C$100=0,\"\",IF(C104=\"[for completion]\",\"\",C104/$C$100))","v":3.2518802105778961E-2},{"$f":"IF($D$100=0,\"\",IF(D104=\"[for completion]\",\"\",D104/$D$100))","v":""}]
["OG.3.5.5","o/w 1.5-2 y",1932,"ND1",null,{"$f":"IF($C$100=0,\"\",IF(C105=\"[for completion]\",\"\",C105/$C$100))","v":0.10964454741424949},{"$f":"IF($D$100=0,\"\",IF(D105=\"[for completion]\",\"\",D105/$D$100))","v":""}]
["OG.3.5.6"]
["OG.3.5.7"]
["OG.3.5.8"]
["OG.3.5.9"]
["OG.3.5.10"]
[null,"6. Cover Assets - Currency","Nominal [before hedging] (mn)","Nominal [after hedging] (mn)",null,"% Total [before]","% Total [after]"]
["G.3.6.1","EUR",18517.839618000002,18517.839618000002,null,{"$f":"IF($C$130=0,\"\",IF(C112=\"[for completion]\",\"\",IF(C112=\"\",\"\",C112/$C$130)))","v":1},{"$f":"IF($D$130=0,\"\",IF(D112=\"[for completion]\",\"\",IF(D112=\"\",\"\",D112/$D$130)))","v":1},{"$nulls":4},"curre"]
["G.3.6.2","AUD","[For completion]","[For completion]",null,"","",{"$nulls":4},"AUD"]
["G.3.6.3","BRL","[For completion]","[For completion]",null,"","",{"$nulls":4},"BRL"]
["G.3.6.4","CAD","[For completion]","[For completion]",null,"","",{"$nulls":4},"CAD"]
["G.3.6.5","CHF","[For completion]","[For completion]",null,"","",{"$nulls":4},"CHF"]
["G.3.6.6","CZK","[For completion]","[For completion]",null,"","",{"$nulls":4},"CZK"]
["G.3.6.7","DKK","[For completion]","[For completion]",null,"","",{"$nulls":4},"DKK"]
["G.3.6.8","GBP","[For completion]","[For completion]",null,"","",{"$nulls":4},"GBP"]
["G.3.6.9","HKD","[For completion]","[For completion]",null,"","",{"$nulls":4},"HKD"]
["G.3.6.10","ISK","[For completion]","[For completion]",null,"",""]
["G.3.6.11","JPY","[For completion]","[For completion]",null,"","",{"$nulls":4},"KRW"]
["G.3.6.12","KRW","[For completion]","[For completion]",null,"","",{"$nulls":4},"NOK"]
["G.3.6.13","NOK","[For completion]","[For completion]",null,"","",{"$nulls":4},"PLN"]
["G.3.6.14","PLN","[For completion]","[For completion]",null,"","",{"$nulls":4},"SEK"]
["G.3.6.15","SEK","[For completion]","[For completion]",null,"","",{"$nulls":4},"SGD"]
["G.3.6.16","SGD","[For completion]","[For completion]",null,"","",{"$nulls":4},"USD"]
["G.3.6.17","USD","[For completion]","[For completion]",null,"",""]
["G.3.6.18","Other","[For completion]","[For completion]",null,"",""]
["G.3.6.19","Total",{"$f":"SUM(C112:C129)","v":18517.839618000002},{"$f":"SUM(D112:D129)","v":18517.839618000002},null,{"$f":"SUM(F112:F129)","v":1},{"$f":"SUM(G112:G129)","v":1}]
["OG.3.6.1","o/w [If relevant, please specify]",null,null,null,{"$f":"IF($C$130=0,\"\",IF(C131=\"[for completion]\",\"\",C131/$C$130))","v":0},{"$f":"IF($D$130=0,\"\",IF(D131=\"[for completion]\",\"\",D131/$D$130))","v":0}]
["OG.3.6.2","o/w [If relevant, please specify]",null,null,null,0,0]
["OG.3.6.3","o/w [If relevant, please specify]",null,null,null,0,0]
["OG.3.6.4","o/w [If relevant, please specify]",null,null,null,0,0]
["OG.3.6.5","o/w [If relevant, please specify]",null,null,null,0,0]
["OG.3.6.6","o/w [If relevant, please specify]",null,null,null,0,0]
[null,"7. Covered Bonds - Currency ","Nominal [before hedging] (mn)","Nominal [after hedging] (mn)",null,"% Total [before]","% Total [after]"]
["G.3.7.1","EUR",17404.592542999999,17404.592542999999,null,{"$f":"IF($C$156=0,\"\",IF(C138=\"[for completion]\",\"\",IF(C138=\"\",\"\",C138/$C$156)))","v":0.98774258400965675},{"$f":"IF($D$156=0,\"\",IF(D138=\"[for completion]\",\"\",IF(D138=\"\",\"\",D138/$D$156)))","v":0.98774258400965675}]
["G.3.7.2","AUD","[For completion]","[For completion]",null,"",""]
["G.3.7.3","BRL","[For completion]","[For completion]",null,"",""]
["G.3.7.4","CAD","[For completion]","[For completion]",null,"",""]
["G.3.7.5","CHF",215.982721,215.982721,null,1.2257415990343232E-2,1.2257415990343232E-2]
["G.3.7.6","CZK","[For completion]","[For completion]",null,"",""]
["G.3.7.7","DKK","[For completion]","[For completion]",null,"",""]
["G.3.7.8","GBP","[For completion]","[For completion]",null,"",""]
["G.3.7.9","HKD","[For completion]","[For completion]",null,"",""]
["G.3.7.10","ISK","[For completion]","[For completion]",null,"",""]
["G.3.7.11","JPY","[For completion]","[For completion]",null,"",""]
["G.3.7.12","KRW","[For completion]","[For completion]",null,"",""]
["G.3.7.13","NOK","[For completion]","[For completion]",null,"",""]
["G.3.7.14","PLN","[For completion]","[For completion]",null,"",""]
["G.3.7.15","SEK","[For completion]","[For completion]",null,"",""]
["G.3.7.16","SGD","[For completion]","[For completion]",null,"",""]
["G.3.7.17","USD","[For completion]","[For completion]",null,"",""]
["G.3.7.18","Other","[For completion]","[For completion]",null,"",""]
["G.3.7.19","Total",{"$f":"SUM(C138:C155)","v":17620.575263999999},{"$f":"SUM(D138:D155)","v":17620.575263999999},null,{"$f":"SUM(F138:F155)","v":1},{"$f":"SUM(G138:G155)","v":1}]
["OG.3.7.1","o/w [If relevant, please specify]",null,null,null,{"$f":"IF($C$156=0,\"\",IF(C157=\"[for completion]\",\"\",IF(C157=\"\",\"\",C157/$C$156)))","v":""},{"$f":"IF($D$156=0,\"\",IF(D157=\"[for completion]\",\"\",IF(D157=\"\",\"\",D157/$D$156)))","v":""}]
["OG.3.7.2","o/w [If relevant, please specify]",null,null,null,"",""]
["OG.3.7.3","o/w [If relevant, please specify]",null,null,null,"",""]
["OG.3.7.4","o/w [If relevant, please specify]",null,null,null,"",""]
["OG.3.7.5","o/w [If relevant, please specify]",null,null,null,"",""]
["OG.3.7.6","o/w [If relevant, please specify]",null,null,null,"",""]
[null,"8. Covered Bonds - Breakdown by interest rate ","Nominal [before hedging] (mn)","Nominal [after hedging] (mn)",null,"% Total [before]","% Total [after]"]
["G.3.8.1","Fixed coupon","[For completion]",17601.1926312096,null,{"$f":"IF($C$167=0,\"\",IF(C164=\"[for completion]\",\"\",IF(C164=\"\",\"\",C164/$C$167)))","v":""},{"$f":"IF($D$167=0,\"\",IF(D164=\"[for completion]\",\"\",IF(D164=\"\",\"\",D164/$D$167)))","v":0.99890000000000001}]
["G.3.8.2","Floating coupon","[For completion]",{"$f":"C39-D164","v":19.38263279039893},null,{"$f":"IF($C$167=0,\"\",IF(C165=\"[for completion]\",\"\",IF(C165=\"\",\"\",C165/$C$167)))","v":""},{"$f":"IF($D$167=0,\"\",IF(D165=\"[for completion]\",\"\",IF(D165=\"\",\"\",D165/$D$167)))","v":1.0999999999999394E-3}]
["G.3.8.3","Other","[For completion]","[For completion]",null,{"$f":"IF($C$167=0,\"\",IF(C166=\"[for completion]\",\"\",IF(C166=\"\",\"\",C166/$C$167)))","v":""},{"$f":"IF($D$167=0,\"\",IF(D166=\"[for completion]\",\"\",IF(D166=\"\",\"\",D166/$D$167)))","v":""}]
["G.3.8.4","Total",{"$f":"SUM(C164:C166)","v":0},{"$f":"SUM(D164:D166)","v":17620.575263999999},null,{"$f":"SUM(F164:F166)","v":0},{"$f":"SUM(G164:G166)","v":1}]
["OG.3.8.1"]
["OG.3.8.2"]
["OG.3.8.3"]
["OG.3.8.4"]
["OG.3.8.5"]
[null,"9. Substitute Assets - Type","Nominal (mn)",null,null,"% Substitute Assets"]
["G.3.9.1","Cash","[For completion]",null,null,{"$f":"IF($C$179=0,\"\",IF(C174=\"[for completion]\",\"\",C174/$C$179))","v":""}]
["G.3.9.2","Exposures to/guaranteed by Supranational, Sovereign, Agency (SSA)",247.5,null,null,{"$f":"IF($C$179=0,\"\",IF(C175=\"[for completion]\",\"\",C175/$C$179))","v":0.23798076923076922}]
["G.3.9.3","Exposures to central banks","[For completion]"]
["G.3.9.4","Exposures to credit institutions",387.5,null,null,{"$f":"IF($C$179=0,\"\",IF(C177=\"[for completion]\",\"\",C177/$C$179))","v":0.37259615384615385}]
["G.3.9.5","Other",405,null,null,{"$f":"IF($C$179=0,\"\",IF(C178=\"[for completion]\",\"\",C178/$C$179))","v":0.38942307692307693}]
["G.3.9.6","Total",{"$f":"SUM(C174:C178)","v":1040},null,null,{"$f":"SUM(F174:F178)","v":1}]
["OG.3.9.1","o/w EU gvts or quasi govts",null,null,null,{"$f":"IF($C$179=0,\"\",IF(C180=\"[for completion]\",\"\",C180/$C$179))","v":0}]
["OG.3.9.2","o/w third-party countries  Credit Quality Step 1 (CQS1) gvts or quasi govts",null,null,null,0]
["OG.3.9.3","o/w third-party countries Credit Quality Step 2 (CQS2) gvts or quasi govts",null,null,null,0]
["OG.3.9.4","o/w EU central banks",null,null,null,0]
["OG.3.9.5","o/w third-party countries Credit Quality Step 1 (CQS1) central banks",null,null,null,0]
["OG.3.9.6","o/w third-party countries Credit Quality Step 2 (CQS2) central banks",null,null,null,0]
["OG.3.9.7","o/w CQS1 credit institutions",247.5,null,null,0.23798076923076922]
["OG.3.9.8","o/w CQS2 credit institutions",387.5,null,null,0.37259615384615385]
["OG.3.9.9"]
["OG.3.9.10"]
["OG.3.9.11"]
["OG.3.9.12"]
[null,"10. Substitute Assets - Country","Nominal (mn)",null,null,"% Substitute Assets"]
["G.3.10.1","Domestic (Country of Issuer)",817.5,null,null,{"$f":"IF($C$208=0,\"\",IF(C193=\"[for completion]\",\"\",C193/$C$208))","v":0.78605769230769229}]
["G.3.10.2","Eurozone",198.5,null,null,0.1908653846153846]
["G.3.10.3","Rest of European Union (EU)",24,null,null,2.3076923076923078E-2]
["G.3.10.4","European Economic Area (not member of EU)","[For completion]",null,null,""]
["G.3.10.5","Switzerland","[For completion]",null,null,""]
["G.3.10.6","Australia","[For completion]",null,null,""]
["G.3.10.7","Brazil","[For completion]",null,null,""]
["G.3.10.8","Canada","[For completion]",null,null,""]
["G.3.10.9","Japan","[For completion]",null,null,""]
["G.3.10.10","Korea","[For completion]",null,null,""]
["G.3.10.11","New Zealand","[For completion]",null,null,""]
["G.3.10.12","Singapore","[For completion]",null,null,""]
["G.3.10.13","US","[For completion]",null,null,""]
["G.3.10.14","Other","[For completion]",null,null,""]
["G.3.10.15","Total EU",{"$f":"SUM(C193:C195)","v":1040}]
["G.3.10.16","Total",{"$f":"SUM(C193:C206)","v":1040},null,null,{"$f":"SUM(F193:F206)","v":1}]
["OG.3.10.1","o/w [If relevant, please specify]",null,null,null,{"$f":"IF($C$208=0,\"\",IF(C209=\"[for completion]\",\"\",C209/$C$208))","v":0}]
["OG.3.10.2","o/w [If relevant, please specify]",null,null,null,0]
["OG.3.10.3","o/w [If relevant, please specify]",null,null,null,0]
["OG.3.10.4","o/w [If relevant, please specify]",null,null,null,0]
["OG.3.10.5","o/w [If relevant, please specify]",null,null,null,0]
["OG.3.10.6","o/w [If relevant, please specify]",null,null,null,0]
["OG.3.10.7","o/w [If relevant, please specify]",null,null,null,0]
[null,"11. Liquid Assets ","Nominal (mn)",null,null,"% Cover Pool","% Covered Bonds"]
["G.3.11.1","Substitute and other marketable assets","[For completion]",null,null,{"$f":"IF($C$38=0,\"\",IF(C217=\"[for completion]\",\"\",IF(C217=\"\",\"\",C217/$C$38)))","v":""},{"$f":"IF($C$39=0,\"\",IF(C217=\"[for completion]\",\"\",IF(C217=\"\",\"\",C217/$C$39)))","v":""}]
["G.3.11.2","Central bank eligible assets",990,null,null,{"$f":"IF($C$38=0,\"\",IF(C218=\"[for completion]\",\"\",IF(C218=\"\",\"\",C218/$C$38)))","v":5.3461959951912892E-2},{"$f":"IF($C$39=0,\"\",IF(C218=\"[for completion]\",\"\",IF(C218=\"\",\"\",C218/$C$39)))","v":5.6184317774382514E-2}]
["G.3.11.3","Other","[For completion]",null,null,{"$f":"IF($C$38=0,\"\",IF(C219=\"[for completion]\",\"\",IF(C219=\"\",\"\",C219/$C$38)))","v":""},{"$f":"IF($C$39=0,\"\",IF(C219=\"[for completion]\",\"\",IF(C219=\"\",\"\",C219/$C$39)))","v":""}]
["G.3.11.4","Total",{"$f":"SUM(C217:C219)","v":990},null,null,{"$f":"SUM(F217:F219)","v":5.3461959951912892E-2},{"$f":"SUM(G217:G219)","v":5.6184317774382514E-2}]
["OG.3.11.1","o/w [If relevant, please specify]",null,null,null,{"$f":"IF($C$38=0,\"\",IF(C221=\"[for completion]\",\"\",IF(C221=\"\",\"\",C221/$C$38)))","v":""},{"$f":"IF($C$39=0,\"\",IF(C221=\"[for completion]\",\"\",IF(C221=\"\",\"\",C221/$C$39)))","v":""}]
["OG.3.11.2","o/w [If relevant, please specify]",null,null,null,"",""]
["OG.3.11.3","o/w [If relevant, please specify]",null,null,null,"",""]
["OG.3.11.4","o/w [If relevant, please specify]",null,null,null,"",""]
["OG.3.11.5","o/w [If relevant, please specify]",null,null,null,"",""]
["OG.3.11.6","o/w [If relevant, please specify]",null,null,null,"",""]
["OG.3.11.7","o/w [If relevant, please specify]",null,null,null,"",""]
[null,"12. Bond List "]
["G.3.12.1","Bond list ","[Insert link to the issuer's profile on the Covered Bond Label website]"]
[null,"13. Derivatives & Swaps"]
["G.3.13.1","Derivatives in the register / cover pool [notional] (mn)","[For completion]"]
["G.3.13.2","Type of interest rate swaps (intra-group, external or both)","[For completion]"]
["G.3.13.3","Type of currency rate swaps (intra-group, external or both)","[For completion]"]
["OG.3.13.1","NPV of Derivatives in the cover pool (mn)","[For completion]"]
["OG.3.13.2","Derivatives outside the cover pool [notional] (mn)"]
["OG.3.13.3","NPV of Derivatives outside the cover pool (mn)"]
["OG.3.13.4"]
["OG.3.13.5"]
[null,"14. Sustainable or other special purpose strategy - optional"]
["G.3.14.1","Cover pool involved in a sustainable/special purpose strategy? (Y/N)","Y"]
["G.3.14.2","If yes to G.3.14.1 is there a commitment (1) or are already sustainable components present (2)?",2]
["G.3.14.3","specific criteria ","ESG"]
["G.3.14.4","link to the committed objective criteria","www.berlinhyp.de"]
["OG.3.14.1"]
["OG.3.14.2"]
["OG.3.14.3"]
["OG.3.14.4"]
["OG.3.14.5"]
["OG.3.14.6"]
["OG.3.14.7"]
["OG.3.14.8"]
["OG.3.14.9"]
["OG.3.14.10"]
["OG.3.14.11"]
["OG.3.14.12"]
["OG.3.14.13"]
["OG.3.14.14"]
["OG.3.14.15"]
["OG.3.14.16"]
["OG.3.14.17"]
["OG.3.14.18"]
["OG.3.14.19"]
["OG.3.14.20"]
["OG.3.14.21"]
["OG.3.14.22"]
["OG.3.14.23"]
["OG.3.14.24"]
["OG.3.14.25"]
["OG.3.14.26"]
["OG.3.14.27"]
["OG.3.14.28"]
["OG.3.14.29"]
["OG.3.14.30"]
["OG.3.14.31"]
["OG.3.14.32"]
["OG.3.14.33"]
["OG.3.14.34"]
["OG.3.14.35"]
["OG.3.14.36"]
["OG.3.14.37"]
["OG.3.14.38"]
["OG.3.14.39"]
["OG.3.14.40"]
["OG.3.14.41"]
[null,"4. Compliance Art 14 CBD Check table","Row","Row"]
["The issuer believes that, at the time of its issuance and based on transparency data made publicly available by the issuer, these covered bonds would satisfy the eligibility criteria for Article 14(2) of the Covered Bond Directive (EU) 2019/2162. It should be noted, however, that"]
["whether or not exposures in the form of covered bonds are eligible to preferential treatment under Regulation (EU) 575/2013 is ultimately a matter to be determined by a relevant investor institution and its relevant supervisory authority and the issuer does not accept any responsibility in this regard."]
["G.4.1.1","(a)         Value of the cover pool total assets: ",{"$f":"ROW(B38)","v":38}]
["G.4.1.2","(a)         Value of outstanding covered bonds: ",{"$f":"ROW(B39)","v":39}]
["G.4.1.3","(b)        List of ISIN of issued covered bonds: ","[insert here link to the cover pool on the covered bond label website]"]
["G.4.1.4","(c)        Geographical distribution: ",{"$f":"IF(ISREF(INDIRECT(\"'B1. HTT Mortgage Assets'!A1\")),ROW('B1. HTT Mortgage Assets'!B43)&\" for Mortgage Assets\",\"\")","v":"43 for Mortgage Assets"},{"$f":"IF(ISREF(INDIRECT(\"'B2. HTT Public Sector Assets'!A1\")),ROW('B2. HTT Public Sector Assets'!B48)& \" for Public Sector Assets\",\"\")","v":"48 for Public Sector Assets"}]
["G.4.1.5","(c)        Type of cover assets:",{"$f":"ROW(B52)","v":52}]
["G.4.1.6","(c)        Loan size: ",{"$f":"IF(ISREF(INDIRECT(\"'B1. HTT Mortgage Assets'!A1\")),ROW('B1. HTT Mortgage Assets'!B186)&\" for Residential Mortgage Assets\",\"\")","v":"186 for Residential Mortgage Assets"},{"$f":"IF(ISREF(INDIRECT(\"'B1. HTT Mortgage Assets'!A1\")),ROW('B1. HTT Mortgage Assets'!B424 )& \" for Commercial Mortgage Assets\",\"\")","v":"424 for Commercial Mortgage Assets"},null,{"$f":"IF(ISREF(INDIRECT(\"'B2. HTT Public Sector Assets'!A1\")),ROW('B2. HTT Public Sector Assets'!B18)& \" for Public Sector Assets\",\"\")","v":"18 for Public Sector Assets"},{"$f":"IF(ISREF(INDIRECT(\"'B3. HTT Shipping Assets'!A1\")),ROW('B3. HTT Shipping Assets'!B116)& \" for Shipping Assets\",\"\")","v":"116 for Shipping Assets"}]
["G.4.1.7","(c)       Valuation Method: ","link to Glossary HG.1.15"]
["G.4.1.8","            (d)        Interest rate risk - cover pool:",{"$f":"IF(ISREF(INDIRECT(\"'B1. HTT Mortgage Assets'!A1\")),ROW('B1. HTT Mortgage Assets'!B149)&\" for Mortgage Assets\",\"\")","v":"149 for Mortgage Assets"},{"$f":"IF(ISREF(INDIRECT(\"'B2. HTT Public Sector Assets'!A1\")),ROW('B2. HTT Public Sector Assets'!B129)&\" for Public Sector Assets\",\"\")","v":"129 for Public Sector Assets"},null,{"$f":"IF(ISREF(INDIRECT(\"'B3. HTT Shipping Assets'!A1\")),ROW('B3. HTT Shipping Assets'!D80)&\" for Shipping Assets\",\"\")","v":"80 for Shipping Assets"}]
["G.4.1.9","(d)        Currency risk - cover pool:",{"$f":"ROW(B111)","v":111}]
["G.4.1.10","          (d)         Interest rate risk - covered bond:",{"$f":"ROW(B163)","v":163}]
["G.4.1.11","(d)        Currency risk - covered bond:",{"$f":"ROW(B137)","v":137}]
["G.4.1.12","            (d)        Liquidity Risk - primary assets cover pool:",{"$nulls":7},"liquidity buffer"]
["G.4.1.13","(d)        Credit Risk:","215 LTV Residential Mortgage","441 LTV Commercial Mortgage",{"$nulls":5},"extendable maturity"]
["G.4.1.14","(d)        Market Risk:","230 Derivatives and Swaps",{"$nulls":6},"liquidity buffer & extendable maturity"]
["G.4.1.15","(d)        Hedging Strategy",{"$f":"ROW('C. HTT Harmonised Glossary'!B18)&\" for Harmonised Glossary\"","v":"18 for Harmonised Glossary"},{"$nulls":6},"other"]
["G.4.1.16","(e)        Maturity Structure - cover assets:",{"$f":"ROW(B65)","v":65}]
["G.4.1.17","(e)        Maturity Structure - covered bond:",{"$f":"ROW(B88)","v":88}]
["G.4.1.18","(e)        Overview maturity extension triggers:","link to Glossary HG 1.7"]
["G.4.1.19","(f)        Levels of OC:",44]
["G.4.1.20","(g)        Percentage of loans in default:",{"$f":"IF(ISREF(INDIRECT(\"'B1. HTT Mortgage Assets'!A1\")),ROW('B1. HTT Mortgage Assets'!B179)& \" for Mortgage Assets\",\"\")","v":"179 for Mortgage Assets"},{"$f":"IF(ISREF(INDIRECT(\"'B2. HTT Public Sector Assets'!A1\")),ROW('B2. HTT Public Sector Assets'!B166)& \" for Public Sector Assets\",\"\")","v":"166 for Public Sector Assets"},null,{"$f":"IF(ISREF(INDIRECT(\"'B3. HTT Shipping Assets'!A1\")),ROW('B3. HTT Shipping Assets'!D110)& \" for Shipping Assets\",\"\")","v":"110 for Shipping Assets"}]
["OG.4.1.1"]
["OG.4.1.2"]
["OG.4.1.3"]
[null,"5. References to Capital Requirements Regulation (CRR) 129(1)"]
["G.5.1.1","Exposure to credit institute credit quality step 1",247.5]
["G.5.1.2","Exposure to credit institute credit quality step 2",387.5]
["G.5.1.3","Exposure to credit institute credit quality step 3","[For completion]"]
["OG.5.1.1"]
["OG.5.1.2"]
["OG.5.1.3"]
["OG.5.1.4"]
[null,"6. Other relevant information"]
[null,"1. Optional information e.g. Rating triggers"]
["OG.6.1.1","NPV Test (passed/failed)"]
["OG.6.1.2","Interest Covereage Test (passe/failed)"]
["OG.6.1.3","Cash Manager "]
["OG.6.1.4","Account Bank"]
["OG.6.1.5","Stand-by Account Bank"]
["OG.6.1.6","Servicer "]
["OG.6.1.7","Interest Rate Swap Provider "]
["OG.6.1.8","Covered Bond Swap Provider "]
["OG.6.1.9","Paying Agent"]
["OG.6.1.10","Other optional/relevant information"]
["OG.6.1.11","Other optional/relevant information"]
["OG.6.1.12","Other optional/relevant information"]
["OG.6.1.13","Other optional/relevant information"]
["OG.6.1.14","Other optional/relevant information"]
["OG.6.1.15","Other optional/relevant information"]
["OG.6.1.16","Other optional/relevant information"]
["OG.6.1.17","Other optional/relevant information"]
["OG.6.1.18","Other optional/relevant information"]
["OG.6.1.19","Other optional/relevant information"]
["OG.6.1.20","Other optional/relevant information"]
["OG.6.1.21","Other optional/relevant information"]
["OG.6.1.22","Other optional/relevant information"]
["OG.6.1.23","Other optional/relevant information"]
["OG.6.1.24","Other optional/relevant information"]
["OG.6.1.25","Other optional/relevant information"]
["OG.6.1.26","Other optional/relevant information"]
["OG.6.1.27","Other optional/relevant information"]
["OG.6.1.28","Other optional/relevant information"]
["OG.6.1.29","Other optional/relevant information"]
["OG.6.1.30","Other optional/relevant information"]
["OG.6.1.31","Other optional/relevant information"]
["OG.6.1.32","Other optional/relevant information"]
["OG.6.1.33","Other optional/relevant information"]
["OG.6.1.34","Other optional/relevant information"]
["OG.6.1.35","Other optional/relevant information"]
["OG.6.1.36","Other optional/relevant information"]
["OG.6.1.37","Other optional/relevant information"]
["OG.6.1.38","Other optional/relevant information"]
["OG.6.1.39","Other optional/relevant information"]
["OG.6.1.40","Other optional/relevant information"]
["OG.6.1.41","Other optional/relevant information"]
["OG.6.1.42","Other optional/relevant information"]
["OG.6.1.43","Other optional/relevant information"]
["OG.6.1.44","Other optional/relevant information"]
["OG.6.1.45","Other optional/relevant information"]

{"sheet":"B1. HTT Mortgage Assets","index":4,"n_rows":622,"n_cols":7,"rows_kept":622,"cut":false,"hidden":false,"merged":[]}
["B1. Harmonised Transparency Template - Mortgage Assets",{"$nulls":4},"HTT 2023"]
[]
[null,"Reporting in Domestic Currency","EUR"]
[]
[null,"CONTENT OF TAB B1"]
[null,"7. Mortgage Assets"]
[null,"7.A Residential Cover Pool"]
[null,"7.B Commercial Cover Pool"]
[]
["Field Number","7. Mortgage Assets"]
[null,"1. Property Type Information","Nominal (mn)",null,null,"% Total Mortgages"]
["M.7.1.1","Residential",6001.3725600000007,null,null,{"$f":"IF($C$15=0,\"\",IF(C12=\"[for completion]\",\"\",C12/$C$15))","v":0.34337038729007746}]
["M.7.1.2","Commercial",11476.467062,null,null,{"$f":"IF($C$15=0,\"\",IF(C13=\"[for completion]\",\"\",C13/$C$15))","v":0.65662961270992259}]
["M.7.1.3","Other","[For completion]",null,null,{"$f":"IF($C$15=0,\"\",IF(C14=\"[for completion]\",\"\",C14/$C$15))","v":""}]
["M.7.1.4","Total",{"$f":"SUM(C12:C14)","v":17477.839622},null,null,{"$f":"SUM(F12:F14)","v":1}]
["OM.7.1.1","o/w Housing Cooperatives / Multi-family assets",5740.2094539999998,null,null,{"$f":"IF($C$15=0,\"\",IF(C16=\"[for completion]\",\"\",C16/$C$15))","v":0.32842785940057417}]
["OM.7.1.2","o/w Forest & Agriculture",null,null,null,0]
["OM.7.1.3","o/w [If relevant, please specify]",null,null,null,0]
["OM.7.1.4","o/w [If relevant, please specify]",null,null,null,0]
["OM.7.1.5","o/w [If relevant, please specify]",null,null,null,0]
["OM.7.1.6","o/w [If relevant, please specify]",null,null,null,0]
["OM.7.1.7","o/w [If relevant, please specify]",null,null,null,0]
["OM.7.1.8","o/w [If relevant, please specify]",null,null,null,0]
["OM.7.1.9","o/w [If relevant, please specify]",null,null,null,0]
["OM.7.1.10","o/w [If relevant, please specify]",null,null,null,0]
["OM.7.1.11","o/w [If relevant, please specify]",null,null,null,0]
[null,"2. General Information","Residential Loans","Commercial Loans",null,"Total Mortgages"]
["M.7.2.1","Number of mortgage loans",668,733,null,{"$f":"IF(AND(C28=\"[For completion]\",D28=\"[For completion]\"),\"[For completion]\",SUM(C28:D28))","v":1401}]
["OM.7.2.1","Optional information eg, Number of borrowers",625,667]
["OM.7.2.2","Optional information eg, Number of guarantors"]
["OM.7.2.3"]
["OM.7.2.4"]
["OM.7.2.5"]
["OM.7.2.6"]
[null,"3. Concentration Risks","% Residential Loans","% Commercial Loans",null,"% Total Mortgages"]
["M.7.3.1","10 largest exposures ","[For completion]","[For completion]",null,0.1908617683389795]
["OM.7.3.1"]
["OM.7.3.2"]
["OM.7.3.3"]
["OM.7.3.4"]
["OM.7.3.5"]
["OM.7.3.6"]
[null,"4. Breakdown by Geography ","% Residential Loans","% Commercial Loans",null,"% Total Mortgages"]
["M.7.4.1","European Union",{"$f":"SUM(C45:C71)","v":0.99999999999999956},{"$f":"SUM(D45:D71)","v":0.99999999999999944},null,{"$f":"SUM(F45:F71)","v":1.0000000000000004}]
["M.7.4.2","Austria","[For completion]","[For completion]",null,"[For completion]"]
["M.7.4.3","Belgium","[For completion]",5.4267566545994584E-3,null,3.563369120380638E-3]
["M.7.4.4","Bulgaria","[For completion]","[For completion]",null,"[For completion]"]
["M.7.4.5","Croatia","[For completion]","[For completion]",null,"[For completion]"]
["M.7.4.6","Cyprus","[For completion]","[For completion]",null,"[For completion]"]
["M.7.4.7","Czechia","[For completion]",2.1557500637037069E-2,null,1.415529329429157E-2]
["M.7.4.8","Denmark","[For completion]","[For completion]",null,"[For completion]"]
["M.7.4.9","Estonia","[For completion]","[For completion]",null,"[For completion]"]
["M.7.4.10","Finland","[For completion]","[For completion]",null,"[For completion]"]
["M.7.4.11","France",2.439437287659408E-3,0.1232041684397595,null,8.1737135933080837E-2]
["M.7.4.12","Germany",0.83465514845490574,0.58072424083083163,null,0.66791659492663158]
["M.7.4.13","Greece","[For completion]","[For completion]",null,"[For completion]"]
["M.7.4.14","Netherlands",0.16290541425743449,0.17628669912702441,null,0.1716919621589145]
["M.7.4.15","Hungary","[For completion]","[For completion]",null,"[For completion]"]
["M.7.4.16","Ireland","[For completion]","[For completion]",null,"[For completion]"]
["M.7.4.17","Italy","[For completion]","[For completion]",null,"[For completion]"]
["M.7.4.18","Latvia","[For completion]","[For completion]",null,"[For completion]"]
["M.7.4.19","Lithuania","[For completion]","[For completion]",null,"[For completion]"]
["M.7.4.20","Luxembourg","[For completion]","[For completion]",null,"[For completion]"]
["M.7.4.21","Malta","[For completion]","[For completion]",null,"[For completion]"]
["M.7.4.22","Poland","[For completion]",9.2800634310747407E-2,null,6.0935644566701253E-2]
["M.7.4.23","Portugal","[For completion]","[For completion]",null,"[For completion]"]
["M.7.4.24","Romania","[For completion]","[For completion]",null,"[For completion]"]
["M.7.4.25","Slovakia","[For completion]","[For completion]",null,"[For completion]"]
["M.7.4.26","Slovenia","[For completion]","[For completion]",null,"[For completion]"]
["M.7.4.27","Spain","[For completion]","[For completion]",null,"[For completion]"]
["M.7.4.28","Sweden","[For completion]","[For completion]",null,"[For completion]"]
["M.7.4.29","European Economic Area (not member of EU)",{"$f":"SUM(C73:C75)","v":0},{"$f":"SUM(D73:D75)","v":0},null,{"$f":"SUM(F73:F75)","v":0}]
["M.7.4.30","Iceland","[For completion]","[For completion]",null,"[For completion]"]
["M.7.4.31","Liechtenstein","[For completion]","[For completion]",null,"[For completion]"]
["M.7.4.32","Norway","[For completion]","[For completion]",null,"[For completion]"]
["M.7.4.33","Other",{"$f":"SUM(C77:C87)","v":0},{"$f":"SUM(D77:D87)","v":0},null,{"$f":"SUM(F77:F87)","v":0}]
["M.7.4.34","Switzerland","[For completion]","[For completion]",null,"[For completion]"]
["M.7.4.35","United Kingdom","[For completion]","[For completion]",null,"[For completion]"]
["M.7.4.36","Australia","[For completion]","[For completion]",null,"[For completion]"]
["M.7.4.37","Brazil","[For completion]","[For completion]",null,"[For completion]"]
["M.7.4.38","Canada","[For completion]","[For completion]",null,"[For completion]"]
["M.7.4.39","Japan","[For completion]","[For completion]",null,"[For completion]"]
["M.7.4.40","Korea","[For completion]","[For completion]",null,"[For completion]"]
["M.7.4.41","New Zealand","[For completion]","[For completion]",null,"[For completion]"]
["M.7.4.42","Singapore","[For completion]","[For completion]",null,"[For completion]"]
["M.7.4.43","US","[For completion]","[For completion]",null,"[For completion]"]
["M.7.4.44","Other","[For completion]","[For completion]",null,"[For completion]"]
["OM.7.4.1","o/w [If relevant, please specify]"]
["OM.7.4.2","o/w [If relevant, please specify]"]
["OM.7.4.3","o/w [If relevant, please specify]"]
["OM.7.4.4","o/w [If relevant, please specify]"]
["OM.7.4.5","o/w [If relevant, please specify]"]
["OM.7.4.6","o/w [If relevant, please specify]"]
["OM.7.4.7","o/w [If relevant, please specify]"]
["OM.7.4.8","o/w [If relevant, please specify]"]
["OM.7.4.9","o/w [If relevant, please specify]"]
["OM.7.4.10","o/w [If relevant, please specify]"]
[null,"5. Breakdown by regions of main country of origin","% Residential Loans","% Commercial Loans",null,"% Total Mortgages"]
["M.7.5.1","Baden-Württemberg",1.2800000000000001E-2,4.9799999999999997E-2,null,6.2699999999999992E-2]
["M.7.5.2","Bavaria",5.3600000000000002E-2,9.5799999999999996E-2,null,0.14940000000000001]
["M.7.5.3","Berlin",0.121,0.1024,null,0.2233]
["M.7.5.4","Brandenburg",8.1000000000000013E-3,1.32E-2,null,2.1299999999999999E-2]
["M.7.5.5","Bremen",2.3999999999999998E-3,6.8999999999999999E-3,null,9.1999999999999998E-3]
["M.7.5.6","Hamburg",1.21E-2,3.6299999999999999E-2,null,4.8399999999999999E-2]
["M.7.5.7","Hesse",2.64E-2,8.7599999999999997E-2,null,0.114]
["M.7.5.8","Lower Saxony",1.09E-2,2.23E-2,null,3.32E-2]
["M.7.5.9","Mecklenburg-Western Pomerania",1.12E-2,4.4000000000000003E-3,null,1.5599999999999999E-2]
["M.7.5.10","North Rhine-Westphalia",0.1246,9.7100000000000006E-2,null,0.22170000000000001]
["M.7.5.11","Rhineland-Palatinate",1.1000000000000001E-3,1.12E-2,null,1.23E-2]
["M.7.5.12","Saarland",null,2.0999999999999999E-3,null,2.0999999999999999E-3]
["M.7.5.13","Saxony",3.6700000000000003E-2,1.9900000000000001E-2,null,5.6599999999999998E-2]
["M.7.5.14","Saxony-Anhalt",2.8999999999999998E-3,4.0000000000000001E-3,null,6.8999999999999999E-3]
["M.7.5.15","Schleswig-Holstein",4.1999999999999997E-3,9.7999999999999997E-3,null,1.3899999999999999E-2]
["M.7.5.16","Thuringia",1.1999999999999999E-3,8.0000000000000002E-3,null,9.1999999999999998E-3]
["M.7.5.17","TBC at a country level","[For completion]","[For completion]",null,"[For completion]"]
["M.7.5.18","TBC at a country level","[For completion]","[For completion]",null,"[For completion]"]
["M.7.5.19","TBC at a country level","[For completion]","[For completion]",null,"[For completion]"]
["M.7.5.20","TBC at a country level","[For completion]","[For completion]",null,"[For completion]"]
["M.7.5.21","TBC at a country level","[For completion]","[For completion]",null,"[For completion]"]
["M.7.5.22","TBC at a country level","[For completion]","[For completion]",null,"[For completion]"]
["M.7.5.23","TBC at a country level","[For completion]","[For completion]",null,"[For completion]"]
["M.7.5.24","TBC at a country level","[For completion]","[For completion]",null,"[For completion]"]
["M.7.5.25","TBC at a country level","[For completion]","[For completion]",null,"[For completion]"]
["M.7.5.26","TBC at a country level","[For completion]","[For completion]",null,"[For completion]"]
["M.7.5.27","TBC at a country level","[For completion]","[For completion]",null,"[For completion]"]
["M.7.5.28","TBC at a country level","[For completion]","[For completion]",null,"[For completion]"]
["M.7.5.29","TBC at a country level","[For completion]","[For completion]",null,"[For completion]"]
["M.7.5.30","TBC at a country level","[For completion]","[For completion]",null,"[For completion]"]
["M.7.5.31","TBC at a country level","[For completion]","[For completion]",null,"[For completion]"]
["M.7.5.32","TBC at a country level","[For completion]","[For completion]",null,"[For completion]"]
["M.7.5.33","TBC at a country level","[For completion]","[For completion]",null,"[For completion]"]
["M.7.5.34","TBC at a country level","[For completion]","[For completion]",null,"[For completion]"]
["M.7.5.35","TBC at a country level","[For completion]","[For completion]",null,"[For completion]"]
["M.7.5.36","TBC at a country level","[For completion]","[For completion]",null,"[For completion]"]
["M.7.5.37","TBC at a country level","[For completion]","[For completion]",null,"[For completion]"]
["M.7.5.38","TBC at a country level","[For completion]","[For completion]",null,"[For completion]"]
["M.7.5.39","TBC at a country level","[For completion]","[For completion]",null,"[For completion]"]
["M.7.5.40","TBC at a country level","[For completion]","[For completion]",null,"[For completion]"]
["M.7.5.41","TBC at a country level","[For completion]","[For completion]",null,"[For completion]"]
["M.7.5.42","TBC at a country level","[For completion]","[For completion]",null,"[For completion]"]
["M.7.5.43","TBC at a country level","[For completion]","[For completion]",null,"[For completion]"]
["M.7.5.44","TBC at a country level","[For completion]","[For completion]",null,"[For completion]"]
["M.7.5.45","TBC at a country level","[For completion]","[For completion]",null,"[For completion]"]
["M.7.5.46","TBC at a country level","[For completion]","[For completion]",null,"[For completion]"]
["M.7.5.47","TBC at a country level","[For completion]","[For completion]",null,"[For completion]"]
["M.7.5.48","TBC at a country level","[For completion]","[For completion]",null,"[For completion]"]
["M.7.5.49","TBC at a country level","[For completion]","[For completion]",null,"[For completion]"]
["M.7.5.50","TBC at a country level","[For completion]","[For completion]",null,"[For completion]"]
[null,"6. Breakdown by Interest Rate","% Residential Loans","% Commercial Loans",null,"% Total Mortgages"]
["M.7.6.1","Fixed rate",0.2762,0.46189999999999998,null,{"$f":"SUM(C150,D150)","v":0.73809999999999998}]
["M.7.6.2","Floating rate",6.6900000000000001E-2,0.18290000000000001,null,{"$f":"SUM(C151,D151)","v":0.24980000000000002}]
["M.7.6.3","Other",2.0000000000000001E-4,1.18E-2,null,{"$f":"SUM(C152,D152)","v":1.2E-2}]
["OM.7.6.1"]
["OM.7.6.2"]
["OM.7.6.3"]
["OM.7.6.4"]
["OM.7.6.5"]
["OM.7.6.6"]
[null,"7. Breakdown by Repayment Type","% Residential Loans","% Commercial Loans",null,"% Total Mortgages"]
["M.7.7.1","Bullet / interest only",0.2135,0.40849999999999997,null,{"$f":"SUM(C160,D160)","v":0.622}]
["M.7.7.2","Amortising",0.12989999999999999,0.2482,null,{"$f":"SUM(C161,D161)","v":0.37809999999999999}]
["M.7.7.3","Other","[For completion]","[For completion]",null,{"$f":"SUM(C162,D162)","v":0}]
["OM.7.7.1"]
["OM.7.7.2"]
["OM.7.7.3"]
["OM.7.7.4"]
["OM.7.7.5"]
["OM.7.7.6"]
[null,"8. Loan Seasoning ","% Residential Loans","% Commercial Loans",null,"% Total Mortgages"]
["M.7.8.1","Up to 12months",4.4999999999999998E-2,0.05,null,{"$f":"SUM(C170,D170)","v":9.5000000000000001E-2}]
["M.7.8.2","≥  12 - ≤ 24 months",2.9700000000000001E-2,0.10299999999999999,null,{"$f":"SUM(C171,D171)","v":0.13269999999999998}]
["M.7.8.3","≥ 24 - ≤ 36 months",4.6500000000000007E-2,8.0799999999999997E-2,null,{"$f":"SUM(C172,D172)","v":0.1273}]
["M.7.8.4","≥ 36 - ≤ 60 months",9.8599999999999993E-2,0.19009999999999999,null,{"$f":"SUM(C173,D173)","v":0.28869999999999996}]
["M.7.8.5","≥ 60 months",0.1235,0.23269999999999999,null,{"$f":"SUM(C174,D174)","v":0.35619999999999996}]
["OM.7.8.1"]
["OM.7.8.2"]
["OM.7.8.3"]
["OM.7.8.4"]
[null,"9. Non-Performing Loans (NPLs)","% Residential Loans","% Commercial Loans",null,"% Total Mortgages"]
["M.7.9.1","% NPLs","[For completion]",0,null,{"$f":"SUM(C180,D180)","v":0}]
["M.7.9.2","Defaulted Loans pursuant Art 178 CRR","[For completion]","[For completion]",null,{"$f":"SUM(C181,D181)","v":0}]
["OM.7.9.1"]
["OM.7.9.2"]
["OM.7.9.3"]
[null,"7.A Residential Cover Pool"]
[null,"10. Loan Size Information","Nominal","Number of Loans",null,"% Residential Loans:","% No. of Loans"]
["M.7A.10.1","Average loan size (000s)",{"$f":"(C12/C28)*1000","v":8984.090658682635},{"$f":"C28","v":668}]
[]
[null,"By buckets (mn):"]
["M.7A.10.2","Up to 300,000 Euros",14.589739,"[For completion]",null,{"$f":"C190/$C$214","v":2.4310670369868193E-3},{"$f":"IF($D$214=0,\"\",IF(D190=\"[for completion]\",\"\",IF(D190=\"\",\"\",D190/$D$214)))","v":""}]
["M.7A.10.3","More than 300,000 Euros up to 1 mn. Euros",32.736274000000002,"[For completion]",null,{"$f":"C191/$C$214","v":5.4547978298425115E-3},""]
["M.7A.10.4","More than 1 mn. Euros up to 10 mn. Euros",746.3694549999999,"[For completion]",null,{"$f":"C192/$C$214","v":0.12436645915765299},""]
["M.7A.10.5","More than 10 mn. Euros",5207.6770889999998,"[For completion]",null,{"$f":"C193/$C$214","v":0.86774767597551772},""]
["M.7A.10.6","TBC at a country level","[For completion]","[For completion]",null,{"$f":"IF($C$214=0,\"\",IF(C194=\"[for completion]\",\"\",IF(C194=\"\",\"\",C194/$C$214)))","v":""},""]
["M.7A.10.7","TBC at a country level","[For completion]","[For completion]",null,"",""]
["M.7A.10.8","TBC at a country level","[For completion]","[For completion]",null,"",""]
["M.7A.10.9","TBC at a country level","[For completion]","[For completion]",null,"",""]
["M.7A.10.10","TBC at a country level","[For completion]","[For completion]",null,"",""]
["M.7A.10.11","TBC at a country level","[For completion]","[For completion]",null,"",""]
["M.7A.10.12","TBC at a country level","[For completion]","[For completion]",null,"",""]
["M.7A.10.13","TBC at a country level","[For completion]","[For completion]",null,"",""]
["M.7A.10.14","TBC at a country level","[For completion]","[For completion]",null,"",""]
["M.7A.10.15","TBC at a country level","[For completion]","[For completion]",null,"",""]
["M.7A.10.16","TBC at a country level","[For completion]","[For completion]",null,"",""]
["M.7A.10.17","TBC at a country level","[For completion]","[For completion]",null,"",""]
["M.7A.10.18","TBC at a country level","[For completion]","[For completion]",null,"",""]
["M.7A.10.19","TBC at a country level","[For completion]","[For completion]",null,"",""]
["M.7A.10.20","TBC at a country level","[For completion]","[For completion]",null,"",""]
["M.7A.10.21","TBC at a country level","[For completion]","[For completion]",null,"",""]
["M.7A.10.22","TBC at a country level","[For completion]","[For completion]",null,"",""]
["M.7A.10.23","TBC at a country level","[For completion]","[For completion]",null,"",""]
["M.7A.10.24","TBC at a country level","[For completion]","[For completion]",null,"",""]
["M.7A.10.25","TBC at a country level","[For completion]","[For completion]",null,"",""]
["M.7A.10.26","Total",{"$f":"SUM(C190:C213)","v":6001.3725569999997},{"$f":"SUM(D190:D213)","v":0},null,{"$f":"SUM(F190:F213)","v":1},{"$f":"SUM(G190:G213)","v":0}]
[null,"11. Loan to Value (LTV) Information - UNINDEXED","Nominal","Number of Loans",null,"% Residential Loans","% No. of Loans"]
["M.7A.11.1","Weighted Average LTV (%)",0.57350000000000001]
[]
[null,"By LTV buckets (mn):"]
["M.7A.11.2",">0 - <=40 %",158.52998500000001,"[For completion]",null,{"$f":"IF($C$227=0,\"\",IF(C219=\"[for completion]\",\"\",C219/$C$227))","v":2.6415621337934611E-2},{"$f":"IF($D$227=0,\"\",IF(D219=\"[for completion]\",\"\",D219/$D$227))","v":""}]
["M.7A.11.3",">40 - <=50 %",240.16354699999999,"[For completion]",null,4.0018103305360563E-2,""]
["M.7A.11.4",">50 - <=60 %",5602.6790259999998,"[For completion]",null,0.93356627535670478,""]
["M.7A.11.5",">60 - <=70 %","[For completion]","[For completion]",null,"",""]
["M.7A.11.6",">70 - <=80 %","[For completion]","[For completion]",null,"",""]
["M.7A.11.7",">80 - <=90 %","[For completion]","[For completion]",null,"",""]
["M.7A.11.8",">90 - <=100 %","[For completion]","[For completion]",null,"",""]
["M.7A.11.9",">100%","[For completion]","[For completion]",null,"",""]
["M.7A.11.10","Total",{"$f":"SUM(C219:C226)","v":6001.372558},{"$f":"SUM(D219:D226)","v":0},null,{"$f":"SUM(F219:F226)","v":1},{"$f":"SUM(G219:G226)","v":0}]
["OM.7A.11.1","o/w >100 - <=110 %",null,null,null,{"$f":"IF($C$227=0,\"\",IF(C228=\"[for completion]\",\"\",C228/$C$227))","v":0},{"$f":"IF($D$227=0,\"\",IF(D228=\"[for completion]\",\"\",D228/$D$227))","v":""}]
["OM.7A.11.2","o/w >110 - <=120 %",null,null,null,0,""]
["OM.7A.11.3","o/w >120 - <=130 %",null,null,null,0,""]
["OM.7A.11.4","o/w >130 - <=140 %",null,null,null,0,""]
["OM.7A.11.5","o/w >140 - <=150 %",null,null,null,0,""]
["OM.7A.11.6","o/w >150 %",null,null,null,0,""]
["OM.7A.11.7"]
["OM.7A.11.8"]
["OM.7A.11.9"]
[null,"12. Loan to Value (LTV) Information - INDEXED ","Nominal","Number of Loans",null,"% Residential Loans","% No. of Loans"]
["M.7A.12.1","Weighted Average LTV (%)","ND1"]
[]
[null,"By LTV buckets (mn):"]
["M.7A.12.2",">0 - <=40 %","ND1","ND1",null,{"$f":"IF($C$249=0,\"\",IF(C241=\"[Mark as ND1 if not relevant]\",\"\",C241/$C$249))","v":""},{"$f":"IF($D$249=0,\"\",IF(D241=\"[Mark as ND1 if not relevant]\",\"\",D241/$D$249))","v":""}]
["M.7A.12.3",">40 - <=50 %","ND1","ND1",null,{"$f":"IF($C$249=0,\"\",IF(C242=\"[Mark as ND1 if not relevant]\",\"\",C242/$C$249))","v":""},""]
["M.7A.12.4",">50 - <=60 %","ND1","ND1",null,{"$f":"IF($C$249=0,\"\",IF(C243=\"[Mark as ND1 if not relevant]\",\"\",C243/$C$249))","v":""},""]
["M.7A.12.5",">60 - <=70 %","ND1","ND1",null,"",""]
["M.7A.12.6",">70 - <=80 %","ND1","ND1",null,"",""]
["M.7A.12.7",">80 - <=90 %","ND1","ND1",null,"",""]
["M.7A.12.8",">90 - <=100 %","ND1","ND1",null,"",""]
["M.7A.12.9",">100%","ND1","ND1",null,"",""]
["M.7A.12.10","Total",{"$f":"SUM(C241:C248)","v":0},{"$f":"SUM(D241:D248)","v":0},null,{"$f":"SUM(F241:F248)","v":0},{"$f":"SUM(G241:G248)","v":0}]
["OM.7A.12.1","o/w >100 - <=110 %",null,null,null,{"$f":"IF($C$249=0,\"\",IF(C250=\"[for completion]\",\"\",C250/$C$249))","v":""},{"$f":"IF($D$249=0,\"\",IF(D250=\"[for completion]\",\"\",D250/$D$249))","v":""}]
["OM.7A.12.2","o/w >110 - <=120 %",null,null,null,"",""]
["OM.7A.12.3","o/w >120 - <=130 %",null,null,null,"",""]
["OM.7A.12.4","o/w >130 - <=140 %",null,null,null,"",""]
["OM.7A.12.5","o/w >140 - <=150 %",null,null,null,"",""]
["OM.7A.12.6","o/w >150 %",null,null,null,"",""]
["OM.7A.12.7"]
["OM.7A.12.8"]
["OM.7A.12.9"]
[null,"13. Breakdown by type","% Residential Loans"]
["M.7A.13.1","Owner occupied",6.9999999999999999E-4]
["M.7A.13.2","Second home/Holiday houses","[For completion]"]
["M.7A.13.3","Buy-to-let/Non-owner occupied","[For completion]"]
["M.7A.13.4","Subsidised housing","[For completion]"]
["M.7A.13.5","Agricultural","[For completion]"]
["M.7A.13.6","Other",0.99929999999999997]
["OM.7A.13.1","o/w Private rental"]
["OM.7A.13.2","o/w Multi-family housing ",0.95648]
["OM.7A.13.3","o/w Buildings under construction "]
["OM.7A.13.4","o/w Buildings land",1.025E-2]
["OM.7A.13.5","o/w [If relevant, please specify]"]
["OM.7A.13.6","o/w [If relevant, please specify]"]
["OM.7A.13.7","o/w [If relevant, please specify]"]
["OM.7A.13.8","o/w [If relevant, please specify]"]
["OM.7A.13.9","o/w [If relevant, please specify]"]
["OM.7A.13.10","o/w [If relevant, please specify]"]
[null,"14. Loan by Ranking","% Residential Loans"]
["M.7A.14.1","1st lien / No prior ranks","[For completion]"]
["M.7A.14.2","Guaranteed","[For completion]"]
["M.7A.14.3","Other","[For completion]"]
["OM.7A.14.1"]
["OM.7A.14.2"]
["OM.7A.14.3"]
["OM.7A.14.4"]
["OM.7A.14.5"]
["OM.7A.14.6"]
[null,"15. EPC  Information of the financed RRE - optional","Nominal (mn)","Number of dwellings",null,"% Residential Loans","% No. of Dwellings"]
["M.7A.15.1","A+",50.048372999999998,5,null,{"$f":"IF($C$305=0,\"\",IF(C287=\"[For completion]\",\"\",C287/$C$305))","v":8.3394877601698988E-3},{"$f":"IF($D$305=0,\"\",IF(D287=\"[For completion]\",\"\",D287/$D$305))","v":1.6441959881617889E-3}]
["M.7A.15.2","A",422.29503599999998,43,null,7.0366408992006732E-2,1.4140085498191384E-2]
["M.7A.15.3","B",680.01455299999998,159,null,0.11330983809365601,5.2285432423544886E-2]
["M.7A.15.4","C",998.96764099999996,416,null,0.16645652826567003,0.13679710621506083]
["M.7A.15.5","D",1152.4459199999999,585,null,0.19203039115972337,0.1923709306149293]
["M.7A.15.6","E",665.61032,446,null,0.11090968165304334,0.14666228214403157]
["M.7A.15.7","F",389.22633100000002,326,null,6.4856218668893351E-2,0.10720157842814863]
["M.7A.15.8","G",142.23933600000001,153,null,2.370113413250604E-2,5.0312397237750738E-2]
["M.7A.15.9","H",61.631376000000003,124,null,1.0269546740199304E-2,4.0776060506412366E-2]
["M.7A.15.10","TBC at a country level","[For completion]","[For completion]",null,"",""]
["M.7A.15.11","TBC at a country level","[For completion]","[For completion]",null,"",""]
["M.7A.15.12","TBC at a country level","[For completion]","[For completion]",null,"",""]
["M.7A.15.13","TBC at a country level","[For completion]","[For completion]",null,"",""]
["M.7A.15.14","TBC at a country level","[For completion]","[For completion]",null,"",""]
["M.7A.15.15","TBC at a country level","[For completion]","[For completion]",null,"",""]
["M.7A.15.16","TBC at a country level","[For completion]","[For completion]",null,"",""]
["M.7A.15.17","TBC at a country level","[For completion]","[For completion]",null,"",""]
["M.7A.15.18","no data",1438.893673,784,null,0.239760764534132,0.25780993094376847]
["M.7A.15.19","Total",{"$f":"SUM(C287:C304)","v":6001.3725589999995},{"$f":"SUM(D287:D304)","v":3041},null,{"$f":"SUM(F287:F304)","v":1.0000000000000002},{"$f":"SUM(G287:G304)","v":0.99999999999999989}]
["OM.7A.15.1"]
["OM.7A.15.2"]
["OM.7A.15.3"]
[null,"16. Average energy use intensity (kWh/m2 per year) - optional","Nominal (mn)","Number of dwellings",null,"% Residential Loans","% No. of Dwellings"]
["M.7A.16.1","≤ 30","[For completion]","[For completion]",null,{"$f":"IF($C$328=0,\"\",IF(C310=\"[For completion]\",\"\",C310/$C$328))","v":""},{"$f":"IF($D$328=0,\"\",IF(D310=\"[For completion]\",\"\",D310/$D$328))","v":""}]
["M.7A.16.2","> 30 - ≤ 50","[For completion]","[For completion]",null,"",""]
["M.7A.16.3","> 50 - ≤ 75","[For completion]","[For completion]",null,"",""]
["M.7A.16.4","> 75 - ≤ 100","[For completion]","[For completion]",null,"",""]
["M.7A.16.5","> 100 - ≤ 130","[For completion]","[For completion]",null,"",""]
["M.7A.16.6","> 130 - ≤ 160","[For completion]","[For completion]",null,"",""]
["M.7A.16.7","> 160 - ≤ 200","[For completion]","[For completion]",null,"",""]
["M.7A.16.8","> 200 - ≤ 250","[For completion]","[For completion]",null,"",""]
["M.7A.16.9","> 250","[For completion]","[For completion]",null,"",""]
["M.7A.16.10","TBC at a country level","[For completion]","[For completion]",null,"",""]
["M.7A.16.11","TBC at a country level","[For completion]","[For completion]",null,"",""]
["M.7A.16.12","TBC at a country level","[For completion]","[For completion]",null,"",""]
["M.7A.16.13","TBC at a country level","[For completion]","[For completion]",null,"",""]
["M.7A.16.14","TBC at a country level","[For completion]","[For completion]",null,"",""]
["M.7A.16.15","TBC at a country level","[For completion]","[For completion]",null,"",""]
["M.7A.16.16","TBC at a country level","[For completion]","[For completion]",null,"",""]
["M.7A.16.17","TBC at a country level","[For completion]","[For completion]",null,"",""]
["M.7A.16.18","no data","[For completion]","[For completion]",null,"",""]
["M.7A.16.19","Total",{"$f":"SUM(C310:C327)","v":0},{"$f":"SUM(D310:D327)","v":0},null,{"$f":"SUM(F310:F327)","v":0},{"$f":"SUM(G310:G327)","v":0}]
["OM.7A.16.1"]
["OM.7A.16.2"]
["OM.7A.16.3"]
[null,"17. Property Age Structure - optional","Nominal (mn)","Number of dwellings",null,"% Residential Loans","% No. of Dwellings"]
["M.7A.17.1","older than 1919","[For completion]","[For completion]",null,{"$f":"IF($C$346=0,\"\",IF(C333=\"[For completion]\",\"\",C333/$C$346))","v":""},{"$f":"IF($D$346=0,\"\",IF(D333=\"[For completion]\",\"\",D333/$D$346))","v":""}]
["M.7A.17.2","1919 - 1945","[For completion]","[For completion]",null,"",""]
["M.7A.17.3","1946 - 1960","[For completion]","[For completion]",null,"",""]
["M.7A.17.4","1961 - 1970","[For completion]","[For completion]",null,"",""]
["M.7A.17.5","1971 - 1980","[For completion]","[For completion]",null,"",""]
["M.7A.17.6","1981 - 1990","[For completion]","[For completion]",null,"",""]
["M.7A.17.7","1991 - 2000","[For completion]","[For completion]",null,"",""]
["M.7A.17.8","2001 - 2005","[For completion]","[For completion]",null,"",""]
["M.7A.17.9","2006 - 2010","[For completion]","[For completion]",null,"",""]
["M.7A.17.10","2011 - 2015","[For completion]","[For completion]",null,"",""]
["M.7A.17.11","2016 - 2020","[For completion]","[For completion]",null,"",""]
["M.7A.17.12","2021 and onwards","[For completion]","[For completion]",null,"",""]
["M.7A.17.13","no data","[For completion]","[For completion]",null,"",""]
["M.7A.17.14","Total",{"$f":"SUM(C333:C345)","v":0},{"$f":"SUM(D333:D345)","v":0},null,{"$f":"SUM(F333:F345)","v":0},{"$f":"SUM(G333:G345)","v":0}]
["OM.7A.17.1"]
["OM.7A.17.2"]
["OM.7A.17.3"]
["OM.7A.17.4"]
["OM.7A.17.5"]
["OM.7A.17.6"]
["OM.7A.17.7"]
["OM.7A.17.8"]
["OM.7A.17.9"]
["OM.7A.17.10"]
[null,"18. Dwelling type - optional","Nominal (mn)","Number of dwellings",null,"% Residential Loans","% No. of Dwellings"]
["M.7A.18.1","House, detached or semi-detached",152.30953600000001,159,null,{"$f":"IF($C$365=0,\"\",IF(C358=\"[For completion]\",\"\",C358/$C$365))","v":2.5379116944104392E-2},{"$f":"IF($D$365=0,\"\",IF(D358=\"[For completion]\",\"\",D358/$D$365))","v":5.2285432423544886E-2}]
["M.7A.18.2","Flat or Apartment",47.737630000000003,91,null,7.9544520075511636E-3,2.9924366984544558E-2]
["M.7A.18.3","Bungalow","[For completion]","[For completion]",null,"",""]
["M.7A.18.4","Terraced House","[For completion]","[For completion]",null,"",""]
["M.7A.18.5","Multifamily House",5740.2094529999986,2790,null,0.95648277066079745,0.91746136139427825]
["M.7A.18.6","Land Only",61.115940000000002,1,null,1.0183660387547025E-2,3.2883919763235779E-4]
["M.7A.18.7","other","[For completion]","[For completion]",null,"",""]
["M.7A.18.8","Total",{"$f":"SUM(C358:C364)","v":6001.3725589999985},{"$f":"SUM(D358:D364)","v":3041},null,{"$f":"SUM(F358:F364)","v":1},{"$f":"SUM(G358:G364)","v":1}]
["OM.7A.18.1"]
[null,"19. New Residential Property - optional","Nominal (mn)","Number of dwellings",null,"% Residential Loans","% No. of Dwellings"]
["M.7A.19.1","New Property","[For completion]","[For completion]",null,{"$f":"IF($C$372=0,\"\",IF(C368=\"[For completion]\",\"\",C368/$C$372))","v":""},{"$f":"IF($D$372=0,\"\",IF(D368=\"[For completion]\",\"\",D368/$D$372))","v":""}]
["M.7A.19.2","Existing property","[For completion]","[For completion]",null,{"$f":"IF($C$372=0,\"\",IF(C369=\"[For completion]\",\"\",C369/$C$372))","v":""},{"$f":"IF($D$372=0,\"\",IF(D369=\"[For completion]\",\"\",D369/$D$372))","v":""}]
["M.7A.19.3","other","[For completion]","[For completion]",null,{"$f":"IF($C$372=0,\"\",IF(C370=\"[For completion]\",\"\",C370/$C$372))","v":""},{"$f":"IF($D$372=0,\"\",IF(D370=\"[For completion]\",\"\",D370/$D$372))","v":""}]
["M.7A.19.4","no data","[For completion]","[For completion]",null,{"$f":"IF($C$372=0,\"\",IF(C371=\"[For completion]\",\"\",C371/$C$372))","v":""},{"$f":"IF($D$372=0,\"\",IF(D371=\"[For completion]\",\"\",D371/$D$372))","v":""}]
["M.7A.19.5","Total",{"$f":"SUM(C368:C371)","v":0},{"$f":"SUM(D368:D371)","v":0},null,{"$f":"SUM(F368:F371)","v":0},{"$f":"SUM(G368:G371)","v":0}]
["M.7A.19.6"]
[null,"20. CO2 emission - by dwelling type - as per national availability","Ton CO2 (per year)","Ton CO2 (per year) (LTV adjusted)",null,"kg CO2/m2 (per year)"]
["M.7A.20.1","House, detached or semi-detached","[For completion]","[For completion]",null,"[For completion]",{"$f":"IF($D$393=0,\"\",IF(D375=\"[For completion]\",\"\",D375/$D$393))","v":""}]
["M.7A.20.2","Flat or Apartment","[For completion]","[For completion]",null,"[For completion]",""]
["M.7A.20.3","Bungalow","[For completion]","[For completion]",null,"[For completion]",""]
["M.7A.20.4","Terraced House","[For completion]","[For completion]",null,"[For completion]",""]
["M.7A.20.5","Multifamily House","[For completion]","[For completion]",null,"[For completion]",""]
["M.7A.20.6","Land Only","[For completion]","[For completion]",null,"[For completion]",""]
["M.7A.20.7","Other","[For completion]","[For completion]",null,"[For completion]",""]
["M.7A.20.8","no data","[For completion]","[For completion]",null,"[For completion]",""]
["M.7A.20.9","Total",0,0,null,null,""]
["M.7A.20.10","Weighted Average",null,null,null,"[For completion]",""]
["M.7A.20.11",{"$nulls":5},""]
["M.7A.20.12",{"$nulls":5},""]
["M.7A.20.13",{"$nulls":5},""]
["M.7A.20.14",{"$nulls":5},""]
["M.7A.20.15",{"$nulls":5},""]
["M.7A.20.16",{"$nulls":5},""]
["M.7A.20.17",{"$nulls":5},""]
["M.7A.20.18",{"$nulls":5},""]
["M.7A.20.19",{"$nulls":5},""]
["M.7A.20.20"]
["M.7A.20.21"]
["M.7A.20.22"]
["M.7A.20.23"]
["M.7A.20.24"]
["M.7A.20.25"]
["M.7A.20.26"]
["M.7A.20.27"]
["M.7A.20.28"]
["M.7A.20.29"]
["M.7A.20.30"]
["M.7A.20.31"]
["M.7A.20.32"]
["M.7A.20.33"]
["M.7A.20.34"]
["M.7A.20.35"]
["M.7A.20.36"]
["M.7A.20.37"]
["M.7A.20.38"]
["M.7A.20.39"]
["M.7A.20.40"]
["M.7A.20.41"]
["M.7A.20.42"]
["M.7A.20.43"]
["M.7A.20.44"]
["M.7A.20.45"]
["M.7A.20.46"]
["M.7A.20.47"]
["M.7A.20.48"]
[null,"7B Commercial Cover Pool"]
[null,"21. Loan Size Information","Nominal","Number of Loans",null,"% Commercial Loans","% No. of Loans"]
["M.7B.21.1","Average loan size (000s)",{"$f":"(C13/D28)*1000","v":15656.844559345156},{"$f":"D28","v":733}]
[]
[null,"By buckets (mn):"]
["M.7B.21.2","Up to 300,000 Euros",3.4123290000000002,"[For completion]",null,{"$f":"IF($C$452=0,\"\",IF(C428=\"[for completion]\",\"\",C428/$C$452))","v":2.9733270547960196E-4},{"$f":"IF($D$452=0,\"\",IF(D428=\"[for completion]\",\"\",D428/$D$452))","v":""}]
["M.7B.21.3","More than 300,000 Euros up to 1 mn. Euros",37.581747999999997,"[For completion]",null,3.2746792028238245E-3,""]
["M.7B.21.4","More than 1 mn. Euros up to 10 mn. Euros",1458.3191099999999,"[For completion]",null,0.12707038694947209,""]
["M.7B.21.5","More than 10 mn. Euros",9977.153871999999,"[For completion]",null,0.86935760114222449,""]
["M.7B.21.6","TBC at a country level","[For completion]","[For completion]",null,"",""]
["M.7B.21.7","TBC at a country level","[For completion]","[For completion]",null,"",""]
["M.7B.21.8","TBC at a country level","[For completion]","[For completion]",null,"",""]
["M.7B.21.9","TBC at a country level","[For completion]","[For completion]",null,"",""]
["M.7B.21.10","TBC at a country level","[For completion]","[For completion]",null,"",""]
["M.7B.21.11","TBC at a country level","[For completion]","[For completion]",null,"",""]
["M.7B.21.12","TBC at a country level","[For completion]","[For completion]",null,"",""]
["M.7B.21.13","TBC at a country level","[For completion]","[For completion]",null,"",""]
["M.7B.21.14","TBC at a country level","[For completion]","[For completion]",null,"",""]
["M.7B.21.15","TBC at a country level","[For completion]","[For completion]",null,"",""]
["M.7B.21.16","TBC at a country level","[For completion]","[For completion]",null,"",""]
["M.7B.21.17","TBC at a country level","[For completion]","[For completion]",null,"",""]
["M.7B.21.18","TBC at a country level","[For completion]","[For completion]",null,"",""]
["M.7B.21.19","TBC at a country level","[For completion]","[For completion]",null,"",""]
["M.7B.21.20","TBC at a country level","[For completion]","[For completion]",null,"",""]
["M.7B.21.21","TBC at a country level","[For completion]","[For completion]",null,"",""]
["M.7B.21.22","TBC at a country level","[For completion]","[For completion]",null,"",""]
["M.7B.21.23","TBC at a country level","[For completion]","[For completion]",null,"",""]
["M.7B.21.24","TBC at a country level","[For completion]","[For completion]",null,"",""]
["M.7B.21.25","TBC at a country level","[For completion]","[For completion]",null,"",""]
["M.7B.21.26","Total",{"$f":"SUM(C428:C451)","v":11476.467058999999},{"$f":"SUM(D428:D451)","v":0},null,{"$f":"SUM(F428:F451)","v":1},{"$f":"SUM(G428:G451)","v":0}]
[null,"22. Loan to Value (LTV) Information - UNINDEXED ","Nominal","Number of Loans",null,"% Commercial Loans","% No. of Loans"]
["M.7B.22.1","Weighted Average LTV (%)",0.55859999999999999]
[]
[null,"By LTV buckets (mn):"]
["M.7B.22.2",">0 - <=40 %",461.99246799999997,"[For completion]",null,{"$f":"IF($C$465=0,\"\",IF(C457=\"[for completion]\",\"\",C457/$C$465))","v":4.025563490790867E-2},{"$f":"IF($D$465=0,\"\",IF(D457=\"[for completion]\",\"\",D457/$D$465))","v":""}]
["M.7B.22.3",">40 - <=50 %",667.40478599999994,"[For completion]",null,5.8154202204454372E-2,""]
["M.7B.22.4",">50 - <=60 %",10347.069806,"[For completion]",null,0.90159016288763694,""]
["M.7B.22.5",">60 - <=70 %","[For completion]","[For completion]",null,"",""]
["M.7B.22.6",">70 - <=80 %","[For completion]","[For completion]",null,"",""]
["M.7B.22.7",">80 - <=90 %","[For completion]","[For completion]",null,"",""]
["M.7B.22.8",">90 - <=100 %","[For completion]","[For completion]",null,"",""]
["M.7B.22.9",">100%","[For completion]","[For completion]",null,"",""]
["M.7B.22.10","Total",{"$f":"SUM(C457:C464)","v":11476.467059999999},{"$f":"SUM(D457:D464)","v":0},null,{"$f":"SUM(F457:F464)","v":1},{"$f":"SUM(G457:G464)","v":0}]
["OM.7B.22.1","o/w >100 - <=110 %",null,null,null,{"$f":"IF($C$465=0,\"\",IF(C466=\"[for completion]\",\"\",C466/$C$465))","v":0},{"$f":"IF($D$465=0,\"\",IF(D466=\"[for completion]\",\"\",D466/$D$465))","v":""}]
["OM.7B.22.2","o/w >110 - <=120 %",null,null,null,0,""]
["OM.7B.22.3","o/w >120 - <=130 %",null,null,null,0,""]
["OM.7B.22.4","o/w >130 - <=140 %",null,null,null,0,""]
["OM.7B.22.5","o/w >140 - <=150 %",null,null,null,0,""]
["OM.7B.22.6","o/w >150 %",null,null,null,0,""]
["OM.7B.22.7"]
["OM.7B.22.8"]
["OM.7B.22.9"]
[null,"23. Loan to Value (LTV) Information - INDEXED","Nominal","Number of Loans",null,"% Commercial Loans","% No. of Loans"]
["M.7B.23.1","Weighted Average LTV (%)","ND1"]
[]
[null,"By LTV buckets (mn):"]
["M.7B.23.2",">0 - <=40 %","ND1","ND1",null,{"$f":"IF($C$487=0,\"\",IF(C479=\"[Mark as ND1 if not relevant]\",\"\",C479/$C$487))","v":""},{"$f":"IF($D$487=0,\"\",IF(D479=\"[Mark as ND1 if not relevant]\",\"\",D479/$D$487))","v":""}]
["M.7B.23.3",">40 - <=50 %","ND1","ND1",null,"",""]
["M.7B.23.4",">50 - <=60 %","ND1","ND1",null,"",""]
["M.7B.23.5",">60 - <=70 %","ND1","ND1",null,"",""]
["M.7B.23.6",">70 - <=80 %","ND1","ND1",null,"",""]
["M.7B.23.7",">80 - <=90 %","ND1","ND1",null,"",""]
["M.7B.23.8",">90 - <=100 %","ND1","ND1",null,"",""]
["M.7B.23.9",">100%","ND1","ND1",null,"",""]
["M.7B.23.10","Total",{"$f":"SUM(C479:C486)","v":0},{"$f":"SUM(D479:D486)","v":0},null,{"$f":"SUM(F479:F486)","v":0},{"$f":"SUM(G479:G486)","v":0}]
["OM.7B.23.1","o/w >100 - <=110 %",null,null,null,{"$f":"IF($C$487=0,\"\",IF(C488=\"[for completion]\",\"\",C488/$C$487))","v":""},{"$f":"IF($D$487=0,\"\",IF(D488=\"[for completion]\",\"\",D488/$D$487))","v":""}]
["OM.7B.23.2","o/w >110 - <=120 %",null,null,null,"",""]
["OM.7B.23.3","o/w >120 - <=130 %",null,null,null,"",""]
["OM.7B.23.4","o/w >130 - <=140 %",null,null,null,"",""]
["OM.7B.23.5","o/w >140 - <=150 %",null,null,null,"",""]
["OM.7B.23.6","o/w >150 %",null,null,null,"",""]
["OM.7B.23.7"]
["OM.7B.23.8"]
["OM.7B.23.9"]
[null,"24. Breakdown by Type","% Commercial loans"]
["M.7B.24.1","Retail",0.29872446672648312]
["M.7B.24.2","Office",0.50694799301642435]
["M.7B.24.3","Hotel/Tourism","[For completion]"]
["M.7B.24.4","Shopping malls","[For completion]"]
["M.7B.24.5","Industry",1.1217822114113599E-2]
["M.7B.24.6","Agriculture","[For completion]"]
["M.7B.24.7","Other commercially used",0.17615382138758059]
["M.7B.24.8","Hospital ","[For completion]"]
["M.7B.24.9","School ","[For completion]"]
["M.7B.24.10","other RE with a social relevant purpose","[For completion]"]
["M.7B.24.11","Land",3.6520472523097103E-5]
["M.7B.24.12","Property developers / Bulding under construction",6.9193762828750919E-3]
["M.7B.24.13","Other","[For completion]"]
["OM.7B.24.1","o/w Cultural purposes"]
["OM.7B.24.2","o/w [If relevant, please specify]"]
["OM.7B.24.3","o/w [If relevant, please specify]"]
["OM.7B.24.4","o/w [If relevant, please specify]"]
["OM.7B.24.5","o/w [If relevant, please specify]"]
["OM.7B.24.6","o/w [If relevant, please specify]"]
["OM.7B.24.7","o/w [If relevant, please specify]"]
["OM.7B.24.8","o/w [If relevant, please specify]"]
["OM.7B.24.9","o/w [If relevant, please specify]"]
["OM.7B.24.10","o/w [If relevant, please specify]"]
["OM.7B.24.11","o/w [If relevant, please specify]"]
["OM.7B.24.12","o/w [If relevant, please specify]"]
["OM.7B.24.13","o/w [If relevant, please specify]"]
["OM.7B.24.14","o/w [If relevant, please specify]"]
[null,"25. EPC  Information of the financed CRE - optional","Nominal (mn)","Number of CRE",null,"% Commercial Loans","% No. of CRE"]
["M.7B.25.1","A+",175.544659,21,null,{"$f":"IF($C$544=0,\"\",IF(C526=\"[for completion]\",\"\",IF(C526=\"\",\"\",C526/$C$544)))","v":1.5296053923410118E-2},{"$f":"IF($D$544=0,\"\",IF(D526=\"[for completion]\",\"\",IF(D526=\"\",\"\",D526/$D$544)))","v":1.2836185819070905E-2}]
["M.7B.25.2","A",1046.5990409999999,151,null,9.1195228943566534E-2,9.2298288508557452E-2]
["M.7B.25.3","B",499.33790499999998,42,null,4.3509723191764202E-2,2.567237163814181E-2]
["M.7B.25.4","C",330.37744500000002,38,null,2.8787382325305956E-2,2.3227383863080684E-2]
["M.7B.25.5","D",409.25257099999999,37,null,3.5660152977426834E-2,2.2616136919315404E-2]
["M.7B.25.6","E",254.23826199999999,24,null,2.2153007599884138E-2,1.4669926650366748E-2]
["M.7B.25.7","F",25.017242,6,null,2.1798731150629901E-3,3.667481662591687E-3]
["M.7B.25.8","G",139.73502099999999,12,null,1.2175787223494194E-2,7.3349633251833741E-3]
["M.7B.25.9","H",3.7,1,null,3.2239886897736625E-4,6.1124694376528117E-4]
["M.7B.25.10","Assets in countries without EPC levels for CRE","[For completion]","[For completion]",null,"",""]
["M.7B.25.11","TBC at a country level","[For completion]","[For completion]",null,"",""]
["M.7B.25.12","TBC at a country level","[For completion]","[For completion]",null,"",""]
["M.7B.25.13","TBC at a country level","[For completion]","[For completion]",null,"",""]
["M.7B.25.14","TBC at a country level","[For completion]","[For completion]",null,"",""]
["M.7B.25.15","TBC at a country level","[For completion]","[For completion]",null,"",""]
["M.7B.25.16","TBC at a country level","[For completion]","[For completion]",null,"",""]
["M.7B.25.17","TBC at a country level","[For completion]","[For completion]",null,"",""]
["M.7B.25.18","no data",8592.6649140000009,1304,null,0.74872039183110761,0.79706601466992666]
["M.7B.25.19","Total",{"$f":"SUM(C526:C543)","v":11476.467060000001},{"$f":"SUM(D526:D543)","v":1636},null,{"$f":"SUM(F526:F543)","v":1},{"$f":"SUM(G526:G543)","v":1}]
["OM.7B.25.1"]
["OM.7B.25.2"]
["OM.7B.25.3"]
[null,"26. Average energy use intensity (kWh/m2 per year) - optional","Nominal (mn)","Number of CRE",null,"% Commercial Loans","% No. of CRE"]
["M.7B.26.1","[< 95 kWh/m²] Retail","[For completion]","[For completion]",null,{"$f":"IF($C$567=0,\"\",IF(C549=\"[for completion]\",\"\",IF(C549=\"\",\"\",C549/$C$567)))","v":""},{"$f":"IF($D$567=0,\"\",IF(D549=\"[for completion]\",\"\",IF(D549=\"\",\"\",D549/$D$567)))","v":""}]
["M.7B.26.2","[< 135 kWh/m²] Office","[For completion]","[For completion]",null,"",""]
["M.7B.26.3","[< 105 kWh/m²] Hotel/Tourism","[For completion]","[For completion]",null,"",""]
["M.7B.26.4","[< 70 kWh/m²] Shopping malls","[For completion]","[For completion]",null,"",""]
["M.7B.26.5","[< 110 kWh/m²] Industry","[For completion]","[For completion]",null,"",""]
["M.7B.26.6","[< 110 kWh/m²] Agriculture","[For completion]","[For completion]",null,"",""]
["M.7B.26.7","[< 95 kWh/m²] Other commercially used","[For completion]","[For completion]",null,"",""]
["M.7B.26.8","[< 250 kWh/m²] Hospital","[For completion]","[For completion]",null,"",""]
["M.7B.26.9","[< 105 kWh/m²] School","[For completion]","[For completion]",null,"",""]
["M.7B.26.10","[< 135 kWh/m²] other RE with a social relevant purpose","[For completion]","[For completion]",null,"",""]
["M.7B.26.11","[< 110 kWh/m²] Land","[For completion]","[For completion]",null,"",""]
["M.7B.26.12","[< 110 kWh/m²] Property developers / Bulding under construction","[For completion]","[For completion]",null,"",""]
["M.7B.26.13","Top category sustainability certificate","[For completion]","[For completion]",null,"",""]
["M.7B.26.14","Top 15 % approach","[For completion]","[For completion]",null,"",""]
["M.7B.26.15","Other","[For completion]","[For completion]",null,"",""]
["M.7B.26.16","TBC at a country level","[For completion]","[For completion]",null,"",""]
["M.7B.26.17","TBC at a country level","[For completion]","[For completion]",null,"",""]
["M.7B.26.18","no data","[For completion]","[For completion]",null,"",""]
["M.7B.26.19","Total",{"$f":"SUM(C549:C566)","v":0},{"$f":"SUM(D549:D566)","v":0},null,{"$f":"SUM(F549:F566)","v":0},{"$f":"SUM(G549:G566)","v":0}]
["OM.7B.26.1"]
["OM.7B.26.2"]
["OM.7B.26.3"]
[null,"27. CRE Age Structure - optional","Nominal (mn)","Number of CRE",null,"% Commercial Loans","% No. of CRE"]
["M.7B.27.1","older than 1919","[For completion]","[For completion]",null,{"$f":"IF($C$585=0,\"\",IF(C572=\"[for completion]\",\"\",IF(C572=\"\",\"\",C572/$C$585)))","v":""},{"$f":"IF($D$585=0,\"\",IF(D572=\"[for completion]\",\"\",IF(D572=\"\",\"\",D572/$D$585)))","v":""}]
["M.7B.27.2","1919 - 1945","[For completion]","[For completion]",null,"",""]
["M.7B.27.3","1946 - 1960","[For completion]","[For completion]",null,"",""]
["M.7B.27.4","1961 - 1970","[For completion]","[For completion]",null,"",""]
["M.7B.27.5","1971 - 1980","[For completion]","[For completion]",null,"",""]
["M.7B.27.6","1981 - 1990","[For completion]","[For completion]",null,"",""]
["M.7B.27.7","1991 - 2000","[For completion]","[For completion]",null,"",""]
["M.7B.27.8","2001 - 2005","[For completion]","[For completion]",null,"",""]
["M.7B.27.9","2006 - 2010","[For completion]","[For completion]",null,"",""]
["M.7B.27.10","2011 - 2015","[For completion]","[For completion]",null,"",""]
["M.7B.27.11","2016 - 2020","[For completion]","[For completion]",null,"",""]
["M.7B.27.12","2021 and onwards","[For completion]","[For completion]",null,"",""]
["M.7B.27.13","no data","[For completion]","[For completion]",null,"",""]
["M.7B.27.14","Total",{"$f":"SUM(C572:C584)","v":0},{"$f":"SUM(D572:D584)","v":0},null,{"$f":"SUM(F572:F584)","v":0},{"$f":"SUM(G572:G584)","v":0}]
["OM.7B.27.1"]
["OM.7B.27.2"]
["OM.7B.27.3"]
["OM.7B.27.4"]
["OM.7B.27.5"]
["OM.7B.27.6",{"$nulls":4},{"$f":"IF($C$585=0,\"\",IF(C591=\"[for completion]\",\"\",IF(C591=\"\",\"\",C591/$C$585)))","v":""},{"$f":"IF($D$585=0,\"\",IF(D591=\"[for completion]\",\"\",IF(D591=\"\",\"\",D591/$D$585)))","v":""}]
["OM.7B.27.7"]
["OM.7B.27.8"]
["OM.7B.27.9"]
["OM.7B.27.10"]
[null,"28. New Commercial Property - optional","Nominal (mn)","Number of dwellings",null,"% Residential Loans","% No. of CRE"]
["M.7B.28.1","New Property","[For completion]","[For completion]",null,{"$f":"IF($C$601=0,\"\",IF(C597=\"[for completion]\",\"\",IF(C597=\"\",\"\",C597/$C$601)))","v":""},{"$f":"IF($D$601=0,\"\",IF(D597=\"[for completion]\",\"\",IF(D597=\"\",\"\",D597/$D$601)))","v":""}]
["M.7B.28.2","Existing Property","[For completion]","[For completion]",null,{"$f":"IF($C$601=0,\"\",IF(C598=\"[for completion]\",\"\",IF(C598=\"\",\"\",C598/$C$601)))","v":""},{"$f":"IF($D$601=0,\"\",IF(D598=\"[for completion]\",\"\",IF(D598=\"\",\"\",D598/$D$601)))","v":""}]
["M.7B.28.3","other","[For completion]","[For completion]",null,{"$f":"IF($C$601=0,\"\",IF(C599=\"[for completion]\",\"\",IF(C599=\"\",\"\",C599/$C$601)))","v":""},{"$f":"IF($D$601=0,\"\",IF(D599=\"[for completion]\",\"\",IF(D599=\"\",\"\",D599/$D$601)))","v":""}]
["M.7B.28.4","no data","[For completion]","[For completion]",null,{"$f":"IF($C$601=0,\"\",IF(C600=\"[for completion]\",\"\",IF(C600=\"\",\"\",C600/$C$601)))","v":""},{"$f":"IF($D$601=0,\"\",IF(D600=\"[for completion]\",\"\",IF(D600=\"\",\"\",D600/$D$601)))","v":""}]
["M.7B.28.5","Total",{"$f":"SUM(C597:C600)","v":0},{"$f":"SUM(D597:D600)","v":0},null,{"$f":"SUM(F597:F600)","v":0},{"$f":"SUM(G597:G600)","v":0}]
[]
[null,"29. CO2 emission related to CRE - as per national availability","Ton CO2 (per year)","Ton CO2 (LTV adjusted) (per year)",null,"kg CO2/m2 (per year)"]
["M.7B.29.1","Retail","[For completion]","[For completion]",null,"[For completion]",{"$f":"IF($D$622=0,\"\",IF(D604=\"[for completion]\",\"\",IF(D604=\"\",\"\",D604/$D$622)))","v":""}]
["M.7B.29.2","Office","[For completion]","[For completion]",null,"[For completion]",""]
["M.7B.29.3","Hotel/Tourism","[For completion]","[For completion]",null,"[For completion]",""]
["M.7B.29.4","Shopping malls","[For completion]","[For completion]",null,"[For completion]",""]
["M.7B.29.5","Industry","[For completion]","[For completion]",null,"[For completion]",""]
["M.7B.29.6","Agriculture","[For completion]","[For completion]",null,"[For completion]",""]
["M.7B.29.7","Other commercially used","[For completion]","[For completion]",null,"[For completion]",""]
["M.7B.29.8","Hospital","[For completion]","[For completion]",null,"[For completion]",""]
["M.7B.29.9","School","[For completion]","[For completion]",null,"[For completion]",""]
["M.7B.29.10","Other RE with a social relevant purpose","[For completion]","[For completion]",null,"[For completion]",""]
["M.7B.29.11","Land","[For completion]","[For completion]",null,"[For completion]",""]
["M.7B.29.12","Property developers / Bulding under construction","[For completion]","[For completion]",null,"[For completion]",""]
["M.7B.29.13","Other","[For completion]","[For completion]",null,"[For completion]",""]
["M.7B.29.14","no data","[For completion]","[For completion]",null,"[For completion]",""]
["M.7B.29.15","Total",{"$f":"SUM(C604:C617)","v":0},{"$f":"SUM(D604:D617)","v":0},null,null,""]
["M.7B.29.16","Weighted Average",null,null,null,"[For completion]",""]
["M.7B.29.17",{"$nulls":5},""]
["M.7B.29.18",{"$nulls":5},""]
["M.7B.29.19",{"$nulls":5},""]

{"sheet":"B2. HTT Public Sector Assets","index":5,"n_rows":179,"n_cols":7,"rows_kept":179,"cut":false,"hidden":true,"merged":[]}
["B2. Harmonised Transparency Template - Public Sector Assets",{"$nulls":4},"HTT 2023"]
[]
[null,"Reporting in Domestic Currency","[Please insert currency]"]
[]
[null,"CONTENT OF TAB B2"]
[null,"8. Public Sector Assets"]
[]
["Field Number","8. Public Sector Assets"]
[null,"1. General Information"]
["PS.8.1.1","Number of public sector exposures","[For completion]"]
["OPS.8.1.1","Optional information eg, Number of borrowers"]
["OPS.8.1.2","Optional information eg, Number of guarantors"]
["OPS.8.1.3"]
["OPS.8.1.4"]
["OPS.8.1.5"]
["OPS.8.1.6"]
["OPS.8.1.7"]
[null,"2. Size Information","Nominal","Number of Exposures",null,"% Public Sector Assets","% No. of Exposures"]
["PS.8.2.1","Average exposure size (000s)",{"$f":"(C37/D19)*1000","v":{"$error":"#VALUE!"}},{"$f":"C10","v":"[For completion]"}]
[]
[null,"By buckets (mn):"]
["PS.8.2.2","(ta.o)  \"up to 10 mn. Euros\"","[For completion]","[For completion]",null,{"$f":"IF($C$37=0,\"\",IF(C22=\"[for completion]\",\"\",C22/$C$37))","v":""},{"$f":"IF($D$37=0,\"\",IF(D22=\"[for completion]\",\"\",D22/$D$37))","v":""}]
["PS.8.2.3","(ta.o)  \"more than 10 mn. Euros up to 100 mn. Euros\"","[For completion]","[For completion]",null,"",""]
["PS.8.2.4","(ta.o)  \"more than 100 mn. Euros\"","[For completion]","[For completion]",null,"",""]
["PS.8.2.5","TBC at a country level","[For completion]","[For completion]",null,"",""]
["PS.8.2.6","TBC at a country level","[For completion]","[For completion]",null,"",""]
["PS.8.2.7","TBC at a country level","[For completion]","[For completion]",null,"",""]
["PS.8.2.8","TBC at a country level","[For completion]","[For completion]",null,"",""]
["PS.8.2.9","TBC at a country level","[For completion]","[For completion]",null,"",""]
["PS.8.2.10","TBC at a country level","[For completion]","[For completion]",null,"",""]
["PS.8.2.11","TBC at a country level","[For completion]","[For completion]",null,"",""]
["PS.8.2.12","TBC at a country level","[For completion]","[For completion]",null,"",""]
["PS.8.2.13","TBC at a country level","[For completion]","[For completion]",null,"",""]
["PS.8.2.14","TBC at a country level","[For completion]","[For completion]",null,"",""]
["PS.8.2.15","TBC at a country level","[For completion]","[For completion]",null,"",""]
["PS.8.2.16","TBC at a country level","[For completion]","[For completion]",null,"",""]
["PS.8.2.17","Total",{"$f":"SUM(C22:C36)","v":0},{"$f":"SUM(D22:D36)","v":0},null,{"$f":"SUM(F22:F36)","v":0},{"$f":"SUM(G22:G36)","v":0}]
[null,"3. Breakdown by Asset Type","Nominal (mn)",null,null,"% Public Sector Assets"]
["PS.8.3.1","Loans","[For completion]",null,null,{"$f":"IF($C$42=0,\"\",IF(C39=\"[for completion]\",\"\",C39/$C$42))","v":""}]
["PS.8.3.2","Bonds","[For completion]",null,null,{"$f":"IF($C$42=0,\"\",IF(C40=\"[for completion]\",\"\",C40/$C$42))","v":""}]
["PS.8.3.3","Other","[For completion]",null,null,{"$f":"IF($C$42=0,\"\",IF(C41=\"[for completion]\",\"\",C41/$C$42))","v":""}]
["PS.8.3.4","Total",{"$f":"SUM(C39:C41)","v":0},null,null,{"$f":"SUM(F39:F41)","v":0}]
["OPS.8.3.1"]
["OPS.8.3.2"]
["OPS.8.3.3"]
["OPS.8.3.4"]
["OPS.8.3.5"]
[null,"4. Breakdown by Geography ","% Public Sector Assets"]
["PS.8.4.1","European Union",{"$f":"SUM(C50:C76)","v":0}]
["PS.8.4.2","Austria","[For completion]"]
["PS.8.4.3","Belgium","[For completion]"]
["PS.8.4.4","Bulgaria","[For completion]"]
["PS.8.4.5","Croatia","[For completion]"]
["PS.8.4.6","Cyprus","[For completion]"]
["PS.8.4.7","Czechia","[For completion]"]
["PS.8.4.8","Denmark","[For completion]"]
["PS.8.4.9","Estonia","[For completion]"]
["PS.8.4.10","Finland","[For completion]"]
["PS.8.4.11","France","[For completion]"]
["PS.8.4.12","Germany","[For completion]"]
["PS.8.4.13","Greece","[For completion]"]
["PS.8.4.14","Netherlands","[For completion]"]
["PS.8.4.15","Hungary","[For completion]"]
["PS.8.4.16","Ireland","[For completion]"]
["PS.8.4.17","Italy","[For completion]"]
["PS.8.4.18","Latvia","[For completion]"]
["PS.8.4.19","Lithuania","[For completion]"]
["PS.8.4.20","Luxembourg","[For completion]"]
["PS.8.4.21","Malta","[For completion]"]
["PS.8.4.22","Poland","[For completion]"]
["PS.8.4.23","Portugal","[For completion]"]
["PS.8.4.24","Romania","[For completion]"]
["PS.8.4.25","Slovakia","[For completion]"]
["PS.8.4.26","Slovenia","[For completion]"]
["PS.8.4.27","Spain","[For completion]"]
["PS.8.4.28","Sweden","[For completion]"]
["PS.8.4.29","European Economic Area (not member of EU)",{"$f":"SUM(C78:C80)","v":0}]
["PS.8.4.30","Iceland","[For completion]"]
["PS.8.4.31","Liechtenstein","[For completion]"]
["PS.8.4.32","Norway","[For completion]"]
["PS.8.4.33","Other",{"$f":"SUM(C82:C92)","v":0}]
["PS.8.4.34","Switzerland","[For completion]"]
["PS.8.4.35","United Kingdom","[For completion]"]
["PS.8.4.36","Australia","[For completion]"]
["PS.8.4.37","Brazil","[For completion]"]
["PS.8.4.38","Canada","[For completion]"]
["PS.8.4.39","Japan","[For completion]"]
["PS.8.4.40","Korea","[For completion]"]
["PS.8.4.41","New Zealand","[For completion]"]
["PS.8.4.42","Singapore","[For completion]"]
["PS.8.4.43","US","[For completion]"]
["PS.8.4.44","Other","[For completion]"]
["OPS.8.4.1","o/w [If relevant, please specify]"]
["OPS.8.4.2","o/w [If relevant, please specify]"]
["OPS.8.4.3","o/w [If relevant, please specify]"]
["OPS.8.4.4","o/w [If relevant, please specify]"]
["OPS.8.4.5","o/w [If relevant, please specify]"]
["OPS.8.4.6","o/w [If relevant, please specify]"]
["OPS.8.4.7","o/w [If relevant, please specify]"]
["OPS.8.4.8","o/w [If relevant, please specify]"]
["OPS.8.4.9","o/w [If relevant, please specify]"]
["OPS.8.4.10","o/w [If relevant, please specify]"]
[null,"5. Breakdown by regions of main country of origin","% Public Sector Assets"]
["PS.8.5.1","TBC at a country level","[For completion]"]
["PS.8.5.2","TBC at a country level","[For completion]"]
["PS.8.5.3","TBC at a country level","[For completion]"]
["PS.8.5.4","TBC at a country level","[For completion]"]
["PS.8.5.5","TBC at a country level","[For completion]"]
["PS.8.5.6","TBC at a country level","[For completion]"]
["PS.8.5.7","TBC at a country level","[For completion]"]
["PS.8.5.8","TBC at a country level","[For completion]"]
["PS.8.5.9","TBC at a country level","[For completion]"]
["PS.8.5.10","TBC at a country level","[For completion]"]
["PS.8.5.11","TBC at a country level","[For completion]"]
["PS.8.5.12","TBC at a country level","[For completion]"]
["PS.8.5.13","TBC at a country level","[For completion]"]
["PS.8.5.14","TBC at a country level","[For completion]"]
["PS.8.5.15","TBC at a country level","[For completion]"]
["PS.8.5.16","TBC at a country level","[For completion]"]
["PS.8.5.17","TBC at a country level","[For completion]"]
["PS.8.5.18","TBC at a country level","[For completion]"]
["PS.8.5.19","TBC at a country level","[For completion]"]
["PS.8.5.20","TBC at a country level","[For completion]"]
["PS.8.5.21","TBC at a country level","[For completion]"]
["PS.8.5.22","TBC at a country level","[For completion]"]
["PS.8.5.23","TBC at a country level","[For completion]"]
["PS.8.5.24","TBC at a country level","[For completion]"]
["PS.8.5.25","TBC at a country level","[For completion]"]
[null,"6. Breakdown by Interest Rate","% Public Sector Assets"]
["PS.8.6.1","Fixed rate","[For completion]"]
["PS.8.6.2","Floating rate",{"$f":"1-C130","v":{"$error":"#VALUE!"}}]
["PS.8.6.3","Other","[For completion]"]
["OPS.8.6.1"]
["OPS.8.6.2"]
["OPS.8.6.3"]
["OPS.8.6.4"]
[null,"7. Breakdown by Repayment Type","% Public Sector Assets"]
["PS.8.7.1","Bullet / interest only","[For completion]"]
["PS.8.7.2","Amortising","[For completion]"]
["PS.8.7.3","Other","[For completion]"]
["OPS.8.7.1"]
["OPS.8.7.2"]
["OPS.8.7.3"]
["OPS.8.7.4"]
["OPS.8.7.5"]
["OPS.8.7.6"]
[null,"8. Breakdown by Type of Debtor","Nominal (mn)",null,null,"% Public Sector Assets"]
["PS.8.8.1","Sovereigns","[For completion]",null,null,{"$f":"IF($C$152=0,\"\",IF(C148=\"[for completion]\",\"\",C148/$C$152))","v":""}]
["PS.8.8.2","Regional/federal authorities","[For completion]",null,null,{"$f":"IF($C$152=0,\"\",IF(C149=\"[for completion]\",\"\",C149/$C$152))","v":""}]
["PS.8.8.3","Local/municipal authorities ","[For completion]",null,null,{"$f":"IF($C$152=0,\"\",IF(C150=\"[for completion]\",\"\",C150/$C$152))","v":""}]
["PS.8.8.4","Others","[For completion]",null,null,{"$f":"IF($C$152=0,\"\",IF(C151=\"[for completion]\",\"\",C151/$C$152))","v":""}]
["PS.8.8.5","Total",{"$f":"SUM(C148:C151)","v":0},null,null,{"$f":"SUM(F148:F151)","v":0}]
["OPS.8.8.1","o/w Claim against supranational",null,null,null,{"$f":"IF($C$152=0,\"\",IF(C153=\"[for completion]\",\"\",C153/$C$152))","v":""}]
["OPS.8.8.2","o/w Claim against sovereigns",null,null,null,""]
["OPS.8.8.3","o/w Claim guaranteed by sovereigns",null,null,null,""]
["OPS.8.8.4","o/w Claim against regional/federal authorities",null,null,null,""]
["OPS.8.8.5","o/w Claim guaranteed by regional/federal authorities",null,null,null,""]
["OPS.8.8.6","o/w Claim against local/municipal authorities ",null,null,null,""]
["OPS.8.8.7","o/w Claimguaranteed by local/municipal authorities ",null,null,null,""]
["OPS.8.8.8"]
["OPS.8.8.9"]
["OPS.8.8.10"]
["OPS.8.8.11"]
["OPS.8.8.12"]
["OPS.8.8.13"]
[null,"9. Non-Performing Loans","% Public Sector Assets"]
["PS.8.9.1","% NPLs","[For completion]"]
["OPS.8.9.1","Defaulted Loans pursuant Art 178 CRR","[For completion]"]
["OPS.8.9.2"]
["OPS.8.9.3"]
["OPS.8.9.4"]
[null,"10. Concentration Risks","% Public Sector Assets"]
["PS.8.10.1","10 largest exposures","[For completion]"]
["OPS.8.10.1"]
["OPS.8.10.2"]
["OPS.8.10.3"]
["OPS.8.10.4"]
["OPS.8.10.5"]
["OPS.8.10.6"]

{"sheet":"B3. HTT Shipping Assets","index":6,"n_rows":211,"n_cols":7,"rows_kept":211,"cut":false,"hidden":true,"merged":[]}
["B3. Harmonised Transparency Template - Shipping Assets",{"$nulls":4},"HTT 2023"]
[]
[null,"Reporting in Domestic Currency","[Please insert currency]"]
[]
[null,"CONTENT OF TAB B3"]
[null,"9. Shipping Assets"]
[]
["Field Number","9. Shipping Assets"]
[null,"1. General Information","Shipping Loans"]
["S.9.1.1","Number of shipping loans","[For completion]"]
["OS.9.1.1","Optional information eg, Number of borrowers"]
["OS.9.1.2","Optional information eg, Number of guarantors"]
["OS.9.1.3"]
["OS.9.1.4"]
["OS.9.1.5"]
["OS.9.1.6"]
[null,"2. Concentration Risks","% Shipping Loans"]
["S.9.2.1","10 largest exposures ","[For completion]"]
["OS.9.2.1"]
["OS.9.2.2"]
["OS.9.2.3"]
["OS.9.2.4"]
["OS.9.2.5"]
["OS.9.2.6"]
[null,"3. Breakdown by Geography / Country of Registration ","% Shipping Loans"]
["S.9.3.1","European Union",{"$f":"SUM(C27:C53)","v":0}]
["S.9.3.2","Austria","[For completion]"]
["S.9.3.3","Belgium","[For completion]"]
["S.9.3.4","Bulgaria","[For completion]"]
["S.9.3.5","Croatia","[For completion]"]
["S.9.3.6","Cyprus","[For completion]"]
["S.9.3.7","Czechia","[For completion]"]
["S.9.3.8","Denmark","[For completion]"]
["S.9.3.9","Estonia","[For completion]"]
["S.9.3.10","Finland","[For completion]"]
["S.9.3.11","France","[For completion]"]
["S.9.3.12","Germany","[For completion]"]
["S.9.3.13","Greece","[For completion]"]
["S.9.3.14","Netherlands","[For completion]"]
["S.9.3.15","Hungary","[For completion]"]
["S.9.3.16","Ireland","[For completion]"]
["S.9.3.17","Italy","[For completion]"]
["S.9.3.18","Latvia","[For completion]"]
["S.9.3.19","Lithuania","[For completion]"]
["S.9.3.20","Luxembourg","[For completion]"]
["S.9.3.21","Malta","[For completion]"]
["S.9.3.22","Poland","[For completion]"]
["S.9.3.23","Portugal","[For completion]"]
["S.9.3.24","Romania","[For completion]"]
["S.9.3.25","Slovakia","[For completion]"]
["S.9.3.26","Slovenia","[For completion]"]
["S.9.3.27","Spain","[For completion]"]
["S.9.3.28","Sweden","[For completion]"]
["S.9.3.29","European Economic Area (not member of EU)",{"$f":"SUM(C55:C57)","v":0}]
["S.9.3.30","Iceland","[For completion]"]
["S.9.3.31","Liechtenstein","[For completion]"]
["S.9.3.32","Norway","[For completion]"]
["S.9.3.33","Other",{"$f":"SUM(C59:C69)","v":0}]
["S.9.3.34","Switzerland","[For completion]"]
["S.9.3.35","United Kingdom","[For completion]"]
["S.9.3.36","Australia","[For completion]"]
["S.9.3.37","Brazil","[For completion]"]
["S.9.3.38","Canada","[For completion]"]
["S.9.3.39","Japan","[For completion]"]
["S.9.3.40","Korea","[For completion]"]
["S.9.3.41","New Zealand","[For completion]"]
["S.9.3.42","Singapore","[For completion]"]
["S.9.3.43","US","[For completion]"]
["S.9.3.44","Other","[For completion]"]
["OS.9.3.1","o/w [If relevant, please specify]"]
["OS.9.3.2","o/w [If relevant, please specify]"]
["OS.9.3.3","o/w [If relevant, please specify]"]
["OS.9.3.4","o/w [If relevant, please specify]"]
["OS.9.3.5","o/w [If relevant, please specify]"]
["OS.9.3.6","o/w [If relevant, please specify]"]
["OS.9.3.7","o/w [If relevant, please specify]"]
["OS.9.3.8","o/w [If relevant, please specify]"]
["OS.9.3.9","o/w [If relevant, please specify]"]
["OS.9.3.10","o/w [If relevant, please specify]"]
[null,"4. Breakdown by Interest Rate","% Shipping Loans"]
["S.9.4.1","Fixed rate","[For completion]"]
["S.9.4.2","Floating rate","[For completion]"]
["S.9.4.3","Other","[For completion]"]
["OS.9.4.1"]
["OS.9.4.2"]
["OS.9.4.3"]
["OS.9.4.4"]
["OS.9.4.5"]
["OS.9.4.6"]
[null,"5. Breakdown by Repayment Type","% Shipping Loans"]
["S.9.5.1","Bullet / interest only","[For completion]"]
["S.9.5.2","Amortising","[For completion]"]
["S.9.5.3","Other","[For completion]"]
["OS.9.5.1"]
["OS.9.5.2"]
["OS.9.5.3"]
["OS.9.5.4"]
["OS.9.5.5"]
["OS.9.5.6"]
[null,"6. Loan Seasoning ","% Shipping Loans"]
["S.9.6.1","Up to 12months","[For completion]"]
["S.9.6.2","≥  12 - ≤ 24 months","[For completion]"]
["S.9.6.3","≥ 24 - ≤ 36 months","[For completion]"]
["S.9.6.4","≥ 36 - ≤ 60 months","[For completion]"]
["S.9.6.5","≥ 60 months","[For completion]"]
["OS.9.6.1"]
["OS.9.6.2"]
["OS.9.6.3"]
["OS.9.6.4"]
[null,"7. Non-Performing Loans (NPLs)","% Shipping Loans"]
["S.9.7.1","% NPLs","[For completion]"]
["OS.9.7.1","Defaulted Loans pursuant Art 178 CRR","[For completion]"]
["OS.9.7.2"]
["OS.9.7.3"]
["OS.9.7.4"]
[null,"8. Loan Size Information","Nominal","Number of Loans",null,"% Shipping Loans","% No. of Loans"]
["S.9.8.1","Average loan size (000s)","[For completion]"]
[]
[null,"By buckets (mn):"]
["S.9.8.2","(ta.s)  \"up to 500,000 Euros\"","[For completion]","[For completion]",null,{"$f":"IF($C$144=0,\"\",IF(C120=\"[for completion]\",\"\",C120/$C$144))","v":""},{"$f":"IF($D$144=0,\"\",IF(D120=\"[for completion]\",\"\",D120/$D$144))","v":""}]
["S.9.8.3","(ta.s)  \"more than 500,000 Euros up to 5 mn. Euros\"","[For completion]","[For completion]",null,"",""]
["S.9.8.4","(ta.s)  \"more than 5 mn. Euros\"","[For completion]","[For completion]",null,"",""]
["S.9.8.5","TBC at a country level","[For completion]","[For completion]",null,"",""]
["S.9.8.6","TBC at a country level","[For completion]","[For completion]",null,"",""]
["S.9.8.7","TBC at a country level","[For completion]","[For completion]",null,"",""]
["S.9.8.8","TBC at a country level","[For completion]","[For completion]",null,"",""]
["S.9.8.9","TBC at a country level","[For completion]","[For completion]",null,"",""]
["S.9.8.10","TBC at a country level","[For completion]","[For completion]",null,"",""]
["S.9.8.11","TBC at a country level","[For completion]","[For completion]",null,"",""]
["S.9.8.12","TBC at a country level","[For completion]","[For completion]",null,"",""]
["S.9.8.13","TBC at a country level","[For completion]","[For completion]",null,"",""]
["S.9.8.14","TBC at a country level","[For completion]","[For completion]",null,"",""]
["S.9.8.15","TBC at a country level","[For completion]","[For completion]",null,"",""]
["S.9.8.16","TBC at a country level","[For completion]","[For completion]",null,"",""]
["S.9.8.17","TBC at a country level","[For completion]","[For completion]",null,"",""]
["S.9.8.18","TBC at a country level","[For completion]","[For completion]",null,"",""]
["S.9.8.19","TBC at a country level","[For completion]","[For completion]",null,"",""]
["S.9.8.20","TBC at a country level","[For completion]","[For completion]",null,"",""]
["S.9.8.21","TBC at a country level","[For completion]","[For completion]",null,"",""]
["S.9.8.22","TBC at a country level","[For completion]","[For completion]",null,"",""]
["S.9.8.23","TBC at a country level","[For completion]","[For completion]",null,"",""]
["S.9.8.24","TBC at a country level","[For completion]","[For completion]",null,"",""]
["S.9.8.25","TBC at a country level","[For completion]","[For completion]",null,"",""]
["S.9.8.26","Total",{"$f":"SUM(C120:C143)","v":0},{"$f":"SUM(D120:D143)","v":0},null,{"$f":"SUM(F120:F143)","v":0},{"$f":"SUM(G120:G143)","v":0}]
[null,"9. Loan to Value (LTV) Information - UNINDEXED","Nominal","Number of Loans",null,"% Shipping Loans","% No. of Loans"]
["S.9.9.1","Weighted Average LTV (%)","[For completion]"]
[]
[null,"By LTV buckets (mn):"]
["S.9.9.2",">0 - <=40 %","[For completion]","[For completion]",null,{"$f":"IF($C$157=0,\"\",IF(C149=\"[for completion]\",\"\",C149/$C$157))","v":""},{"$f":"IF($D$157=0,\"\",IF(D149=\"[for completion]\",\"\",D149/$D$157))","v":""}]
["S.9.9.3",">40 - <=50 %","[For completion]","[For completion]",null,"",""]
["S.9.9.4",">50 - <=60 %","[For completion]","[For completion]",null,"",""]
["S.9.9.5",">60 - <=70 %","[For completion]","[For completion]",null,"",""]
["S.9.9.6",">70 - <=80 %","[For completion]","[For completion]",null,"",""]
["S.9.9.7",">80 - <=90 %","[For completion]","[For completion]",null,"",""]
["S.9.9.8",">90 - <=100 %","[For completion]","[For completion]",null,"",""]
["S.9.9.9",">100%","[For completion]","[For completion]",null,"",""]
["S.9.9.10","Total",{"$f":"SUM(C149:C156)","v":0},{"$f":"SUM(D149:D156)","v":0},null,{"$f":"SUM(F149:F156)","v":0},{"$f":"SUM(G149:G156)","v":0}]
["OS.9.9.1","o/w >100 - <=110 %",null,null,null,{"$f":"IF($C$157=0,\"\",IF(C158=\"[for completion]\",\"\",C158/$C$157))","v":""},{"$f":"IF($D$157=0,\"\",IF(D158=\"[for completion]\",\"\",D158/$D$157))","v":""}]
["OS.9.9.2","o/w >110 - <=120 %",null,null,null,"",""]
["OS.9.9.3","o/w >120 - <=130 %",null,null,null,"",""]
["OS.9.9.4","o/w >130 - <=140 %",null,null,null,"",""]
["OS.9.9.5","o/w >140 - <=150 %",null,null,null,"",""]
["OS.9.9.6","o/w >150 %",null,null,null,"",""]
["OS.9.9.7"]
["OS.9.9.8"]
["OS.9.9.9"]
[null,"10. Loan to Value (LTV) Information - INDEXED ","Nominal","Number of Loans",null,"% Shipping Loans","% No. of Loans"]
["S.9.10.1","Weighted Average LTV (%)","[Mark as ND1 if not relevant]"]
[]
[null,"By LTV buckets (mn):"]
["S.9.10.2",">0 - <=40 %","[Mark as ND1 if not relevant]","[Mark as ND1 if not relevant]",null,{"$f":"IF($C$179=0,\"\",IF(C171=\"[Mark as ND1 if not relevant]\",\"\",C171/$C$179))","v":""},{"$f":"IF($D$179=0,\"\",IF(D171=\"[Mark as ND1 if not relevant]\",\"\",D171/$D$179))","v":""}]
["S.9.10.3",">40 - <=50 %","[Mark as ND1 if not relevant]","[Mark as ND1 if not relevant]",null,"",""]
["S.9.10.4",">50 - <=60 %","[Mark as ND1 if not relevant]","[Mark as ND1 if not relevant]",null,"",""]
["S.9.10.5",">60 - <=70 %","[Mark as ND1 if not relevant]","[Mark as ND1 if not relevant]",null,"",""]
["S.9.10.6",">70 - <=80 %","[Mark as ND1 if not relevant]","[Mark as ND1 if not relevant]",null,"",""]
["S.9.10.7",">80 - <=90 %","[Mark as ND1 if not relevant]","[Mark as ND1 if not relevant]",null,"",""]
["S.9.10.8",">90 - <=100 %","[Mark as ND1 if not relevant]","[Mark as ND1 if not relevant]",null,"",""]
["S.9.10.9",">100%","[Mark as ND1 if not relevant]","[Mark as ND1 if not relevant]",null,"",""]
["S.9.10.10","Total",{"$f":"SUM(C171:C178)","v":0},{"$f":"SUM(D171:D178)","v":0},null,{"$f":"SUM(F171:F178)","v":0},{"$f":"SUM(G171:G178)","v":0}]
["OS.9.10.1","o/w >100 - <=110 %",null,null,null,{"$f":"IF($C$179=0,\"\",IF(C180=\"[for completion]\",\"\",C180/$C$179))","v":""},{"$f":"IF($D$179=0,\"\",IF(D180=\"[for completion]\",\"\",D180/$D$179))","v":""}]
["OS.9.10.2","o/w >110 - <=120 %",null,null,null,"",""]
["OS.9.10.3","o/w >120 - <=130 %",null,null,null,"",""]
["OS.9.10.4","o/w >130 - <=140 %",null,null,null,"",""]
["OS.9.10.5","o/w >140 - <=150 %",null,null,null,"",""]
["OS.9.10.6","o/w >150 %",null,null,null,"",""]
["OS.9.10.7"]
["OS.9.10.8"]
["OS.9.10.9"]
[null,"11. Breakdown by type of ship","% Shipping Loans"]
["S.9.11.1","(td.s)  \"Sea-going vessels\"","[For completion]"]
["S.9.11.2","(td.s)  \"Inland waterway vessels\"","[For completion]"]
["S.9.11.3","TBC at a country level","[For completion]"]
["S.9.11.4","TBC at a country level","[For completion]"]
["S.9.11.5","TBC at a country level","[For completion]"]
["S.9.11.6","TBC at a country level","[For completion]"]
["S.9.11.7","TBC at a country level","[For completion]"]
["S.9.11.8","TBC at a country level","[For completion]"]
["S.9.11.9","TBC at a country level","[For completion]"]
["S.9.11.10","TBC at a country level","[For completion]"]
["S.9.11.11","TBC at a country level","[For completion]"]
["S.9.11.12","TBC at a country level","[For completion]"]
["S.9.11.13","TBC at a country level","[For completion]"]
["S.9.11.14","TBC at a country level","[For completion]"]
["S.9.11.15","TBC at a country level","[For completion]"]
["S.9.11.16","TBC at a country level","[For completion]"]
["S.9.11.17","TBC at a country level","[For completion]"]
["OS.9.11.1"]
["OS.9.11.2"]
["OS.9.11.3"]
["OS.9.11.4"]
["OS.9.11.5"]

{"sheet":"C. HTT Harmonised Glossary","index":7,"n_rows":57,"n_cols":3,"rows_kept":57,"cut":false,"hidden":false,"merged":[]}
["C. Harmonised Transparency Template - Glossary",null,"HTT 2023"]
[]
["The definitions below reflect the national specificities"]
[]
["Field Number","1. Glossary - Standard Harmonised Items","Definition"]
["HG.1.1","OC Calculation: Statutory","Statutory Overcollateralisation is the overcollateralisation percentage required to be provided by each Issuer and included/disclosed in the national covered bond framework. Nominal value: sum of the nominal statutory OC pursuant to § 4 (2) Pfandbriefgesetz and the nominal value of the net present value statutory OC pursuant to § 4 (1) Pfandbriefgesetz."]
["HG.1.2","OC Calculation: Contractual","Contractual Overcollateralisation is the overcollateralisation percentage each Issuer has contractually agreed to maintain pursuant to the covered bond programme documents. "]
["HG.1.3","OC Calculation: Voluntary","Voluntary Overcollateralisation is the difference (if positive) between the actual overcollateralisation provided by an Issuer and the higher of the contractual and statutory overcollateralisation."]
["HG.1.4","Interest Rate Types","[For completion]"]
["HG.1.5","Residual Life Buckets of Cover assets [i.e. how is the contractual and/or expected residual life defined? What assumptions eg, in terms of prepayments? etc.]","[For completion]"]
["HG.1.6","Maturity Buckets of Covered Bonds [i.e. how is the contractual and/or expected maturity defined? What maturity structure (hard bullet, soft bullet, conditional pass through)? Under what conditions/circumstances? Etc.] ","[For completion]"]
["HG.1.7","Maturity Extention Triggers","The extension of the maturity is necessary in order to avoid the imminent insolvency of the Pfandbrief bank with limited business activity, the Pfandbrief bank with limited business activity is not overindebted and there is reason to believe that the Pfandbrief bank with limited business activity will be able to meet its liabilities then due after the expiry of the maximum possible extension date, taking into account further possibilities for extension. See also, in addition, section 30 para 2b Pfandbrief Act (https://atvdp.de/9l)."]
["HG.1.8","LTVs: Definition","[For completion]"]
["HG.1.9","LTVs: Calculation of property/shipping value","[For completion]"]
["HG.1.10","LTVs: Applied property/shipping valuation techniques, including whether use of index, Automated Valuation Model (AVM) or on-site audits","[For completion]"]
["HG.1.11","LTVs: Frequency and time of last valuation","[For completion]"]
["HG.1.12","Explain how mortgage types are defined whether for residential housing, multi-family housing, commercial real estate, etc. Same for shipping where relecvant","[For completion]"]
["HG.1.13","Hedging Strategy (please explain how you address interest rate and currency risk)","[For completion]"]
["HG.1.14","Non-performing loans","[For completion]"]
["HG.1.15","Valuation Method","Mortgage lending value (https://atvdp.de/mlv)"]
["OHG.1.1","NPV assumptions (when stated)"]
["OHG.1.2"]
["OHG.1.3"]
["OHG.1.4"]
["OHG.1.5"]
["OHG.1.6"]
["OHG.1.7"]
[null,"2. Glossary - ESG items (optional)","Definition"]
["HG.2.1","Sustainability - strategy pursued in the cover pool ","[For completion]"]
["HG.2.2","Subsidised Housing  (definitions of affordable, social housing)","[For completion]"]
["HG.2.3","New Property and Existing Property ","[For completion]"]
["OHG.2.1"]
["OHG.2.2"]
["OHG.2.3"]
["OHG.2.4"]
["OHG.2.5"]
["OHG.2.6"]
["OHG.2.7"]
["OHG.2.8"]
["OHG.2.9"]
["OHG.2.10"]
["OHG.2.11"]
["OHG.2.12"]
[null,"3. Reason for No Data","Value"]
["HG.3.1","Not applicable for the jurisdiction ","ND1"]
["HG.3.2","Not relevant for the issuer and/or CB programme at the present time","ND2"]
["HG.3.3","Not available at the present time","ND3"]
["OHG.3.1"]
["OHG.3.2"]
["OHG.3.3"]
[null,"4. Glossary - Extra national and/or Issuer Items","Definition"]
["HG.4.1","Other definitions deemed relevant","Tabs B1 and F1 - section 24\nSince in Germany and some other countries no EPC scale for CRE is actually provided, the data for these assets are placed under \"Assets in countries without EPC levels for CRE\". For assets in countries (outside Germany) that provide an EPC scale for CRE, the data are placed along the A+ to H scale.\n\nTabs B1 and F1 - section 25\nThere are actually no uniform thresholds for CRE with regard to energy efficiency within the EU. In this respect, informations can only be provided depending on object types. The maximum values [kWh/m²] are comparative  values  published  by  the  German  Federal  Ministry  for  Economic  Affairs   and   Energy   and   the   German   Ministry   for   the   Environment,   Nature   Conservation, Building and Nuclear Safety on 7 April 2015 (https://enev-online.com/enev_praxishilfen/enev_2014_energieausweis_energieverbrauchswerte_vergleichswerte_nichtwohnbestand_bekanntmachung_15.04.07.pdf). Specifications for CRE assets are to be made either depending on the object types and maximum values, according to top category sustainability certificates or the top 15% approach. Double placement of assets within these three approaches is not permitted. In HTT-tab B1 and HDT-tab A1 in section 25 the \"Total\" refers to 100% of all assets (ESG and non-ESG) in the cover pool. Therefore all non-ESG assets are placed under \"Others\".  In HTT-tab F1 and HDT-tab B1 in section 25 the \"Total\" refers to 100% of all ESG-assets in the cover pool. "]
["OHG.4.1"]
["OHG.4.2"]
["OHG.4.3"]
["OHG.4.4"]
["OHG.4.5"]

{"sheet":"erweitertes vdp-Template","index":8,"n_rows":40,"n_cols":8,"rows_kept":40,"cut":false,"hidden":false,"merged":[[11,3,11,5],[13,3,13,5],[14,3,14,5],[15,3,15,5],[2,3,2,5],[3,3,3,5],[4,3,4,5],[5,3,5,5],[6,3,6,5],[8,3,8,5]]}
["Hypothekenpfandbriefe","Q 4 2023"]
["Deckungsmasse (nom.)","(Mio. €)",18517.839617000001,"Umlaufende Pfandbriefe (nom).",null,null,"(Mio. €)",17620.575263999999]
["WAL der Deckungsmasse (Total)","Jahre",4.2,"WAL der ausstehenden Pfandbriefe (Total)",null,null,"Jahre",5.4]
["Anteil von \"insured mortgages\"","%",100,"Besteht die Möglichkeit einer Fälligkeitsverschiebung?",null,null,"Ja/Nein","Ja"]
["Sind Versicherungen Bestandteil der Deckungsmasse?",null,"Ja","Maximal mögliche Verschiebung?",null,null,"Monate",12]
["Sind garantierte Kredite in Deckungsmasse enthalten?","Ja/Nein","Nicht anwendbar*","Ist Fälligkeitsverschiebung gesetzlich geregelt?",null,null,"Ja/Nein","Ja"]
["Anteil garantierter Kredite ","%","Nicht anwendbar*","Sind Pass through Strukturen enthalten?",null,null,"Ja/Nein","Nicht anwendbar*"]
["Gesetzliche Überdeckung (nennwertig + barwertig nach Stressszenarien)","%","2 % + 2 %"]
["Sind \"self certified loans\" Bestandteil der Deckungsmasse?","Ja/Nein","Nicht anwendbar*","Gesamtkreditbetrag der 10 größten Kreditnehmer",null,null,"(Mio. €)",3335.851377]
["Sind \"limited certified loans\" Bestandteil der Deckungsmasse?","Ja/Nein","Nicht anwendbar*"]
["Anteil von \"non first lien mortgages\" ","% ","Nicht anwendbar*",null,null," ","Residential","Commercial"]
["Sind ABS Bestandteil der Deckungsmasse?","Ja/Nein","Nicht anwendbar*","Anzahl der Kreditnehmer",null,null,625,667]
["\"interest only loans\"","(Mio. €)",10870.570194,"Anzahl der Kredite ",null,null,668,733]
["Notenbankfähige Wertpapiere","(Mio. €) ",990,"Anzahl der Objekte",null,null,3041,1636]
["Aufteilung der Forderungen gegenüber Zentralbanken und Kreditinstituten i.S. d. § 28 Abs. 1 Nr. 8 nach Bonitätsstufe",null,null,"Selbstgenutzte Wohnungen in der Deckungsmasse (Mio. €)",null,null,4.2379819999999997]
["Bonitätsstufe 1","(Mio. €)",247.5,"Mehrfamilienhäuser in der Deckungsmasse (Mio. €)",null,null,5740.2094539999998]
["Bonitätsstufe 2","(Mio. €)",387.5,null,null,null," "]
["Sind Derivate in Deckung?","Y/N",{"$f":"IF(C20<>0,\"Y\",\"N\")","v":"N"}]
[]
["Nettobarwert der Derivate in Deckung","(Mio. €)"]
["Währungspositionen (nominal)","(Mio. €)","Pfandbriefe","Deckungsmasse"]
["EUR",null,17404.592542999999,18517.839618000002]
["AUD"]
["CAD"]
["CHF",null,215.982721]
["CZK"]
["DKK"]
["GBP"]
["HKD",{"$nulls":5}," "]
["JPY"]
["NOK"]
["SEK"]
["USD"]
["Ratingagentur",null,"Fitch","Moody´s","S&P","DBRS","Scope"]
["Aktuelles Pfandbriefrating  ",null,null,"Aaa"]
["Deckungsmasse nach Beleihungsauslauf in Bandbreiten ",null,"0- ≤20"," >20- ≤30",">30- ≤40",">40- ≤50",">50- ≤60"]
[null,"(Mio. €)",50.165970000000002,106.072309,464.28417300000001,907.56833299999994,15949.748831000001]
["Deckungsmasse nach Alter\nder Kredite in Bandbreiten -seasoning- residential+commercial",null," ≤12 Monate",">12 - ≤24 Monate",">24 - ≤36 Monate"," >36 - ≤60 Monate",">60 - ≤120 Monate","> 120 Monate"]
[null,"(Mio. €)",1661.8809779999999,2319.3034069999999,2224.661118,5046.0694859999994,5697.6133849999997,528.31124299999999]
["nicht anwendbar*= Für deutsche Pfandbriefe nicht anwendbar bzw. nicht im Pfandbriefgesetz vorgesehen"]

{"sheet":"extended vdp-Template","index":9,"n_rows":40,"n_cols":8,"rows_kept":40,"cut":false,"hidden":false,"merged":[[11,3,11,5],[13,3,13,5],[14,3,14,5],[15,3,15,5],[2,3,2,5],[3,3,3,5],[4,3,4,5],[5,3,5,5],[6,3,6,5],[8,3,8,5]]}
["Mortgage Pfandbriefe","Q 4 2023"]
["Cover pool (nom.)","(mn. €)",18517.839617000001,"Pfandbriefe outstanding (nom).",null,null,"(mn. €)",17620.575263999999]
["Weighted Average Life (WAL) of cover pool (Total)","Years",4.2,"WAL of outstanding Pfandbriefe (Total)",null,null,"Years",5.4]
["Share of \"insured mortgages\"","%",100,"Is there a possibility of maturity extension?",null,null,"Yes/No","Yes"]
["Are insurances part of the cover pool register?",null,"Yes","Maximum potential maturity extension period?",null,null,"Months",12]
["Are guaranteed loans included in the cover pool?","Yes/No","Not applicable*","Is maturity extension regulated by law?",null,null,"Yes/No","Yes"]
["Share of guaranteed loans","%","Not applicable*","Are pass-through structures included?",null,null,"Yes/No","Not applicable*"]
["Legal overcollateralisation (nominal + npv based on stress scenarios)","%","2 % + 2 %"]
["Are self certified loans part of the cover pool?","Yes/No","Not applicable*","Total amount lent to 10 lagest borrowers",null,null,"(mn. €)",3335.851377]
["Are limited certified loans part of the cover pool?","Yes/No","Not applicable*"]
["Percentage of non first lien mortgages","% ","Not applicable*",null,null," ","Residential","Commercial"]
["Are ABS part of the cover pool?","Yes/No","Not applicable*","Number of borrowers",null,null,625,667]
["\"interest only loans\"","(mn. €)",10870.570194,"Number of loans",null,null,668,733]
["Central bank eligible securities","(mn. €) ",990,"Number of properties",null,null,3041,1636]
["Breakdown of exposures to central banks and credit institutions within the meaning of sec. 28(1) no.8 by credit quality step",null,null,"Owner-occupied dwellings in the cover pool (mn. €)",null,null,4.2379819999999997]
["Credit quality step 1","(mn. €)",247.5,"Multi-family houses in the cover pool ( mn.€)",null,null,5740.2094539999998]
["Credit quality step 2","(mn. €)",387.5,null,null,null," "]
["Are derivatives included in the cover pool?","Y/N",{"$f":"IF(C20<>0,\"Y\",\"N\")","v":"N"}]
[]
["Net present value of derivatives in the cover pool","(mn. €)"]
["Currency positions (nominal)","(mn. €)","Pfandbriefe","Cover pool"]
["EUR",null,17404.592542999999,18517.839618000002]
["AUD"]
["CAD"]
["CHF",null,215.982721]
["CZK"]
["DKK"]
["GBP"]
["HKD",{"$nulls":5}," "]
["JPY"]
["NOK"]
["SEK"]
["USD"]
["Rating agency",null,"Fitch","Moody´s","S&P","DBRS","Scope"]
["Current Pfandbrief rating",null,null,"Aaa"]
["Cover pool by LTV buckets",null,"0- ≤20"," >20- ≤30",">30- ≤40",">40- ≤50",">50- ≤60"]
[null,"(mn. €)",50.165970000000002,106.072309,464.28417300000001,907.56833299999994,15949.748831000001]
["Cover pool by age of loans (seasoning) in buckets\nResidential+commercial",null," ≤12 months",">12 - ≤24 months",">24 - ≤36 months"," >36 - ≤60 months",">60 - ≤120 months","> 120 months"]
[null,"(mn. €)",1661.8809779999999,2319.3034069999999,2224.661118,5046.0694859999994,5697.6133849999997,528.31124299999999]
["not applicable*= for German Pfandbriefe not applicable respectively not intended by the Pfandbrief act"]

{"sheet":"E. Optional ECB-ECAIs data","index":10,"n_rows":90,"n_cols":10,"rows_kept":90,"cut":false,"hidden":false,"merged":[[0,0,0,1]]}
["This addendum is optional"]
["E. Harmonised Transparency Template - Optional ECB - ECAIs Data Disclosure",{"$nulls":4},"HTT 2023"]
[]
[null,"Reporting in Domestic Currency","EUR",{"$nulls":5}," Reason for No Data in Worksheet E. ","Value"]
[{"$nulls":8},"Not applicable for the jurisdiction ","ND1"]
[null,"CONTENT OF TAB E",{"$nulls":6},"Not relevant for the issuer and/or CB programme at the present time","ND2"]
[null,"1. Additional information on the programme",{"$nulls":6},"Not available at the present time","ND3"]
[null,"2.  Additional information on the swaps",{"$nulls":6},"Confidential","ND4"]
[null,"3.  Additional information on the asset distribution"]
[{"$nulls":8},"* Legal Entity Identifier (LEI) finder: http://www.lei-lookup.com/#!search"]
[{"$nulls":8},"** Weighted Average Maturity = Remaining Term to Maturity"]
["Field Number","1.  Additional information on the programme"]
[null,"Transaction Counterparties","Name","Legal Entity Identifier (LEI)*"]
["E.1.1.1","Sponsor (if applicable)","ND1","ND1"]
["E.1.1.2","Servicer ","ND1","ND1"]
["E.1.1.3","Back-up servicer","ND1","ND1"]
["E.1.1.4","BUS facilitator","ND1","ND1"]
["E.1.1.5","Cash manager ","ND1","ND1"]
["E.1.1.6","Back-up cash manager","ND1","ND1"]
["E.1.1.7","Account bank","ND1","ND1"]
["E.1.1.8","Standby account bank","ND1","ND1"]
["E.1.1.9","Account bank guarantor","ND1","ND1"]
["E.1.1.10","Trustee","ND1","ND1"]
["E.1.1.11","Cover Pool Monitor","ND4","ND4"]
["OE.1.1.1","where applicable - paying agent","[For completion]","[For completion]"]
["OE.1.1.2"]
["OE.1.1.3"]
["OE.1.1.4"]
["OE.1.1.5"]
["OE.1.1.6"]
["OE.1.1.7"]
["OE.1.1.8"]
[null,"2.  Additional information on the swaps"]
[null,"Swap Counterparties","Guarantor (if applicable)","Legal Entity Identifier (LEI)*","Type of Swap"]
["E.2.1.1","Example Bank","ND4","ND4","ND4"]
["E.2.1.2","Counterparty 2","[For completion]","[For completion]","[For completion]"]
["E.2.1.3","Counterparty 3","[For completion]","[For completion]","[For completion]"]
["E.2.1.4","Counterparty 4","[For completion]","[For completion]","[For completion]"]
["E.2.1.5","Counterparty 5","[For completion]","[For completion]","[For completion]"]
["E.2.1.6","Counterparty 6","[For completion]","[For completion]","[For completion]"]
["E.2.1.7","Counterparty 7","[For completion]","[For completion]","[For completion]"]
["E.2.1.8","Counterparty 8","[For completion]","[For completion]","[For completion]"]
["E.2.1.9","Counterparty 9","[For completion]","[For completion]","[For completion]"]
["E.2.1.10","Counterparty 10","[For completion]","[For completion]","[For completion]"]
["E.2.1.11","Counterparty 11","[For completion]","[For completion]","[For completion]"]
["E.2.1.12","Counterparty 12","[For completion]","[For completion]","[For completion]"]
["E.2.1.13","Counterparty 13","[For completion]","[For completion]","[For completion]"]
["E.2.1.14","Counterparty 14","[For completion]","[For completion]","[For completion]"]
["E.2.1.15","Counterparty 15","[For completion]","[For completion]","[For completion]"]
["E.2.1.16","Counterparty 16","[For completion]","[For completion]","[For completion]"]
["E.2.1.17","Counterparty 17","[For completion]","[For completion]","[For completion]"]
["E.2.1.18","Counterparty 18","[For completion]","[For completion]","[For completion]"]
["E.2.1.19","Counterparty 19","[For completion]","[For completion]","[For completion]"]
["E.2.1.20","Counterparty 20","[For completion]","[For completion]","[For completion]"]
["E.2.1.21","Counterparty 21","[For completion]","[For completion]","[For completion]"]
["E.2.1.22","Counterparty 22","[For completion]","[For completion]","[For completion]"]
["E.2.1.23","Counterparty 23","[For completion]","[For completion]","[For completion]"]
["E.2.1.24","Counterparty 24","[For completion]","[For completion]","[For completion]"]
["E.2.1.25","Counterparty 25","[For completion]","[For completion]","[For completion]"]
["OE.2.1.1"]
["OE.2.1.2"]
["OE.2.1.3"]
["OE.2.1.4"]
["OE.2.1.5"]
["OE.2.1.6"]
["OE.2.1.7"]
["OE.2.1.8"]
["OE.2.1.9"]
["OE.2.1.10"]
["OE.2.1.11"]
["OE.2.1.12"]
["OE.2.1.13"]
[null,"3.  Additional information on the asset distribution"]
[null,"1. General Information","Total Assets"]
["E.3.1.1","Weighted Average Seasoning (months)","ND2"]
["E.3.1.2","Weighted Average Maturity (months)**","ND2"]
["OE.3.1.1"]
["OE.3.1.2"]
["OE.3.1.3"]
["OE.3.1.4"]
[null,"2. Arrears","% Residential Loans","% Commercial Loans","% Public Sector Assets","% Shipping Loans","% Total Loans"]
["E.3.2.1","1-<30 days","ND2","ND2","ND2","ND2","ND2"]
["E.3.2.2","30-<60 days","ND2","ND2","ND2","ND2","ND2"]
["E.3.2.3","60-<90 days","ND2","ND2","ND2","ND2","ND2"]
["E.3.2.4","90-<180 days","ND2","ND2","ND2","ND2","ND2"]
["E.3.2.5",">= 180 days","ND2","ND2","ND2","ND2","ND2"]
["OE.3.2.1"]
["OE.3.2.2"]
["OE.3.2.3"]
["OE.3.2.4"]

{"sheet":"F1. Sustainable M data","index":11,"n_rows":640,"n_cols":7,"rows_kept":640,"cut":false,"hidden":false,"merged":[[0,0,0,1],[24,1,24,2],[5,1,5,2],[6,1,6,2],[7,1,7,2],[8,1,8,2],[9,1,9,2],[13,1,13,2]]}
[]
["F1. Harmonised Transparency Template - Sustainable Mortgage Data",{"$nulls":4},"HTT 2023"]
[]
[null,"Reporting in Domestic Currency","EUR"]
[]
[null,"CONTENT OF TAB F1"]
[null,"1.  Share of sustainable loans in the total mortgage program"]
[null,"2. Additional information on the sustainable section of the mortgage stock"]
[null,"2A. Sustainable Residential Cover Pool"]
[null,"2B. Sustainable Commercial Cover Pool"]
[]
[]
[]
[null,"1.  Share of sustainable loans in the total mortgage program"]
[null,"1. Amount of sustainable loans ","Nominal (mn)","Number of loans",null,"% Nominal (mn) to total mortgage program","% No. of Loans to total mortgage program"]
["SM.1.1.1","EE mortgage loans",6601.2810449999997,432,null,{"$f":"IF(OR('B1. HTT Mortgage Assets'!$C$15=0,C16=\"[For completion]\"),\"\",C16/'B1. HTT Mortgage Assets'!$C$15)","v":0.37769433681555953},{"$f":"IF(OR('B1. HTT Mortgage Assets'!$F$28=0,D16=\"[For completion]\"),\"\",D16/'B1. HTT Mortgage Assets'!$F$28)","v":0.30835117773019272}]
["SM.1.1.2","Social impact mortgage loans","[For completion]","[For completion]",null,{"$f":"IF(OR('B1. HTT Mortgage Assets'!$C$15=0,C17=\"[For completion]\"),\"\",C17/'B1. HTT Mortgage Assets'!$C$15)","v":""},{"$f":"IF(OR('B1. HTT Mortgage Assets'!$F$28=0,D17=\"[For completion]\"),\"\",D17/'B1. HTT Mortgage Assets'!$F$28)","v":""}]
["SM.1.1.3","other ","[For completion]","[For completion]",null,{"$f":"IF(OR('B1. HTT Mortgage Assets'!$C$15=0,C18=\"[For completion]\"),\"\",C18/'B1. HTT Mortgage Assets'!$C$15)","v":""},{"$f":"IF(OR('B1. HTT Mortgage Assets'!$F$28=0,D18=\"[For completion]\"),\"\",D18/'B1. HTT Mortgage Assets'!$F$28)","v":""}]
["SM.1.1.4","Total sustainable mortgage loans",{"$f":"SUM(C16:C18)","v":6601.2810449999997},{"$f":"SUM(D16:D18)","v":432},null,{"$f":"SUM(F16:F18)","v":0.37769433681555953},{"$f":"SUM(G16:G18)","v":0.30835117773019272}]
["OSM.1.1.1","o/w [If relevant, please specify]"]
["OSM.1.1.2","o/w [If relevant, please specify]"]
["OSM.1.1.3","o/w [If relevant, please specify]"]
["OSM.1.1.4","o/w [If relevant, please specify]"]
["OSM.1.1.5","o/w [If relevant, please specify]"]
[null,"2. Additional information on the sustainable section of the mortgage stock"]
[null,"1. Sustainable Property Type Information","Nominal (mn)",null,null,"% Total sustainable Mortgages"]
["SM.2.1.1","Residential",590.38968999999997,null,null,{"$f":"IF($C$30=0,\"\",IF(C27=\"[For completion]\",\"\",C27/$C$30))","v":8.9435624149702922E-2}]
["SM.2.1.2","Commercial",6010.8913499999999,null,null,{"$f":"IF($C$30=0,\"\",IF(C28=\"[For completion]\",\"\",C28/$C$30))","v":0.91056437585029704}]
["SM.2.1.3","Other","[For completion]",null,null,{"$f":"IF($C$30=0,\"\",IF(C29=\"[For completion]\",\"\",C29/$C$30))","v":""}]
["SM.2.1.4","Total",{"$f":"SUM(C27:C29)","v":6601.2810399999998},null,null,{"$f":"SUM(F27:F29)","v":1}]
["OSM.2.1.1","o/w Forest & Agriculture",null,null,null,{"$f":"IF($C$30=0,\"\",IF(C31=\"[For completion]\",\"\",C31/$C$30))","v":0}]
["OSM.2.1.2","o/w EE residential",null,null,null,0]
["OSM.2.1.3","o/w EE commercial",null,null,null,0]
["OSM.2.1.4","o/w EE other",null,null,null,0]
["OSM.2.1.5","EE total",null,null,null,0]
["OSM.2.1.6","o/w Social residential ",null,null,null,0]
["OSM.2.1.7","o/wSocial Commercial ",null,null,null,0]
["OSM.2.1.8","o/w social other",null,null,null,0]
["OSM.2.1.9","social tot",null,null,null,0]
["OSM.2.1.10","o/w Renewable Energy and Renewable Energy Transmission"]
["OSM.2.1.11","o/w [If relevant, please specify]"]
["OSM.2.1.12","o/w [If relevant, please specify]"]
["OSM.2.1.13","o/w [If relevant, please specify]"]
["OSM.2.1.14","o/w [If relevant, please specify]"]
["OSM.2.1.15","o/w [If relevant, please specify]"]
["OSM.2.1.16","o/w [If relevant, please specify]"]
["OSM.2.1.17","o/w [If relevant, please specify]"]
["OSM.2.1.18","o/w [If relevant, please specify]"]
[null,"2. General Information","Residential Loans","Commercial Loans",null,"Total sustainable Mortgages"]
["SM.2.2.1","Number of sustainable mortgage loans",58,374,null,100]
["OSM.2.2.1","Optional information eg, Number of borrowers"]
["OSM.2.2.2","Optional information eg, Number of guarantors"]
["OSM.2.2.3"]
["OSM.2.2.4"]
["OSM.2.2.5"]
["OSM.2.2.6"]
[null,"3. Concentration Risks","% Residential Loans","% Commercial Loans",null,"% Total Sustainable Mortgages"]
["SM.2.3.1","10 largest exposures ",0.54400000000000004,0.16500000000000001,null,0.19900000000000001]
["OSM.2.3.1"]
["OSM.2.3.2"]
["OSM.2.3.3"]
["OSM.2.3.4"]
["OSM.2.3.5"]
["OSM.2.3.6"]
[null,"4. Breakdown by Geography ","% Residential Loans","% Commercial Loans",null,"% Total Sustainable Mortgages"]
["SM.2.4.1","European Union",{"$f":"SUM(C67:C93)","v":0.99999999999999989},{"$f":"SUM(D67:D93)","v":1},null,{"$f":"SUM(F67:F93)","v":0.99970000000000003}]
["SM.2.4.2","Austria","[For completion]","[For completion]",null,"[For completion]"]
["SM.2.4.3","Belgium","[For completion]","[For completion]",null,"[For completion]"]
["SM.2.4.4","Bulgaria","[For completion]","[For completion]",null,"[For completion]"]
["SM.2.4.5","Croatia","[For completion]","[For completion]",null,"[For completion]"]
["SM.2.4.6","Cyprus","[For completion]","[For completion]",null,"[For completion]"]
["SM.2.4.7","Czechia","[For completion]",1.4999999999999999E-2,null,1.2999999999999999E-2]
["SM.2.4.8","Denmark","[For completion]","[For completion]",null,"[For completion]"]
["SM.2.4.9","Estonia","[For completion]","[For completion]",null,"[For completion]"]
["SM.2.4.10","Finland","[For completion]","[For completion]",null,"[For completion]"]
["SM.2.4.11","France","[For completion]",9.6999999999999989E-2,null,8.900000000000001E-2]
["SM.2.4.12","Germany",0.78099999999999992,0.51900000000000002,null,0.54270000000000007]
["SM.2.4.13","Greece","[For completion]","[For completion]",null,"[For completion]"]
["SM.2.4.14","Netherlands",0.219,0.214,null,0.214]
["SM.2.4.15","Hungary","[For completion]","[For completion]",null,"[For completion]"]
["SM.2.4.16","Ireland","[For completion]","[For completion]",null,"[For completion]"]
["SM.2.4.17","Italy","[For completion]","[For completion]",null,"[For completion]"]
["SM.2.4.18","Latvia","[For completion]","[For completion]",null,"[For completion]"]
["SM.2.4.19","Lithuania","[For completion]","[For completion]",null,"[For completion]"]
["SM.2.4.20","Luxembourg","[For completion]","[For completion]",null,"[For completion]"]
["SM.2.4.21","Malta","[For completion]","[For completion]",null,"[For completion]"]
["SM.2.4.22","Poland","[For completion]",0.155,null,0.14099999999999999]
["SM.2.4.23","Portugal","[For completion]","[For completion]",null,"[For completion]"]
["SM.2.4.24","Romania","[For completion]","[For completion]",null,"[For completion]"]
["SM.2.4.25","Slovakia","[For completion]","[For completion]",null,"[For completion]"]
["SM.2.4.26","Slovenia","[For completion]","[For completion]",null,"[For completion]"]
["SM.2.4.27","Spain","[For completion]","[For completion]",null,"[For completion]"]
["SM.2.4.28","Sweden","[For completion]","[For completion]",null,"[For completion]"]
["SM.2.4.29","European Economic Area (not member of EU)",{"$f":"SUM(C95:C97)","v":0},{"$f":"SUM(D95:D97)","v":0},null,{"$f":"SUM(F95:F97)","v":0}]
["SM.2.4.30","Iceland","[For completion]","[For completion]",null,"[For completion]"]
["SM.2.4.31","Liechtenstein","[For completion]","[For completion]",null,"[For completion]"]
["SM.2.4.32","Norway","[For completion]","[For completion]",null,"[For completion]"]
["SM.2.4.33","Other",{"$f":"SUM(C99:C109)","v":0},{"$f":"SUM(D99:D109)","v":0},null,{"$f":"SUM(F99:F109)","v":0}]
["SM.2.4.34","Switzerland","[For completion]","[For completion]",null,"[For completion]"]
["SM.2.4.35","United Kingdom","[For completion]","[For completion]",null,"[For completion]"]
["SM.2.4.36","Australia","[For completion]","[For completion]",null,"[For completion]"]
["SM.2.4.37","Brazil","[For completion]","[For completion]",null,"[For completion]"]
["SM.2.4.38","Canada","[For completion]","[For completion]",null,"[For completion]"]
["SM.2.4.39","Japan","[For completion]","[For completion]",null,"[For completion]"]
["SM.2.4.40","Korea","[For completion]","[For completion]",null,"[For completion]"]
["SM.2.4.41","New Zealand","[For completion]","[For completion]",null,"[For completion]"]
["SM.2.4.42","Singapore","[For completion]","[For completion]",null,"[For completion]"]
["SM.2.4.43","US","[For completion]","[For completion]",null,"[For completion]"]
["SM.2.4.44","Other","[For completion]","[For completion]",null,"[For completion]"]
["SM.2.4.45","o/w [If relevant, please specify]"]
["SM.2.4.46","o/w [If relevant, please specify]"]
["SM.2.4.47","o/w [If relevant, please specify]"]
["SM.2.4.48","o/w [If relevant, please specify]"]
["SM.2.4.49","o/w [If relevant, please specify]"]
["SM.2.4.50","o/w [If relevant, please specify]"]
["SM.2.4.51","o/w [If relevant, please specify]"]
["SM.2.4.52","o/w [If relevant, please specify]"]
["SM.2.4.53","o/w [If relevant, please specify]"]
["SM.2.4.54","o/w [If relevant, please specify]"]
[null,"5. Breakdown by regions of main country of origin","% Residential Loans","% Commercial Loans",null,"% Total Mortgages"]
["SM.2.5.1","Baden-Württemberg",0.14099999999999999,4.9000000000000002E-2,null,5.8000000000000003E-2]
["SM.2.5.2","Bavaria",3.5999999999999997E-2,9.0999999999999998E-2,null,8.5999999999999993E-2]
["SM.2.5.3","Berlin",0.16300000000000001,6.6000000000000003E-2,null,7.4999999999999997E-2]
["SM.2.5.4","Brandenburg",1.4E-2,1.2E-2,null,1.2E-2]
["SM.2.5.5","Bremen",null,4.0000000000000001E-3,null,3.0000000000000001E-3]
["SM.2.5.6","Hamburg",6.7000000000000004E-2,3.1E-2,null,3.4000000000000002E-2]
["SM.2.5.7","Hesse",0.126,0.108,null,0.109]
["SM.2.5.8","Lower Saxony",3.0000000000000001E-3,0.01,null,9.0000000000000011E-3]
["SM.2.5.9","Mecklenburg-Western Pomerania",0.06,4.0000000000000001E-3,null,9.0000000000000011E-3]
["SM.2.5.10","North Rhine-Westphalia",9.8000000000000004E-2,0.115,null,0.113]
["SM.2.5.11","Rhineland-Palatinate",null,9.0000000000000011E-3,null,8.0000000000000002E-3]
["SM.2.5.12","Saarland",null,2E-3,null,2E-3]
["SM.2.5.13","Saxony",7.0999999999999994E-2,6.0000000000000001E-3,null,1.2E-2]
["SM.2.5.14","Saxony-Anhalt",2E-3,3.0000000000000001E-3,null,3.0000000000000001E-3]
["SM.2.5.15","Schleswig-Holstein",null,8.0000000000000002E-3,null,6.9999999999999993E-3]
["SM.2.5.16","Thuringia",null,2E-3,null,2E-3]
["SM.2.5.17","TBC at a country level","[For completion]","[For completion]",null,"[For completion]"]
["SM.2.5.18","TBC at a country level","[For completion]","[For completion]",null,"[For completion]"]
["SM.2.5.19","TBC at a country level","[For completion]","[For completion]",null,"[For completion]"]
["SM.2.5.20","TBC at a country level","[For completion]","[For completion]",null,"[For completion]"]
["SM.2.5.21","TBC at a country level","[For completion]","[For completion]",null,"[For completion]"]
["SM.2.5.22","TBC at a country level","[For completion]","[For completion]",null,"[For completion]"]
["SM.2.5.23","TBC at a country level","[For completion]","[For completion]",null,"[For completion]"]
["SM.2.5.24","TBC at a country level","[For completion]","[For completion]",null,"[For completion]"]
["SM.2.5.25","TBC at a country level","[For completion]","[For completion]",null,"[For completion]"]
["SM.2.5.26","TBC at a country level","[For completion]","[For completion]",null,"[For completion]"]
["SM.2.5.27","TBC at a country level","[For completion]","[For completion]",null,"[For completion]"]
["SM.2.5.28","TBC at a country level","[For completion]","[For completion]",null,"[For completion]"]
["SM.2.5.29","TBC at a country level","[For completion]","[For completion]",null,"[For completion]"]
["SM.2.5.30","TBC at a country level","[For completion]","[For completion]",null,"[For completion]"]
["SM.2.5.31","TBC at a country level","[For completion]","[For completion]",null,"[For completion]"]
["SM.2.5.32","TBC at a country level","[For completion]","[For completion]",null,"[For completion]"]
["SM.2.5.33","TBC at a country level","[For completion]","[For completion]",null,"[For completion]"]
["SM.2.5.34","TBC at a country level","[For completion]","[For completion]",null,"[For completion]"]
["SM.2.5.35","TBC at a country level","[For completion]","[For completion]",null,"[For completion]"]
["SM.2.5.36","TBC at a country level","[For completion]","[For completion]",null,"[For completion]"]
["SM.2.5.37","TBC at a country level","[For completion]","[For completion]",null,"[For completion]"]
["SM.2.5.38","TBC at a country level","[For completion]","[For completion]",null,"[For completion]"]
["SM.2.5.39","TBC at a country level","[For completion]","[For completion]",null,"[For completion]"]
["SM.2.5.40","TBC at a country level","[For completion]","[For completion]",null,"[For completion]"]
["SM.2.5.41","TBC at a country level","[For completion]","[For completion]",null,"[For completion]"]
["SM.2.5.42","TBC at a country level","[For completion]","[For completion]",null,"[For completion]"]
["SM.2.5.43","TBC at a country level","[For completion]","[For completion]",null,"[For completion]"]
["SM.2.5.44","TBC at a country level","[For completion]","[For completion]",null,"[For completion]"]
["SM.2.5.45","TBC at a country level","[For completion]","[For completion]",null,"[For completion]"]
["SM.2.5.46","TBC at a country level","[For completion]","[For completion]",null,"[For completion]"]
["SM.2.5.47","TBC at a country level","[For completion]","[For completion]",null,"[For completion]"]
["SM.2.5.48","TBC at a country level","[For completion]","[For completion]",null,"[For completion]"]
["SM.2.5.49","TBC at a country level","[For completion]","[For completion]",null,"[For completion]"]
["SM.2.5.50","TBC at a country level","[For completion]","[For completion]",null,"[For completion]"]
[null,"6. Breakdown by Interest Rate","% Residential Loans","% Commercial Loans",null,"% Total Mortgages"]
["SM.2.6.1","Fixed rate",0.79500000000000004,0.70700000000000007,null,0.71499999999999997]
["SM.2.6.2","Floating rate",0.20499999999999999,0.29299999999999998,null,0.28499999999999998]
["SM.2.6.3","Other","[For completion]","[For completion]",null,"[For completion]"]
["OSM.2.6.1"]
["OSM.2.6.2"]
["OSM.2.6.3"]
["OSM.2.6.4"]
["OSM.2.6.5"]
["OSM.2.6.6"]
[null,"7. Breakdown by Repayment Type","% Residential Loans","% Commercial Loans",null,"% Total Mortgages"]
["SM.2.7.1","Bullet / interest only",0.78599999999999992,0.59299999999999997,null,0.61]
["SM.2.7.2","Amortising",3.1E-2,5.2999999999999999E-2,null,5.0999999999999997E-2]
["SM.2.7.3","Other",0.183,0.35399999999999998,null,0.33900000000000002]
["OSM.2.7.1"]
["OSM.2.7.2"]
["OSM.2.7.3"]
["OSM.2.7.4"]
["OSM.2.7.5"]
["OSM.2.7.6"]
[null,"8. Loan Seasoning ","% Residential Loans","% Commercial Loans",null,"% Total Mortgages"]
["SM.2.8.1","Up to 12months","ND3","ND3",null,0.188]
["SM.2.8.2","≥  12 - ≤ 24 months","ND3","ND3",null,0.20899999999999999]
["SM.2.8.3","≥ 24 - ≤ 36 months","ND3","ND3",null,0.186]
["SM.2.8.4","≥ 36 - ≤ 60 months","ND3","ND3",null,0.24]
["SM.2.8.5","≥ 60 months","ND3","ND3",null,0.17799999999999999]
["OSM.2.8.1"]
["OSM.2.8.2"]
["OSM.2.8.3"]
["OSM.2.8.4"]
[null,"9. Non-Performing Loans (NPLs)","% Residential Loans","% Commercial Loans",null,"% Total Mortgages"]
["SM.2.9.1","% NPLs",0,0,null,0]
["OSM.2.9.1"]
["OSM.2.9.2"]
["OSM.2.9.3"]
["OSM.2.9.4"]
["OSM.2.9.5"]
["OSM.2.9.6"]
["OSM.2.9.7"]
[null,"A. Residential Cover Pool"]
[null,"10. Loan Size Information","Nominal","Number of Loans",null,"% Residential Loans","% No. of Loans"]
["SM.2A.10.1","Average loan size (000s)",10179.129999999999,58]
[]
[null,"By buckets (mn):"]
["SM.2A.10.2","Up to 300,000 Euros",0.53089999999999993,4,null,{"$f":"IF($C$239=0,\"\",IF(C215=\"[for completion]\",\"\",IF(C215=\"\",\"\",C215/$C$239)))","v":8.9923657034051514E-4},{"$f":"IF($D$239=0,\"\",IF(D215=\"[for completion]\",\"\",IF(D215=\"\",\"\",D215/$D$239)))","v":6.8965517241379309E-2}]
["SM.2A.10.3","More than 300,000 Euros up to 1 mn. Euros",3.2369400000000002,5,null,5.4827176944773548E-3,8.6206896551724144E-2]
["SM.2A.10.4","More than 1 mn. Euros up to 10 mn. Euros",91.655820000000006,28,null,0.15524630858645247,0.48275862068965519]
["SM.2A.10.5","More than 10 mn. Euros",494.96602999999999,21,null,0.8383717371487297,0.36206896551724138]
["SM.2A.10.6","TBC at a country level","[For completion]","[For completion]",null,"",""]
["SM.2A.10.7","TBC at a country level","[For completion]","[For completion]",null,"",""]
["SM.2A.10.8","TBC at a country level","[For completion]","[For completion]",null,"",""]
["SM.2A.10.9","TBC at a country level","[For completion]","[For completion]",null,"",""]
["SM.2A.10.10","TBC at a country level","[For completion]","[For completion]",null,"",""]
["SM.2A.10.11","TBC at a country level","[For completion]","[For completion]",null,"",""]
["SM.2A.10.12","TBC at a country level","[For completion]","[For completion]",null,"",""]
["SM.2A.10.13","TBC at a country level","[For completion]","[For completion]",null,"",""]
["SM.2A.10.14","TBC at a country level","[For completion]","[For completion]",null,"",""]
["SM.2A.10.15","TBC at a country level","[For completion]","[For completion]",null,"",""]
["SM.2A.10.16","TBC at a country level","[For completion]","[For completion]",null,"",""]
["SM.2A.10.17","TBC at a country level","[For completion]","[For completion]",null,"",""]
["SM.2A.10.18","TBC at a country level","[For completion]","[For completion]",null,"",""]
["SM.2A.10.19","TBC at a country level","[For completion]","[For completion]",null,"",""]
["SM.2A.10.20","TBC at a country level","[For completion]","[For completion]",null,"",""]
["SM.2A.10.21","TBC at a country level","[For completion]","[For completion]",null,"",""]
["SM.2A.10.22","TBC at a country level","[For completion]","[For completion]",null,"",""]
["SM.2A.10.23","TBC at a country level","[For completion]","[For completion]",null,"",""]
["SM.2A.10.24","TBC at a country level","[For completion]","[For completion]",null,"",""]
["SM.2A.10.25","TBC at a country level","[For completion]","[For completion]",null,"",""]
["SM.2A.10.26","Total",{"$f":"SUM(C215:C238)","v":590.38968999999997},{"$f":"SUM(D215:D238)","v":58},null,{"$f":"SUM(F215:F238)","v":1},{"$f":"SUM(G215:G238)","v":1}]
[null,"11. Loan to Value (LTV) Information - UNINDEXED","Nominal","Number of Loans",null,"% Residential Loans","% No. of Loans"]
["SM.2A.11.1","Weighted Average LTV (%)",0.504]
[]
[null,"By LTV buckets (mn):"]
["SM.2A.11.2",">0 - <=40 %",66.062330000000003,"[For completion]",null,{"$f":"IF($C$252=0,\"\",IF(C244=\"[for completion]\",\"\",IF(C244=\"\",\"\",C244/$C$252)))","v":0.1118961443923589},{"$f":"IF($D$252=0,\"\",IF(D244=\"[for completion]\",\"\",IF(D244=\"\",\"\",D244/$D$252)))","v":""}]
["SM.2A.11.3",">40 - <=50 %",5.58195,"[For completion]",null,9.4546874624453561E-3,""]
["SM.2A.11.4",">50 - <=60 %",518.74540999999999,"[For completion]",null,0.87864916814519578,""]
["SM.2A.11.5",">60 - <=70 %","[For completion]","[For completion]",null,"",""]
["SM.2A.11.6",">70 - <=80 %","[For completion]","[For completion]",null,"",""]
["SM.2A.11.7",">80 - <=90 %","[For completion]","[For completion]",null,"",""]
["SM.2A.11.8",">90 - <=100 %","[For completion]","[For completion]",null,"",""]
["SM.2A.11.9",">100%","[For completion]","[For completion]",null,"",""]
["SM.2A.11.10","Total",{"$f":"SUM(C244:C251)","v":590.38968999999997},{"$f":"SUM(D244:D251)","v":0},null,{"$f":"SUM(F241:F251)","v":1},{"$f":"SUM(G241:G251)","v":0}]
["OSM.2A.11.1","o/w >100 - <=110 %"]
["OSM.2A.11.2","o/w >110 - <=120 %"]
["OSM.2A.11.3","o/w >120 - <=130 %"]
["OSM.2A.11.4","o/w >130 - <=140 %"]
["OSM.2A.11.5","o/w >140 - <=150 %"]
["OSM.2A.11.6","o/w >150 %"]
["OSM.2A.11.7"]
["OSM.2A.11.8"]
["OSM.2A.11.9"]
[null,"12. Loan to Value (LTV) Information - INDEXED ","Nominal","Number of Loans",null,"% Residential Loans","% No. of Loans"]
["SM.2A.12.1","Weighted Average LTV (%)","ND1"]
[]
[null,"By LTV buckets (mn):"]
["SM.2A.12.2",">0 - <=40 %","ND1","ND1",null,{"$f":"IF($C$274=0,\"\",IF(C266=\"[for completion]\",\"\",IF(C266=\"\",\"\",C266/$C$274)))","v":""},{"$f":"IF($D$274=0,\"\",IF(D266=\"[for completion]\",\"\",IF(D266=\"\",\"\",D266/$D$274)))","v":""}]
["SM.2A.12.3",">40 - <=50 %","ND1","ND1",null,"",""]
["SM.2A.12.4",">50 - <=60 %","ND1","ND1",null,"",""]
["SM.2A.12.5",">60 - <=70 %","ND1","ND1",null,"",""]
["SM.2A.12.6",">70 - <=80 %","ND1","ND1",null,"",""]
["SM.2A.12.7",">80 - <=90 %","ND1","ND1",null,"",""]
["SM.2A.12.8",">90 - <=100 %","ND1","ND1",null,"",""]
["SM.2A.12.9",">100%","ND1","ND1",null,"",""]
["SM.2A.12.10","Total",{"$f":"SUM(C266:C273)","v":0},{"$f":"SUM(D266:D273)","v":0},null,{"$f":"SUM(F266:F273)","v":0},{"$f":"SUM(G266:G273)","v":0}]
["OSM.2A.12.1","o/w >100 - <=110 %"]
["OSM.2A.12.2","o/w >110 - <=120 %"]
["OSM.2A.12.3","o/w >120 - <=130 %"]
["OSM.2A.12.4","o/w >130 - <=140 %"]
["OSM.2A.12.5","o/w >140 - <=150 %"]
["OSM.2A.12.6","o/w >150 %"]
["OSM.2A.12.7"]
["OSM.2A.12.8"]
["OSM.2A.12.9"]
[null,"13. Breakdown by type","% Residential Loans"]
["SM.2A.13.1","Owner occupied","[For completion]"]
["SM.2A.13.2","Second home/Holiday houses","[For completion]"]
["SM.2A.13.3","Buy-to-let/Non-owner occupied",1]
["SM.2A.13.4","Subsidised housing ","[For completion]"]
["SM.2A.13.5","Agricultural","[For completion]"]
["SM.2A.13.6","Other","[For completion]"]
["OSM.2A.13.1","o/w Private rental"]
["OSM.2A.13.2","o/w Multi-family housing "]
["OSM.2A.13.3","o/w Buildings under construction "]
["OSM.2A.13.4","o/w Buildings land"]
["OSM.2A.13.5","o/w [If relevant, please specify]"]
["OSM.2A.13.6","o/w [If relevant, please specify]"]
["OSM.2A.13.7","o/w [If relevant, please specify]"]
["OSM.2A.13.8","o/w [If relevant, please specify]"]
["OSM.2A.13.9","o/w [If relevant, please specify]"]
["OSM.2A.13.10","o/w [If relevant, please specify]"]
[null,"14. Loan by Ranking","% Residential Loans"]
["SM.2A.14.1","1st lien / No prior ranks","ND3"]
["SM.2A.14.2","Guaranteed","ND3"]
["SM.2A.14.3","Other","ND3"]
["OSM.2A.14.1"]
["OSM.2A.14.2"]
["OSM.2A.14.3"]
[null,"15. Energy Performance information of the financed RRE","Nominal (mn)","Number of dwellings",null,"% Residential Loans","% No. of Dwellings"]
["SM.2A.15.1","A+",32.099983000000002,"ND3",null,{"$f":"IF($C$327=0,\"\",IF(C309=\"[for completion]\",\"\",IF(C309=\"\",\"\",C309/$C$327)))","v":5.4370839092544927E-2},{"$f":"IF($D$327=0,\"\",IF(D309=\"[for completion]\",\"\",IF(D309=\"\",\"\",D309/$D$327)))","v":""}]
["SM.2A.15.2","A",196.94898000000001,"ND3",null,0.33359149445720421,""]
["SM.2A.15.3","B",200.5351,"ND3",null,0.3396656519882707,""]
["SM.2A.15.4","C",0.75,"ND3",null,1.2703473805393819E-3,""]
["SM.2A.15.5","D","[For completion]","[For completion]",null,"",""]
["SM.2A.15.6","E","[For completion]","[For completion]",null,"",""]
["SM.2A.15.7","F","[For completion]","[For completion]",null,"",""]
["SM.2A.15.8","G","[For completion]","[For completion]",null,"",""]
["SM.2A.15.9","H","[For completion]","[For completion]",null,"",""]
["SM.2A.15.10","TBC at a country level","[For completion]","[For completion]",null,"",""]
["SM.2A.15.11","TBC at a country level","[For completion]","[For completion]",null,"",""]
["SM.2A.15.12","TBC at a country level","[For completion]","[For completion]",null,"",""]
["SM.2A.15.13","TBC at a country level","[For completion]","[For completion]",null,"",""]
["SM.2A.15.14","TBC at a country level","[For completion]","[For completion]",null,"",""]
["SM.2A.15.15","TBC at a country level","[For completion]","[For completion]",null,"",""]
["SM.2A.15.16","TBC at a country level","[For completion]","[For completion]",null,"",""]
["SM.2A.15.17","TBC at a country level","[For completion]","[For completion]",null,"",""]
["SM.2A.15.18","no data",160.05563000000001,"ND3",null,0.27110166708144073,""]
["SM.2A.15.19","Total",{"$f":"SUM(C309:C326)","v":590.38969300000008},{"$f":"SUM(D309:D326)","v":0},null,{"$f":"SUM(F309:F326)","v":1},{"$f":"SUM(G319:G326)","v":0}]
["OSM.2A.15.1"]
["OSM.2A.15.2"]
["OSM.2A.15.3"]
[null,"16. Primary Energy intensity (kWh/m2 per year)","Nominal (mn)","Number of dwellings",null,"% Residential Loans","% No. of Dwellings"]
["SM.2A.16.1","≤ 30",12.72,"ND3",null,{"$f":"IF($C$350=0,\"\",IF(C332=\"[for completion]\",\"\",IF(C332=\"\",\"\",C332/$C$350)))","v":2.1545091683426925E-2},{"$f":"IF($D$350=0,\"\",IF(D332=\"[for completion]\",\"\",IF(D332=\"\",\"\",D332/$D$350)))","v":""}]
["SM.2A.16.2","> 30 - ≤ 50",96.852999999999994,"ND3",null,0.1640492739634393,""]
["SM.2A.16.3","> 50 - ≤ 75",328.11923000000002,"ND3",null,0.55576720860420181,""]
["SM.2A.16.4","> 75 - ≤ 100",78.445160000000001,"ND3",null,0.13287013870448858,""]
["SM.2A.16.5","> 100 - ≤ 130",0.42426000000000003,"ND3",null,7.1861010987505562E-4,""]
["SM.2A.16.6","> 130 - ≤ 160",55.454360000000001,"ND3",null,9.3928401764603986E-2,""]
["SM.2A.16.7","> 160 - ≤ 200",1.008,"ND3",null,1.7073468881206243E-3,""]
["SM.2A.16.8","> 200 - ≤ 250",0,"ND3",null,0,""]
["SM.2A.16.9","> 250",0.49380000000000002,"ND3",null,8.3639671959718684E-4,""]
["SM.2A.16.10","TBC at a country level","[For completion]","[For completion]",null,"",""]
["SM.2A.16.11","TBC at a country level","[For completion]","[For completion]",null,"",""]
["SM.2A.16.12","TBC at a country level","[For completion]","[For completion]",null,"",""]
["SM.2A.16.13","TBC at a country level","[For completion]","[For completion]",null,"",""]
["SM.2A.16.14","TBC at a country level","[For completion]","[For completion]",null,"",""]
["SM.2A.16.15","TBC at a country level","[For completion]","[For completion]",null,"",""]
["SM.2A.16.16","TBC at a country level","[For completion]","[For completion]",null,"",""]
["SM.2A.16.17","TBC at a country level","[For completion]","[For completion]",null,"",""]
["SM.2A.16.18","no data",16.871880000000001,"ND3",null,2.8577531562246627E-2,""]
["SM.2A.16.19","Total",{"$f":"SUM(C332:C349)","v":590.38968999999997},{"$f":"SUM(D332:D349)","v":0},null,{"$f":"SUM(F332:F349)","v":1},{"$f":"SUM(G332:G349)","v":0}]
["OSM.2A.16.1"]
["OSM.2A.16.2"]
[null,"17. Property Age Structure","Nominal (mn)","Number of dwellings",null,"% Residential Loans","% No. of dwellings"]
["SM.2A.17.1","older than 1919",null,null,null,{"$f":"IF($C$367=0,\"\",IF(C354=\"[for completion]\",\"\",IF(C354=\"\",\"\",C354/$C$367)))","v":""},{"$f":"IF($D$367=0,\"\",IF(D354=\"[for completion]\",\"\",IF(D354=\"\",\"\",D354/$D$367)))","v":""}]
["SM.2A.17.2","1919 - 1945",null,null,null,"",""]
["SM.2A.17.3","1946 - 1960",2.6622300000000001,"ND3",null,4.5092759751491594E-3,""]
["SM.2A.17.4","1961 - 1970",21.389610000000001,"ND3",null,3.6229647510098759E-2,""]
["SM.2A.17.5","1971 - 1980",17.745100000000001,"ND3",null,3.0056589065039215E-2,""]
["SM.2A.17.6","1981 - 1990",16.297879999999999,"ND3",null,2.7605292829644312E-2,""]
["SM.2A.17.7","1991 - 2000",50.368989999999997,"ND3",null,8.5314821221129739E-2,""]
["SM.2A.17.8","2001 - 2005",6.6919499999999994,"ND3",null,1.1334801787185709E-2,""]
["SM.2A.17.9","2006 - 2010",16.483889999999999,"ND3",null,2.7920355924920637E-2,""]
["SM.2A.17.10","2011 - 2015",121.68937,"ND3",null,0.20611703443054763,""]
["SM.2A.17.11","2016 - 2020",226.48096000000001,"ND3",null,0.38361266748429618,""]
["SM.2A.17.12","2021 and onwards",110.5797,"ND3",null,0.1872995137719887,""]
["SM.2A.17.13","no data",null,null,null,"",""]
["SM.2A.17.14","Total",{"$f":"SUM(C354:C366)","v":590.38968},{"$f":"SUM(D354:D366)","v":0},null,{"$f":"SUM(F354:F366)","v":1},{"$f":"SUM(G354:G366)","v":0}]
["OSM.2A.17.1",{"$nulls":4},{"$f":"IF($C$350=0,\"\",IF(C368=\"[for completion]\",\"\",IF(C368=\"\",\"\",C368/$C$350)))","v":""},{"$f":"IF($D$350=0,\"\",IF(D368=\"[for completion]\",\"\",IF(D368=\"\",\"\",D368/$D$350)))","v":""}]
["OSM.2A.17.2"]
["OSM.2A.17.3"]
["OSM.2A.17.4"]
["OSM.2A.17.5"]
["OSM.2A.17.6"]
["OSM.2A.17.7"]
["OSM.2A.17.8"]
["OSM.2A.17.9"]
["OSM.2A.17.10"]
[null,"18. Dwelling type","Nominal (mn)","Number of dwellings",null,"% Residential Loans","% No. of dwellings"]
["SM.2A.18.1","House, detached or semi-detached","[For completion]","[For completion]",null,{"$f":"IF($C$386=0,\"\",IF(C379=\"[for completion]\",\"\",IF(C379=\"\",\"\",C379/$C$386)))","v":""},{"$f":"IF($D$386=0,\"\",IF(D379=\"[for completion]\",\"\",IF(D379=\"\",\"\",D379/$D$386)))","v":""}]
["SM.2A.18.2","Flat or Apartment","[For completion]","[For completion]",null,"",""]
["SM.2A.18.3","Bungalow","[For completion]","[For completion]",null,"",""]
["SM.2A.18.4","Terraced House","[For completion]","[For completion]",null,"",""]
["SM.2A.18.5","Multifamily House",590.38968999999997,"ND3",null,1,""]
["SM.2A.18.6","Land Only","[For completion]","[For completion]",null,"",""]
["SM.2A.18.7","other","[For completion]","[For completion]",null,"",""]
["SM.2A.18.8","Total",{"$f":"SUM(C379:C385)","v":590.38968999999997},{"$f":"SUM(D379:D385)","v":0},null,{"$f":"SUM(F379:F385)","v":1},{"$f":"SUM(G379:G385)","v":0}]
["OSM.2A.18.1"]
[null,"19. New Residential Property","Nominal (mn)","Number of dwellings",null,"% Residential Loans","% No. of dwellings"]
["SM.2A.19.1","New Proprety","[For completion]","[For completion]",null,{"$f":"IF($C$393=0,\"\",IF(C389=\"[for completion]\",\"\",IF(C389=\"\",\"\",C389/$C$393)))","v":""},{"$f":"IF($D$393=0,\"\",IF(D389=\"[for completion]\",\"\",IF(D389=\"\",\"\",D389/$D$393)))","v":""}]
["SM.2A.19.2","Existing Property","[For completion]","[For completion]",null,{"$f":"IF($C$393=0,\"\",IF(C390=\"[for completion]\",\"\",IF(C390=\"\",\"\",C390/$C$393)))","v":""},{"$f":"IF($D$393=0,\"\",IF(D390=\"[for completion]\",\"\",IF(D390=\"\",\"\",D390/$D$393)))","v":""}]
["SM.2A.19.3","other","[For completion]","[For completion]",null,{"$f":"IF($C$393=0,\"\",IF(C391=\"[for completion]\",\"\",IF(C391=\"\",\"\",C391/$C$393)))","v":""},{"$f":"IF($D$393=0,\"\",IF(D391=\"[for completion]\",\"\",IF(D391=\"\",\"\",D391/$D$393)))","v":""}]
["SM.2A.19.4","no data",590.38968999999997,"ND3",null,{"$f":"IF($C$393=0,\"\",IF(C392=\"[for completion]\",\"\",IF(C392=\"\",\"\",C392/$C$393)))","v":1},{"$f":"IF($D$393=0,\"\",IF(D392=\"[for completion]\",\"\",IF(D392=\"\",\"\",D392/$D$393)))","v":""}]
["SM.2A.19.5","Total",{"$f":"SUM(C389:C392)","v":590.38968999999997},{"$f":"SUM(D389:D392)","v":0},null,{"$f":"SUM(F389:F392)","v":1},{"$f":"SUM(G389:G392)","v":0}]
["OSM.2A.19.1"]
[null,"20. CO2 emission - by dwelling type - as per national availability","Ton CO2 (per year)","Ton CO2 (per year) (LTV adjusted)",null,"kg CO2/m2 (per year)"]
["SM.2A.20.1","House, detached or semi-detached","[For completion]","[For completion]",null,"[For completion]",{"$f":"IF($D$414=0,\"\",IF(D396=\"[for completion]\",\"\",IF(D396=\"\",\"\",D396/$D$414)))","v":""}]
["SM.2A.20.2","Flat or Apartment","[For completion]","[For completion]",null,"[For completion]",""]
["SM.2A.20.3","Bungalow","[For completion]","[For completion]",null,"[For completion]",""]
["SM.2A.20.4","Terraced House","[For completion]","[For completion]",null,"[For completion]",""]
["SM.2A.20.5","Multifamily House",2710.02,"ND3",null,"[For completion]",""]
["SM.2A.20.6","Land Only","[For completion]","[For completion]",null,"[For completion]",""]
["SM.2A.20.7","Other","[For completion]","[For completion]",null,"[For completion]",""]
["SM.2A.20.8","No data","[For completion]","[For completion]",null,"[For completion]",""]
["SM.2A.20.9","Total",2710,0,null,null,""]
["SM.2A.20.10","Weighted Average",null,null,null,"[For completion]",""]
["SM.2A.20.11"]
["SM.2A.20.12"]
["SM.2A.20.13"]
["SM.2A.20.14"]
["SM.2A.20.15"]
["SM.2A.20.16"]
["SM.2A.20.17"]
["SM.2A.20.18"]
["SM.2A.20.19"]
["SM.2A.20.20"]
["SM.2A.20.21"]
["SM.2A.20.22"]
["SM.2A.20.23"]
["SM.2A.20.24"]
["SM.2A.20.25"]
["SM.2A.20.26"]
["SM.2A.20.27"]
["SM.2A.20.28"]
["SM.2A.20.29"]
["SM.2A.20.30"]
["SM.2A.20.31"]
["SM.2A.20.32"]
["SM.2A.20.33"]
["SM.2A.20.34"]
["SM.2A.20.35"]
["SM.2A.20.36"]
["SM.2A.20.37"]
["SM.2A.20.38"]
["SM.2A.20.39"]
["SM.2A.20.40"]
["SM.2A.20.41"]
["SM.2A.20.42"]
["SM.2A.20.43"]
["SM.2A.20.44"]
["SM.2A.20.45"]
["SM.2A.20.46"]
["SM.2A.20.47"]
["SM.2A.20.48"]
[null,"B. Sustainable Commercial Cover Pool"]
[null,"21. Loan Size Information","Nominal","Number of Loans",null,"% Commercial Loans","% No. of Loans"]
["SM.2B.21.1","Average loan size (000s)",16071.9,374]
[]
[null,"By buckets (mn):"]
["SM.2B.21.2","Up to 300,000 Euros",0.73229,9,null,{"$f":"IF($C$473=0,\"\",IF(C449=\"[for completion]\",\"\",IF(C449=\"\",\"\",C449/$C$473)))","v":1.2182718937046302E-4},{"$f":"IF($D$473=0,\"\",IF(D449=\"[for completion]\",\"\",IF(D449=\"\",\"\",D449/$D$473)))","v":2.4064171122994651E-2}]
["SM.2B.21.3","More than 300,000 Euros up to 1 mn. Euros",16.741630000000001,30,null,2.7852158685496525E-3,8.0213903743315509E-2]
["SM.2B.21.4","More than 1 mn. Euros up to 10 mn. Euros",741.96114,162,null,0.1234361254534469,0.43315508021390375]
["SM.2B.21.5","More than 10 mn. Euros",5251.4562999999998,173,null,0.87365683148863305,0.46256684491978611]
["SM.2B.21.6","TBC at a country level","[For completion]","[For completion]",null,"",""]
["SM.2B.21.7","TBC at a country level","[For completion]","[For completion]",null,"",""]
["SM.2B.21.8","TBC at a country level","[For completion]","[For completion]",null,"",""]
["SM.2B.21.9","TBC at a country level","[For completion]","[For completion]",null,"",""]
["SM.2B.21.10","TBC at a country level","[For completion]","[For completion]",null,"",""]
["SM.2B.21.11","TBC at a country level","[For completion]","[For completion]",null,"",""]
["SM.2B.21.12","TBC at a country level","[For completion]","[For completion]",null,"",""]
["SM.2B.21.13","TBC at a country level","[For completion]","[For completion]",null,"",""]
["SM.2B.21.14","TBC at a country level","[For completion]","[For completion]",null,"",""]
["SM.2B.21.15","TBC at a country level","[For completion]","[For completion]",null,"",""]
["SM.2B.21.16","TBC at a country level","[For completion]","[For completion]",null,"",""]
["SM.2B.21.17","TBC at a country level","[For completion]","[For completion]",null,"",""]
["SM.2B.21.18","TBC at a country level","[For completion]","[For completion]",null,"",""]
["SM.2B.21.19","TBC at a country level","[For completion]","[For completion]",null,"",""]
["SM.2B.21.20","TBC at a country level","[For completion]","[For completion]",null,"",""]
["SM.2B.21.21","TBC at a country level","[For completion]","[For completion]",null,"",""]
["SM.2B.21.22","TBC at a country level","[For completion]","[For completion]",null,"",""]
["SM.2B.21.23","TBC at a country level","[For completion]","[For completion]",null,"",""]
["SM.2B.21.24","TBC at a country level","[For completion]","[For completion]",null,"",""]
["SM.2B.21.25","TBC at a country level","[For completion]","[For completion]",null,"",""]
["SM.2B.21.26","Total",{"$f":"SUM(C449:C472)","v":6010.8913599999996},{"$f":"SUM(D449:D472)","v":374},null,{"$f":"SUM(F449:F472)","v":1},{"$f":"SUM(G449:G472)","v":1}]
[null,"22. Loan to Value (LTV) Information - UNINDEXED ","Nominal","Number of Loans",null,"% Commercial Loans","% No. of Loans"]
["SM.2B.22.1","Weighted Average LTV (%)",0.39700000000000002]
[]
[null,"By LTV buckets (mn):"]
["SM.2B.22.2",">0 - <=40 %",1306.1139499999999,"ND3",null,{"$f":"IF($C$486=0,\"\",IF(C478=\"[for completion]\",\"\",IF(C478=\"\",\"\",C478/$C$486)))","v":0.21729122550636151},{"$f":"IF($D$486=0,\"\",IF(D478=\"[for completion]\",\"\",IF(D478=\"\",\"\",D478/$D$486)))","v":""}]
["SM.2B.22.3",">40 - <=50 %",505.78926000000001,"ND3",null,8.4145466904595664E-2,""]
["SM.2B.22.4",">50 - <=60 %",4198.9881500000001,"ND3",null,0.69856330758904295,""]
["SM.2B.22.5",">60 - <=70 %","[For completion]","[For completion]",null,"",""]
["SM.2B.22.6",">70 - <=80 %","[For completion]","[For completion]",null,"",""]
["SM.2B.22.7",">80 - <=90 %","[For completion]","[For completion]",null,"",""]
["SM.2B.22.8",">90 - <=100 %","[For completion]","[For completion]",null,"",""]
["SM.2B.22.9",">100%","[For completion]","[For completion]",null,"",""]
["SM.2B.22.10","Total",{"$f":"SUM(C478:C485)","v":6010.8913599999996},{"$f":"SUM(D478:D485)","v":0},null,{"$f":"SUM(F478:F485)","v":1},{"$f":"SUM(G478:G485)","v":0}]
["OSM.2B.22.1","o/w >100 - <=110 %"]
["OSM.2B.22.2","o/w >110 - <=120 %"]
["OSM.2B.22.3","o/w >120 - <=130 %"]
["OSM.2B.22.4","o/w >130 - <=140 %"]
["OSM.2B.22.5","o/w >140 - <=150 %"]
["OSM.2B.22.6","o/w >150 %"]
["OSM.2B.22.7"]
["OSM.2B.22.8"]
["OSM.2B.22.9"]
[null,"23. Loan to Value (LTV) Information - INDEXED","Nominal","Number of Loans",null,"% Commercial Loans","% No. of Loans"]
["SM.2B.23.1","Weighted Average LTV (%)","ND1"]
[]
[null,"By LTV buckets (mn):"]
["SM.2B.23.2",">0 - <=40 %","ND1","ND1",null,{"$f":"IF($C$508=0,\"\",IF(C500=\"[for completion]\",\"\",IF(C500=\"\",\"\",C500/$C$508)))","v":""},{"$f":"IF($D$508=0,\"\",IF(D500=\"[for completion]\",\"\",IF(D500=\"\",\"\",D500/$D$508)))","v":""}]
["SM.2B.23.3",">40 - <=50 %","ND1","ND1",null,"",""]
["SM.2B.23.4",">50 - <=60 %","ND1","ND1",null,"",""]
["SM.2B.23.5",">60 - <=70 %","ND1","ND1",null,"",""]
["SM.2B.23.6",">70 - <=80 %","ND1","ND1",null,"",""]
["SM.2B.23.7",">80 - <=90 %","ND1","ND1",null,"",""]
["SM.2B.23.8",">90 - <=100 %","ND1","ND1",null,"",""]
["SM.2B.23.9",">100%","ND1","ND1",null,"",""]
["SM.2B.23.10","Total",{"$f":"SUM(C500:C507)","v":0},{"$f":"SUM(D500:D507)","v":0},null,{"$f":"SUM(F500:F507)","v":0},{"$f":"SUM(G500:G507)","v":0}]
["OSM.2B.23.1","o/w >100 - <=110 %"]
["OSM.2B.23.2","o/w >110 - <=120 %"]
["OSM.2B.23.3","o/w >120 - <=130 %"]
["OSM.2B.23.4","o/w >130 - <=140 %"]
["OSM.2B.23.5","o/w >140 - <=150 %"]
["OSM.2B.23.6","o/w >150 %"]
["OSM.2B.23.7"]
["OSM.2B.23.8"]
["OSM.2B.23.9"]
[null,"24. Breakdown by Type","% Commercial loans"]
["SM.2B.24.1","Retail"]
["SM.2B.24.2","Office",0.75]
["SM.2B.24.3","Hotel/Tourism",3.9E-2]
["SM.2B.24.4","Shopping malls",0.17]
["SM.2B.24.5","Industry",4.0999999999999988E-2]
["SM.2B.24.6","Agriculture","[For completion]"]
["SM.2B.24.7","Other commercially used","[For completion]"]
["SM.2B.24.8","Hospital ","[For completion]"]
["SM.2B.24.9","School ","[For completion]"]
["SM.2B.24.10","other RE with a social relevant purpose","[For completion]"]
["SM.2B.24.11","Land","[For completion]"]
["SM.2B.24.12","Property developers / Bulding under construction","[For completion]"]
["SM.2B.24.13","Other","[For completion]"]
["OSM.2B.24.1","o/w Cultural purposes"]
["OSM.2B.24.2","o/w [If relevant, please specify]"]
["OSM.2B.24.3","o/w [If relevant, please specify]"]
["OSM.2B.24.4","o/w [If relevant, please specify]"]
["OSM.2B.24.5","o/w [If relevant, please specify]"]
["OSM.2B.24.6","o/w [If relevant, please specify]"]
["OSM.2B.24.7","o/w [If relevant, please specify]"]
["OSM.2B.24.8","o/w [If relevant, please specify]"]
["OSM.2B.24.9","o/w [If relevant, please specify]"]
["OSM.2B.24.10","o/w [If relevant, please specify]"]
["OSM.2B.24.11","o/w [If relevant, please specify]"]
["OSM.2B.24.12","o/w [If relevant, please specify]"]
["OSM.2B.24.13","o/w [If relevant, please specify]"]
["OSM.2B.24.14","o/w [If relevant, please specify]"]
[null,"25. EPC  Information of the financed CRE","Nominal (mn)","Number of CRE",null,"% Commercial Loans","% No. of CRE"]
["SM.2B.25.1","A+",null,null,null,{"$f":"IF($C$565=0,\"\",IF(C547=\"[for completion]\",\"\",IF(C547=\"\",\"\",C547/$C$565)))","v":""},{"$f":"IF($D$565=0,\"\",IF(D547=\"[for completion]\",\"\",IF(D547=\"\",\"\",D547/$D$565)))","v":""}]
["SM.2B.25.2","A",1023.81256,"ND3",null,0.17032624617806039,""]
["SM.2B.25.3","B",404.52778999999998,"ND3",null,6.7299135249333827E-2,""]
["SM.2B.25.4","C",85.231600999999998,"ND3",null,1.4179527797623636E-2,""]
["SM.2B.25.5","D","[For completion]","[For completion]",null,"",""]
["SM.2B.25.6","E","[For completion]","[For completion]",null,"",""]
["SM.2B.25.7","F","[For completion]","[For completion]",null,"",""]
["SM.2B.25.8","G","[For completion]","[For completion]",null,"",""]
["SM.2B.25.9","H","[For completion]","[For completion]",null,"",""]
["SM.2B.25.10","Assets in countries without EPC levels for CRE","[For completion]","[For completion]",null,"",""]
["SM.2B.25.11","TBC at a country level","[For completion]","[For completion]",null,"",""]
["SM.2B.25.12","TBC at a country level","[For completion]","[For completion]",null,"",""]
["SM.2B.25.13","TBC at a country level","[For completion]","[For completion]",null,"",""]
["SM.2B.25.14","TBC at a country level","[For completion]","[For completion]",null,"",""]
["SM.2B.25.15","TBC at a country level","[For completion]","[For completion]",null,"",""]
["SM.2B.25.16","TBC at a country level","[For completion]","[For completion]",null,"",""]
["SM.2B.25.17","TBC at a country level","[For completion]","[For completion]",null,"",""]
["SM.2B.25.18","no data",4497.3194000000003,"ND3",null,0.74819509077498214,""]
["SM.2B.25.19","Total",{"$f":"SUM(C547:C564)","v":6010.8913510000002},{"$f":"SUM(D547:D564)","v":0},null,{"$f":"SUM(F547:F564)","v":1},{"$f":"SUM(G547:G564)","v":0}]
["OSM.2B.25.1"]
["OSM.2B.25.2"]
["OSM.2B.25.3"]
[null,"26. Average energy use intensity (kWh/m2 per year)","Nominal (mn)","Number of CRE",null,"% Commercial Loans","% No. of  CRE"]
["SM.2B.26.1","[< 95 kWh/m²] Retail",1020.36214,"ND3",null,{"$f":"IF($C$588=0,\"\",IF(C570=\"[for completion]\",\"\",IF(C570=\"\",\"\",C570/$C$588)))","v":0.1697522179139834},{"$f":"IF($D$588=0,\"\",IF(D570=\"[for completion]\",\"\",IF(D570=\"\",\"\",D570/$D$588)))","v":""}]
["SM.2B.26.2","[< 135 kWh/m²] Office",4510.5524599999999,"ND3",null,0.75039660340825065,""]
["SM.2B.26.3","[< 105 kWh/m²] Hotel/Tourism",236.42357000000001,"ND3",null,3.9332530874422594E-2,""]
["SM.2B.26.4","[< 70 kWh/m²] Shopping malls","[For completion]","[For completion]",null,"",""]
["SM.2B.26.5","[< 110 kWh/m²] Industry","[For completion]","[For completion]",null,"",""]
["SM.2B.26.6","[< 110 kWh/m²] Agriculture","[For completion]","[For completion]",null,"",""]
["SM.2B.26.7","[< 95 kWh/m²] Other commercially used",243.55319,"ND3",null,4.0518647803343431E-2,""]
["SM.2B.26.8","[< 250 kWh/m²] Hospital","[For completion]","[For completion]",null,"",""]
["SM.2B.26.9","[< 105 kWh/m²] School","[For completion]","[For completion]",null,"",""]
["SM.2B.26.10","[< 135 kWh/m²] other RE with a social relevant purpose","[For completion]","[For completion]",null,"",""]
["SM.2B.26.11","[< 110 kWh/m²] Land","[For completion]","[For completion]",null,"",""]
["SM.2B.26.12","[< 110 kWh/m²] Property developers / Bulding under construction","[For completion]","[For completion]",null,"",""]
["SM.2B.26.13","Top category sustainability certificate","[For completion]","[For completion]",null,"",""]
["SM.2B.26.14","Top 15 % approach","[For completion]","[For completion]",null,"",""]
["SM.2B.26.15","Other","[For completion]","[For completion]",null,"",""]
["SM.2B.26.16","TBC at a country level","[For completion]","[For completion]",null,"",""]
["SM.2B.26.17","TBC at a country level","[For completion]","[For completion]",null,"",""]
["SM.2B.26.18","no data","[For completion]","[For completion]",null,"",""]
["SM.2B.26.19","Total",{"$f":"SUM(C570:C587)","v":6010.8913599999996},{"$f":"SUM(D570:D587)","v":0},null,{"$f":"SUM(F570:F587)","v":1},{"$f":"SUM(G570:G587)","v":0}]
[null,"27. CRE Age Structure","Nominal (mn)","Number of CRE",null,"% Commercial Loans","% No. of CRE"]
["SM.2B.27.1","older than 1919",11.84947,"ND3",null,{"$f":"IF($C$603=0,\"\",IF(C590=\"[for completion]\",\"\",IF(C590=\"\",\"\",C590/$C$603)))","v":1.9713332565416165E-3},{"$f":"IF($D$603=0,\"\",IF(D590=\"[for completion]\",\"\",IF(D590=\"\",\"\",D590/$D$603)))","v":""}]
["SM.2B.27.2","1919 - 1945",30.524539999999998,"ND3",null,5.0782052566599881E-3,""]
["SM.2B.27.3","1946 - 1960",56.280389999999997,"ND3",null,9.3630689387906984E-3,""]
["SM.2B.27.4","1961 - 1970",12.91987,"ND3",null,2.1494100074682101E-3,""]
["SM.2B.27.5","1971 - 1980",37.982219999999998,"ND3",null,6.3188997856680595E-3,""]
["SM.2B.27.6","1981 - 1990",63.252510000000001,"ND3",null,1.0522983434932629E-2,""]
["SM.2B.27.7","1991 - 2000",600.72190999999998,"ND3",null,9.9938906897624927E-2,""]
["SM.2B.27.8","2001 - 2005",594.62066000000004,"ND3",null,9.892387440828368E-2,""]
["SM.2B.27.9","2006 - 2010",482.75659000000002,"ND3",null,8.0313644465248316E-2,""]
["SM.2B.27.10","2011 - 2015",1468.6469,"ND3",null,0.2443309680590566,""]
["SM.2B.27.11","2016 - 2020",1971.8452299999999,"ND3",null,0.32804539600943772,""]
["SM.2B.27.12","2021 and onwards",679.49105000000009,"ND3",null,0.11304330948028751,""]
["SM.2B.27.13","no data",null,"[For completion]",null,"",""]
["SM.2B.27.14","Total",{"$f":"SUM(C590:C602)","v":6010.8913400000001},{"$f":"SUM(D590:D602)","v":0},null,{"$f":"SUM(F590:F602)","v":1},{"$f":"SUM(G590:G602)","v":0}]
["OSM.2B.27.1"]
["OSM.2B.27.2"]
["OSM.2B.27.3"]
["OSM.2B.27.4"]
["OSM.2B.27.5"]
["OSM.2B.27.6"]
["OSM.2B.27.7"]
["OSM.2B.27.8"]
["OSM.2B.27.9"]
["OSM.2B.27.10"]
[null,"28. New Commercial Property","Nominal (mn)","Number of CRE",null,"% Commercial Loans","% No. of CRE"]
["SM.2B.28.1","New property","[For completion]","[For completion]",null,{"$f":"IF($C$619=0,\"\",IF(C615=\"[for completion]\",\"\",IF(C615=\"\",\"\",C615/$C$619)))","v":""},{"$f":"IF($D$619=0,\"\",IF(D615=\"[for completion]\",\"\",IF(D615=\"\",\"\",D615/$D$619)))","v":""}]
["SM.2B.28.2","Existing property","[For completion]","[For completion]",null,null,{"$f":"IF($D$619=0,\"\",IF(D616=\"[for completion]\",\"\",IF(D616=\"\",\"\",D616/$D$619)))","v":""}]
["SM.2B.28.3","other","[For completion]","[For completion]",null,null,{"$f":"IF($D$619=0,\"\",IF(D617=\"[for completion]\",\"\",IF(D617=\"\",\"\",D617/$D$619)))","v":""}]
["SM.2B.28.4","no data",6010.8913499999999,"ND3",null,null,{"$f":"IF($D$619=0,\"\",IF(D618=\"[for completion]\",\"\",IF(D618=\"\",\"\",D618/$D$619)))","v":""}]
["SM.2B.28.5","Total",{"$f":"SUM(C615:C618)","v":6010.8913499999999},{"$f":"SUM(D615:D618)","v":0},null,{"$f":"SUM(F615:F618)","v":0},{"$f":"SUM(G615:G618)","v":0}]
[]
[null,"29. CO2 emission related to CRE - as per national availability","Ton CO2 (per year)","Ton CO2 (LTV adjusted) (per year)",null,"kg CO2/m2 (per year)"]
["SM.2B.29.1","Retail","[For completion]","[For completion]",null,"[For completion]",{"$f":"IF($D$640=0,\"\",IF(D622=\"[for completion]\",\"\",IF(D622=\"\",\"\",D622/$D$640)))","v":""}]
["SM.2B.29.2","Office",32704.09,"ND3",null,"[For completion]",""]
["SM.2B.29.3","Hotel/Tourism",1759.87,"ND3",null,"[For completion]",""]
["SM.2B.29.4","Shopping malls",10616.04,"ND3",null,"[For completion]",""]
["SM.2B.29.5","Industry",6080.02,"ND3",null,"[For completion]",""]
["SM.2B.29.6","Agriculture","[For completion]","[For completion]",null,"[For completion]",""]
["SM.2B.29.7","Other commercially used","[For completion]","[For completion]",null,"[For completion]",""]
["SM.2B.29.8","Hospital","[For completion]","[For completion]",null,"[For completion]",""]
["SM.2B.29.9","School","[For completion]","[For completion]",null,"[For completion]",""]
["SM.2B.29.10","Other RE with a social relevant purpose","[For completion]","[For completion]",null,"[For completion]",""]
["SM.2B.29.11","Land","[For completion]","[For completion]",null,"[For completion]",""]
["SM.2B.29.12","Property developers / Bulding under construction","[For completion]","[For completion]",null,"[For completion]",""]
["SM.2B.29.13","Other","[For completion]","[For completion]",null,"[For completion]",""]
["SM.2B.29.14","No data","[For completion]","[For completion]",null,"[For completion]",""]
["SM.2B.29.15","Total",{"$f":"SUM(C622:C635)","v":51160.020000000004},{"$f":"SUM(D622:D635)","v":0},null,null,""]
["SM.2B.29.16","Weighted Average",null,null,null,"[For completion]",""]
["SM.2B.29.17"]
["SM.2B.29.18"]
["SM.2B.29.19"]

{"sheet":"G1. Crisis M Payment Holidays","index":12,"n_rows":32,"n_cols":8,"rows_kept":32,"cut":false,"hidden":false,"merged":[[12,4,12,5],[12,6,12,7],[14,1,14,3],[19,1,19,3],[0,0,0,1],[4,4,4,5],[6,1,6,2],[6,4,6,7],[7,1,7,2],[7,4,11,7],[8,1,8,2],[9,1,9,2],[10,1,10,2]]}
["This addendum is optional"]
["G1. Crisis Mortgage Payment Holidays",{"$nulls":4},"HTT 2023"]
[]
[]
[null,"Reporting in Domestic Currency","[Please insert currency]",null,"For further information concerning the nation-specific dispositions regarging the impact of the Covid 19 outbreak on cover pools, please refer to the:",null,"COVID-19: EMF-ECBC Response"]
[{"$nulls":4},"https://hypo.org/emf/market-initiative/covid-19-emf-ecbc-response/","https://hypo.org/emf/market-initiative/covid-19-emf-ecbc-response/"]
[null,"CONTENT OF Temporary Tab",null,null,"Optional further information at issuer/country level"]
[null,"1.  Share of assets affected by payment holidays caused by COVID 19",null,null,"https://atvdp.de/covid"]
[null,"2. Additional information on the cover pool section affected by payment holidays"]
[]
[]
[]
[{"$nulls":4},"Can the COVID-19 related payment holiday loans remain part of the cover pool?     ",null,"YES"]
[]
[null,"1.  Share of cover assets affected at the time of reporting by payment holidays caused exclusively by COVID 19"]
[null,"1. Breakdown of payment holiday","Nominal (mn)","Number of loans",null,"% Nominal (mn) to total cover pool ","% No. of Loans to total cover pool"]
["COV.1.1.1","payment holiday granted","[For completion]","[For completion]",null,{"$f":"IF(OR('B1. HTT Mortgage Assets'!$C$15=0,C17=\"[For completion]\"),\"\",C17/'B1. HTT Mortgage Assets'!$C$15)","v":""},{"$f":"IF(OR('B1. HTT Mortgage Assets'!$F$28=0,D17=\"[For completion]\"),\"\",D17/'B1. HTT Mortgage Assets'!$F$28)","v":""}]
["OCOV.1.1.2"]
["OCOV.1.1.3"]
[null,"2. Additional information on the cover pool section affected by payment holidays"]
[null,"1. types of granted payment holiday (original duration)","1 month","2 months","3 months","4 to 6 months","over 6 months","total"]
[null,"in % nominal (mn) of affected notional amount to total cover pool"]
["COV.2.1.1","principal & interest deferred ","[For completion]","[For completion]","[For completion]","[For completion]","[For completion]",{"$f":"SUM(C23:G23)","v":0}]
["COV.2.1.2","principal deferred","[For completion]","[For completion]","[For completion]","[For completion]","[For completion]",{"$f":"SUM(C24:G24)","v":0}]
["COV.2.1.3","other","[For completion]","[For completion]","[For completion]","[For completion]","[For completion]",{"$f":"SUM(C25:G25)","v":0}]
["COV.2.1.4","Total payment holiday",{"$f":"SUM(C23:C25)+SUM(C27:C32)","v":0},{"$f":"SUM(D23:D25)+SUM(D27:D32)","v":0},{"$f":"SUM(E23:E25)+SUM(E27:E32)","v":0},{"$f":"SUM(F23:F25)+SUM(F27:F32)","v":0},{"$f":"SUM(G23:G25)+SUM(G27:G32)","v":0},{"$f":"SUM(H23:H25)","v":0}]
["OCOV.2.1.5","[please insert here mortgages with extended moratoria]",{"$nulls":5},{"$f":"IF(SUM(C27:G27)=\"\",\"\",SUM(C27:G27))","v":0}]
["OCOV.2.1.6","[please insert here mortgages with extended moratoria]",{"$nulls":5},{"$f":"IF(SUM(C28:G28)=\"\",\"\",SUM(C28:G28))","v":0}]
["OCOV.2.1.7","[please insert here mortgages with extended moratoria]",{"$nulls":5},{"$f":"IF(SUM(C29:G29)=\"\",\"\",SUM(C29:G29))","v":0}]
["OCOV.2.1.8","[please insert here mortgages with extended moratoria]",{"$nulls":5},{"$f":"IF(SUM(C30:G30)=\"\",\"\",SUM(C30:G30))","v":0}]
["OCOV.2.1.9","[please insert here mortgages with extended moratoria]"]
["OCOV.2.1.10","[please insert here mortgages with extended moratoria]"]

{"sheet":"vdp-Glossar (D)","index":13,"n_rows":122,"n_cols":5,"rows_kept":122,"cut":false,"hidden":false,"merged":[]}
["Begriff","vdp-§ 28 Transparenzinitiative","erweiterters vdp-Template","HTT","Erklärung"]
["Ausgleichsforderungen","Tabellenblätter StTwh, STwo, StTws, StTwf Spalte F",null,null,"1. aus der Währungsreform 1948 stammende, im Schuldbuch eingetragene Forderungen von der Deutschen Bundesbank \n(bzw. Bank deutscher Länder und Landeszentralbanken), von Kreditinstituten, Post- und Bausparkassen sowie Versicherungen gegen die öffentliche Hand (Bund, Länder). Die Eröffnungsbilanzen der Institute hatten 1948 eine Lücke bei den Aktiva, da der Großteil ihrer Forderungen (diejenigen gegen das Deutsche Reich) im Unterschied zu ihren Verbindlichkeiten nicht auf DM umgerechnet wurden. Die Ausgleichsforderungen wurden u.a. aus Mitteln des Bundesbank-Gewinns seit 1956 innerhalb von 37 Jahren getilgt. Die je nach Fristigkeit mit 3 bis 4,5 Prozent pro Jahr festverzinsten Ausgleichsforderungen waren zum Nennbetrag zwischen Kredit- und Versicherungsinstituten handelbar; wurden in Schatzwechsel und unverzinsliche Schatzanweisungen umgewandelt.\n2. Auch im Zuge der Einführung der DM in der ehemaligen DDR zum 1.7.1990 wurde das Instrument der Ausgleichsforderungen verwendet. Ergab sich bei sanierungsfähigen Unternehmen (nicht Kreditinstitute, Versicherungen und Außenhandelsbetriebe), die als bisheriges volkseigenes Vermögen unentgeltlich der Treuhandanstalt oder ihrer Tochterunternehmungen zur Privatisierung übertragen wurden, ein nicht durch Eigenkapital gedeckter Fehlbetrag, so erhielten diese eine ab 1.7.1990 verzinsliche (Treuhandanstalt 5 Prozent pro Jahr) Ausgleichsforderung gegenüber ihren vorläufigen Eignern (§ 24 DMBilG)"]
["Barwert","Tabellenblatt StTai Spalte F - I","Spalte C Zeilen 20, 54, 83, 114","A. HTT General Spalte C Zeilen 40-41 (NPV)","Der Barwert ist der Wert, den zukünftige Zahlungen in der Gegenwart besitzen. Er wird durch Abzinsung der zukünftigen Zahlungen und anschließendes Summieren ermittelt\nHeutiger Wert zukünftiger Zahlungen (Cashflows) unter Annahme einer bestimmten Verzinsung (z.B. Barwert von Investitionsrückflüssen, Barwert einer Rente oder Barwert einer Anleihe). Durch die Ermittlung des Barwertes werden Zahlungen, die zu unterschiedlichen Zeitpunkten entstehen, vergleichbar gemacht. Zur Ermittlung des Barwertes eines Zahlungsstroms werden die einzelnen Ein- bzw. Auszahlungen mit einem laufzeit- und risikoäquivalenten Kalkulationszinssatz abgezinst (diskontiert). Die Diskontierung berücksichtigt den Umstand, dass der heutige Wert einer Zahlung sowohl für den Zahlungspflichtigen als auch für den Zahlungsempfänger umso geringer ist, je später diese Zahlung fällig wird."]
["Barwertverordnung","Tabellenblatt StTk",null,null,"https://www.pfandbrief.de/site/dam/jcr:d320da9b-cd24-46c5-823a-21ae167167ea/DE_PfandBG_01_2020.pdf"]
["Beleihungswert ",null,null,null,"https://www.pfandbrief.de/site/dam/jcr:d320da9b-cd24-46c5-823a-21ae167167ea/DE_PfandBG_01_2020.pdf"]
["Beleihungswertermittlungsverordnung",null,null,null,"https://www.pfandbrief.de/site/dam/jcr:d320da9b-cd24-46c5-823a-21ae167167ea/DE_PfandBG_01_2020.pdf"]
["Bonitätsdifferenzierungsmodell","Tabellenblatt StTai Spalte D - G, \nZeilen 28-29, 41-42, 54-55, 67-68",null,null,"Die andauernde Finanzkrise hat das Vertrauen in die Kreditwürdigkeit einiger europäischer Staaten erschüttert. Infolgedessen ist die uneingeschränkte Deckungsfähigkeit von Forderungen gegenüber EU- und EWR-Staaten sowie deren unterstaatliche Stellen zunehmend kritisiert worden. \nVor diesem Hintergrund haben die vdp-Mitgliedsinstitute anlässlich ihrer im Juni 2012 durchgeführten Mitgliederversammlung einstimmig das vdp-Bonitätsdifferenzierungsmodell für EU-Staaten gebilligt. Die Mitte 2011 ins Leben gerufene vdp-Initiative ist eine Antwort darauf, dass auch die neue Bankenregulierung nicht zwischen unterschiedlichen Staatenrisiken differenzieren wird. Die fehlenden gesetzlichen Regelungen zur Kreditdifferenzierung souveräner Staaten sollen durch einen freiwilligen vdp-Standard kompensiert werden, wobei mittelfristig eine gesetzliche Lösung ohne Bezug zu externen Ratings wünschenswert ist. Erfahrungswerte, welche nun im Zuge der Anwendung des freiwilligen vdp-Standards gesammelt werden, können später in eine gesetzliche Regelung einfließen. \nDie im vdp-Modell vorgesehene Bonitätsdifferenzierung erfolgt durch laufzeitunabhängige Abschläge auf den Nominalwert der jeweiligen Forderung. Die Höhe der Sicherheitsabschläge orientiert sich an den externen Ratings von Moody’s, Standard & Poor’s und Fitch für Zentralstaaten sowie an den diesen Ratingstufen zugrundeliegenden Ausfallwahrscheinlichkeiten. Der vdp-Standard sieht vor, dass Forderungen gegen EU-Staaten mit einem Non-Investmentgrade-Rating außerhalb der gesetzlich vorgeschriebenen Deckungsrechnung gesondert mit Abschlägen versehen werden. Die Abschläge sind auch auf Forderungen gegen unterstaatliche Stellen aus diesem Land anzuwenden. http://www.pfandbrief.de/cms/_internet.nsf/tindex/de_32.htm  "]
["Bonitätsstufe 1 und 2",null,"Spalte C \nZeilen 16-17, 50-51, 79-80, 110-111","A. HTT General Spalte C Zeilen 186-187","Nach § 4 Abs. 1 Nr. 3 PfandBG sind grundsätzlich nur Kreditinstitute aus dem Europäischen Wirtschaftsraum, der Schweiz, den USA, Kanada und Japan deckungsfähig, die die Anforderungen der Bonitätsstufe 1 erfüllen. Maßgeblich hierfür sind Tabelle 3 in Artikel 120 CRR (EU-Verordnung Nr. 575/2013) sowie Tabelle 5 des Artikels 121 CRR.  Weisen die Forderungen eine Ursprungslaufzeit von bis zu 100 Tagen auf, sind auch Forderungen gegen Kreditinstitute der Bonitätsstufe 2 deckungsfähig. Droht eine erhebliche Schuldnerkonzentration im Falle der Beschränkung der Deckungsfähigkeit auf Kreditinstitute der Bonitätsstufe 1, kann die nationale Aufsichtsbehörde BaFin nach Konsultation mit der EBA auch Forderungen gegen Kreditinstitute der Bonitätsstufe 2 mit einer Ursprungslaufzeit von mehr als 100 Tagen für deckungsfähig erklären. Zur Zeit liegt eine entsprechende Allgemeinverfügung der BaFin vor wonach Forderungen gegenüber Kreditinstituten mit Bonitätsstufe 2 deckungsfähig sind. Bezogen auf die drei großen Ratingagenturen Fitch/Moody's/S&P erfüllen Kreditinstitute die Anforderungen an Bonitätsstufe 1, wenn sie mindestens AA-/Aaa/AA- geratet sind. Für die Bonitätsstufe 2 sind Ratings von mindestens A-/Baa3/A- erforderlich. Liegen für ein Kreditinstitut mehrere externe Ratings vor, orientiert sich die Frage der Deckungsfähigkeit an Artikel 138 e) und j) der CRR (EU-Verordnung 575/2013. "]
["Fälligkeitsverschiebung",null,"Spalte H Zeile 5-6",null,"Erst nach Einsetzen eines Sachwalters, hat dieser die Möglichkeit die Rückzahlung anstehender Fälligkeiten für einen bestimmten Zeitraum zu verschieben. Zeitraum als auch Bedingungen der Verschiebung sind entweder gesetzlich oder vertraglich geregelt. "]
["Fremdwährungen, Nettobarwert","Tabellenblatt StTK Spalte D und E \nZeilen 17-27, 42-52, 67-77,92-102",null,null,"Nach § 28 Abs. 1 Nr. 10 PfandBG müssen Pfandbriefbanken den Nettobarwert je Fremdwährung veröffentlichen. Dieser ist definiert in § 6 Barwertverordnung. Der Ausweis erfolgt in Euro, die Umrechnung nach § 1 Barwertverordnung auf Basis der EZB-Referenzkurse "]
["gesetzliche Überdeckung",null,"Spalte C Zielen 8, 43, 73, 104","A. HTT General C47","barwertig unter Berücksichtigung von Zins- und Währungsstress (s. auch Überdeckung)"]
["Gewichteter LTV (Durchschnittlicher Beleihungsauslauf)","Tabellenblatt StTK Spalte D und E \nZeile 29","Spalte C Zeilen 76, 107","B1. HTT Mortgage Assets C 216","Durchschnittlicher, anhand des Betrages der zur Deckung verwendeten Forderung gewichteter, Beleihungsauslauf"]
["Grenzwerte nach § 13 Abs. 1 PfandBG","Tabellenblatt StTK Spalte D und E \nZeile 13",null,null,"Der Gesamtbetrag der Beleihungen in Staaten, die nicht der Europäischen Union angehören, bei denen nicht sichergestellt ist, dass sich das Vorrecht der Pfandbriefgläubiger nach § 30 Abs. 1 PfandBG\n auf die Forderungen der Pfandbriefbank aus diesen Beleihungen erstreckt, darf 10 Prozent des Gesamtbetrages der Beleihungen, bei denen das Vorrecht sichergestellt ist, nicht übersteigen."]
["Grenzwerte nach § 19 Abs. 1 Nr. 2  PfandBG","Tabellenblatt StTK Spalte D und E \nZeile 14",null,null,"Die Deckung der Hypothekenpfandbriefe kann bis zu insgesamt 10 Prozent des Gesamtbetrages der im Umlauf befindlichen Hypothekenpfandbriefe durch Werte der in § 4 Absatz 1 Satz 2 Nummer 1 und 2 PfandBG bezeichneten Art, \ndurch Geldforderungen gegen die Europäische Zentralbank, gegen Zentralbanken der Mitgliedstaaten der Europäischen Union oder gegen Kreditinstitute im Sinne des § 4 Absatz 1 Satz 2 Nummer 3 PfandBG, sofern die Höhe der Forderungen der Pfandbriefbank bereits beim Erwerb bekannt ist, sowie durch das jeweilige Guthaben aus einer Kontoverbindung mit den vorgenannten Stellen erfolgen; der Anteil an Geldforderungen gegen ein und dasselbe Kreditinstitut darf nicht höher sein als 2 Prozent des Gesamtbetrages der in Halbsatz 1 genannten Hypothekenpfandbriefe."]
["Grenzwerte nach § 19 Abs. 1 Nr. 3  PfandBG","Tabellenblatt StTK Spalte D und E \nZeile 15",null,null,"Die Deckung der Hypothekenpfandbriefe kann bis zu insgesamt 20 Prozent des Gesamtbetrages der im Umlauf befindlichen Hypothekenpfandbriefe durch Werte der in § 20 Abs. 1 PfandBG bezeichneten Art, sofern es sich um Schuldverschreibungen handelt erfolgen; \ndie in Nummer 2 genannten Deckungswerte sind anzurechnen."]
["Grenzwerte nach § 20 Abs. 2  PfandBG","Tabellenblatt StTK Spalte D und E \nZeile 39",null,null,"Die Deckung der Öffentlichen Pfandbriefe kann bis zu 10 Prozent des Gesamtbetrages der im Umlauf befindlichen Öffentlichen Pfandbriefe durch Geldforderungen gegen die Europäische Zentralbank, \ngegen Zentralbanken der Mitgliedstaaten der Europäischen Union oder gegen Kreditinstitute im Sinne des § 4 Abs. 1 Satz 2 Nr. 3 PfandBG, sofern die Höhe der Forderungen der Pfandbriefbank bereits beim Erwerb bekannt ist, sowie durch das jeweilige Guthaben aus einer Kontoverbindung mit den vorgenannten Stellen erfolgen; der Anteil an Geldforderungen gegen ein und dasselbe geeignete Kreditinstitut darf nicht höher als 2 Prozent des Gesamtbetrages der im Umlauf befindlichen Öffentlichen Pfandbriefe sein; § 4 Absatz 1 Satz 4 bis 8 PfandBG gilt entsprechend."]
["Grenzwerte nach § 26 Abs. 1 Nr. 3  PfandBG","Tabellenblatt StTK Spalte D und E \nZeile 64",null,null,"Die Deckung von Schiffspfandbriefen kann bis zu 10 Prozent des Gesamtbetrages der im Umlauf befindlichen Schiffspfandbriefe durch Werte der in § 4 Abs. 1 Satz 2 Nr. 1 und 2 PfandBG bezeichneten Art, durch Geldforderungen gegen die Europäische Zentralbank, \ngegen Zentralbanken der Mitgliedstaaten der Europäischen Union oder gegen Kreditinstitute im Sinne des § 4 Abs. 1 Satz 2 Nr. 3 PfandBG, sofern die Höhe der Forderungen der Pfandbriefbank bereits beim Erwerb bekannt ist, sowie durch das jeweilige Guthaben aus einer Kontoverbindung mit den vorgenannten Stellen erfolgen; der Anteil an Geldforderungen gegen ein und dasselbe Kreditinstitut darf nicht höher als 2 Prozent des Gesamtbetrages der in Halbsatz 1 genannten Schiffspfandbriefe sein; § 4 Absatz 1 Satz 4 bis 8 PfandBG gilt entsprechend."]
["Grenzwerte nach § 26 Abs. 1 Nr. 4  PfandBG","Tabellenblatt StTK Spalte D und E \nZeile 65",null,null,"Die Deckung von Schiffspfandbriefen kann bis zu insgesamt 20 Prozent des Gesamtbetrages der im Umlauf befindlichen Schiffspfandbriefe durch Werte der in § 20 Abs. 1 PfandBG bezeichneten Art, sofern es sich um Schuldverschreibungen handelt erfolgen; \ndie in Nummer 3 genannten Deckungswerte sind anzurechnen."]
["Grenzwerte nach § 26f Abs. 1 Nr. 3 PfandBG","Tabellenblatt StTK Spalte D und E \nZeile 89",null,null,"Die Deckung von Flugzeugpfandbriefen kann bis zu 10 Prozent des Gesamtbetrages der im Umlauf befindlichen Schiffspfandbriefe durch Werte der in § 4 Abs. 1 Satz 2 Nr. 1 und 2 PfandBG bezeichneten Art, durch Geldforderungen gegen die Europäische Zentralbank, \ngegen Zentralbanken der Mitgliedstaaten der Europäischen Union oder gegen Kreditinstitute im Sinne des § 4 Abs. 1 Satz 2 Nr. 3 PfandBG, sofern die Höhe der Forderungen der Pfandbriefbank bereits beim Erwerb bekannt ist, sowie durch das jeweilige Guthaben aus einer Kontoverbindung mit den vorgenannten Stellen erfolgen; der Anteil an Geldforderungen gegen ein und dasselbe Kreditinstitut darf nicht höher als 2 Prozent des Gesamtbetrages der in Halbsatz 1 genannten Schiffspfandbriefe sein; § 4 Absatz 1 Satz 4 bis 8 PfandBG gilt entsprechend."]
["Grenzwerte nach § 26f Abs. 1 Nr. 4  PfandBG","Tabellenblatt StTK Spalte D und E \nZeile 90",null,null,"Die Deckung von Flugzeugpfandbriefen kann bis zu insgesamt 20 Prozent des Gesamtbetrages der im Umlauf befindlichen Schiffspfandbriefe durch Werte der in § 20 Abs. 1 PfandBG bezeichneten Art, sofern es sich um Schuldverschreibungen handelt erfolgen; \ndie in Nummer 3 genannten Deckungswerte sind anzurechnen."]
["Gruppeninterne Transaktionen",null,"Spalte C\nZeilen 19, 53, 82, 113 ","A. HTT General C232,233","Diese Betrachtung bezieht sich auf Derivatgeschäfte: Artikel 1 Nr. 19 der Verordnung (EU) Nr. 1333/2014 der EZB definiert gruppeninterne Transaktionen als Geschäfte zwischen einem Berichtspflichtigen und einem anderen Unternehmen, welches durchgängig in denselben konsolidierten Abschluss einbezogen ist.\nDer Begriff „konsolidierter Abschluss“ basiert dabei auf der Definition von IFRS bzw. bankenaufsichtlicher Konsolidierung.\nVerbandsinterne Geschäfte zwischen rechtlich selbstständigen Instituten, zum Beispiel innerhalb des Sparkassen- bzw. genossenschaftlichen Sektors, \nzählen nicht als gruppeninterne Transaktionen im Sinne der Verordnung (EU) Nr. 1333/2014 der EZB."]
["insured mortgages",null,"Spalte C Zeile 4",null,"Anteil versicherter Darlehen. Nach § 15 PfandBG muss während der gesamten Beleihung eine Versicherung sichergestellt sein. Daher sind alle Immobilien, die als Sicherheiten von in Deckung befindlichen Immobiliendarlehen dienen, gegen die jeweils relevanten Risiken versichert"]
["interest only loans",null,"Spalte C Zeile 13","B1. HTT Mortgage Assets F160","Anteil der Immobiliendarlehen an der Deckungsmasse, bei denen ausschließlich am Laufzeitende eine Tilgung erfolgt "]
["interner Swap-Kontrahent",null,"Spalte C\nZeilen 19, 53, 82, 113 ","A. HTT General C232,233","Ein interner Swap-Kontrahent liegt z.B. bei einem Mutter-Tochter-Verhältnis entsprechend Artikel 1 der Richtlinie 83/349/EWG vor"]
["Laufzeitstruktur","Tabellenblatt StTal",null,"A. HTT General C70-82 und C 93-105","Nach § 28 Abs. 1 Nr. 2 PfandBG sind Pfandbriefbanken gesetzlich verpflichtet, quartalsweise die Laufzeitstruktur der Pfandbriefe und Deckungswerte zu veröffentlichen. \nDabei wird bei den Deckungswerten auf die Zinsbindungsfrist abgestellt. Grundsätzlich soll die Abbildung von Optionen gemäß der internen Steuerungslogik eines jeden Hauses erfolgen,\ninsbesondere dort, wo für die gesamtbank- bzw. Konzernsteuerung zur Bewertung von Cash-flows Optionspreismodelle herangezogen werden.\nAuf der Passivseite ist eine Berücksichtigung der Kündigungsrechte nicht erforderlich, da die Entscheidung über deren Ausübung bei der Pfandbriefbank bzw. beim Sachwalter liegt.\nAuf der Aktivseite können Kündigungsrechte der Bank berücksichtigt werden.\nGesetzliche Kündigungsrechte nach § 489 BGB können für die Darstellung in den Laufzeitbändern unberücksichtigt bleiben.\nVariabel verzinsliche Hypothekendarlehen sollen gemäß dem Termin der nächsten Margenanpassung in die Laufzeitbänder eingeordnet werden.\nBei der Einordnung in die Laufzeitbänder sind die planmäßigen Tilgungsanteile zugrunde zu legen (Cash-Flow-Betrachtung)"]
["limited certified loans",null,"Spalte C Zeile 10",null,"Immobiliendarlehen bei denen der Schuldner sein Einkommen nur teilweise nachgewiesen hat. Solche Darlehen sind nicht Bestandteil der Deckungsmassen deutscher Pfandbriefe."]
["LTV (Beleihungsauslauf)","Tabellenblatt StTK",null,"B1. HTT Mortgage Assets C 216-221","Die Ermittlung des Beleihungsauslaufs (LTV) stellt auf den deutschen Beleihungswert ab, der in § 16 PfandBG sowie detailliert in der Beleihungswertermittlungsverordung (BelWertV) geregelt ist. Sowohl wohnwirtschaftliche als auch gewerbliche Immobiliendarlehen sind bis zu 60% des ermittelten Beleihungswertes deckungsfähig. Bei der Beleihungswertermittlung werden die langfristigen und nachhaltigen Objektmerkmale sowie derzeitige und mögliche anderweitige Nutzungen und Nutzer berücksichtigt. Übertriebene Marktpreise müssen dabei außer Acht gelassen werden. Grundsätzlich ist eine Objektbesichtigung im Rahmen der Wertermittlung vorgeschrieben, Ausnahmen gibt es für Kleindarlehen bis 400.000 Euro. Die Monitoring-Anforderungen ergeben sich zum Einen aus Artikel 208 Absatz 3 CRR. Danach sind Gewerbeimmobilien mindestens jährlich, Wohnimmobilien mindestens alle 3 Jahre zu überwachen. Ferner verlangt § 27 der BelWertV eine Überprüfung, wenn das Preisniveau am Immobilienmarkt substantiell gesunken ist. Eine Überprüfung ist ebenso bei einem Default des Darlehens erforderlich. "]
["ND1",null,null,null,"ND1 = No Data - Diese Information beim Deutschen Pfandbrief nicht geeignet/anwendbar"]
["ND2",null,null,null,"ND2 = No Data - Diese Information ist zurzeit bei diesem Emittenten und / oder Pfandbriefprogramm nicht relevant"]
["ND3",null,null,null,"ND3 = No Data - Diese Information ist zurzeit nicht verfügbar "]
["Nominalwert / Nominal / nom.",null,null,null,"Im Wertpapierbereich können  Nominalwerte häufig von den aktuellen Kurswerten, d.h. den Werten am Markt, abweichen. Beispiel:\nNominalwert Anleihe X = 1.000 €\nKurswert Anleihe X = 990,00 € (Kurs = 99 %)\nDer Nominalwert stellt  die Forderung des Investors gegenüber dem Emittenten dar, welche bei Fälligkeit zu 100 % fällig ist. Bei Rückzahlung wird, unabhängig vom investierten Betrag, der Nominalwert zu Grunde gelegt. Sollte das Wertpapier noch während der Laufzeit und somit vor Fälligkeit veräußert werden, wird die Zahlung auf dem aktuellen Kurswert basieren."]
["non first Lien mortgages",null,"Spalte C Zeile 11","B1. HTT Mortgage Assets C277","Anteil der Immobiliendarlehen an der Deckungsmasse, bei denen Vorrechte im Grundbuch eingetragen sind. Eine Unterteilung nach Erstrang und Zweitrang ist in Deutschland bzw. beim Pfandbrief irrelevant. Nach der deutschen Rechtsordnung haben die Inhaber von Grundpfandrechten grundsätzlich unabhängig vom Rang die gleichen Verfahrensrechte. Jeder Inhaber eines Grundpfandrechtes kann Verwertungsmaßnahmen betreiben. Für die Sicherheit eines Grundpfandrechts ist vielmehr der Auslauf entscheidend. Es kommt darauf an, dass bestehende vorrangige Grundpfandrechte richtig berechnet und von der 60%-Grenze abgezogen werden. Vorränge im Grundbuch mit äußerst geringen Beträgen sind nicht selten, da alte Rechte oft nicht einfach zu löschen sind. Eine Verwässerung durch solch vorrangige Grundpfandrechte lässt sich durch eine entsprechende Kalkulation vermeiden. Theoretisch könnten alle in Deckung befindlichen Immobiliendarlehen nachrangig sein, ohne dass dies die Werthaltigkeit und Qualität der Deckungswerte schmälern und ein Risiko darstellen würde."]
["NPL (Rückständige Darlehen)","StTdh Spalte S-T, StTdoR, StTds Spalten H-I, \nStTdf Spalten F-G",null,"B1. HTT Mortgage Assets F180","Nach § 28 Abs. 2 Nr. 2 PfandBG müssen Pfandbriefbanken den Gesamtbestand der mindestens 90 Tage rückständigen Leistungen, bezogen auf den in Deckung befindlichen Teil eines Darlehens, quartalsweise veröffentlichen."]
["Objektarten","Tabellenblatt StTdo",null,"B1. HTT Mortgage Assets C260-269 und C361-370","Die deckungsfähigen Immobilienwerte sind in §§ 12 bis 18 PfandBG geregelt. Danach sind sowohl wohnwirtschaftliche als auch gewerbliche Immobilien deckungsfähig. Die Abgrenzung erfolgt anhand der Nutzungsart. § 28 Abs. 2 Nr. 1 PfandBG verlangt von Pfandbriefbanken eine quartalsweise Veröffentlichung der Deckungswerte aufgegliedert nach Eigentumswohnungen, Ein- und Zweifamilienhäusern, Mehrfamilienhäusern, Bürogebäuden, Handelsgebäuden, Industriegebäuden, sonstigen gewerblich genutzten Gebäuden, unfertigen und noch nicht ertragsfähigen Neubauten sowie Bauplätzen. Hypotheken an Bauplätzen dürfen jedoch maximal 1% des Gesamtbetrages der zur Deckung der Hypothekenpfandbriefe benutzten Deckungswerte ausmachen (§ 16 Abs. 3 PfandBG). Zusammen mit noch nicht fertig gestellten Neubauten, die noch nicht ertragsfähig sind, darf der Anteil 10 Prozent des Gesamtbetrages der zur Deckung von Hypothekenpfandbriefen verwendeten Deckungswerte nicht überschreiten. Hypotheken an Grundstücken, die einen dauernden Ertrag nicht gewähren sind nicht deckungsfähig. "]
["Pass through Strukturen",null,"Spalte H Zeilen 7,46,76,107",null,"Hierbei werden im Falle der Insolvenz des Emittenten sämtliche ausstehenden Covered Bonds pro rata nach den eingehenden Zahlungen aus der Deckungsmasse bedient. Die Zahlungen werden so zu sagen zum Covered Bond Gläubiger durchgereicht."]
["Pfandbriefgesetz",null,null,null,"https://www.pfandbrief.de/site/de/vdp/pfandbrief/Grundlagen/pfandbriefgesetz.html"]
["Risikobarwert","StTai Spalte H und I",null,null,"Nach § 28 Abs. 1 PfandBG sind Pfandbriefbanken gesetzlich verpflichtet, quartalsweise den so genannten Risikobarwert der ausstehenden Pfandbriefe und der Deckungswerte zu veröffentlichen. Darunter ist der Barwert nach den vorgegebenen Zins- und Währungsstressszenarien zu verstehen. Da beim Zinsstress sowohl ein Anstieg als auch ein Rückgang der Zinsen und beim Währungsstress sowohl eine Auf- als auch eine Abwertung simuliert werden muss, sollen die Pfandbriefbanken nur den Risikobarwert veröffentlichen, der die betragsmäßig geringste Überdeckung ergibt. "]
["Rückständige Leistungen","StTdh Spalte S-T, StTdoR, StTds Spalten H-I, \nStTdf Spalten F-G",null,"B1. HTT Mortgage Assets F180\nB2. HTT Public Assets C167","Als rückständig gilt eine Leistung ab dem 90. Tag nach ihrer Fälligkeit (siehe auch NPL). Es sind lediglich die auf den in Deckung befindlichen Teil eines Darlehens entfallenden rückständigen Leistungen auszuweisen: Zinsen: Aufteilung auf Deckungs- und Außerdeckungsteil anzurechnen / Tilgung: Zunächst nur auf Außerdeckungsteil anzurechnen. Bei anteilig verbürgten Krediten (Pozentbürgschaften für Kommunaldarlehen) erfolgt der Ausweis bei Tilgungs-Rückständen ausnahmsweise nicht nach dem \"Wasserfall-Prinzip\" erst dem Außerdeckungsteil zuzuordnen und nur \"Überhänge\" dem Deckungsteil, sondern pro Rata entsprechend der Bürgschaftsquote."]
["Seasoning","StTk Spalte D-E Zeile 28","Spalten C-H Zeile 39","B1. HTT Mortgage Assets Spalte C-F Zeilen 170-174","Ausweis der seit der Kreditvergabe verstrichenen Zeit. Unter Kreditvergabe wird der Zeitpunkt der erstmaligen Kreditvalutierung verstanden."]
["Self certified loans",null,"C9",null,"Immobiliendarlehen bei denen der Schuldner sein Einkommen nicht nachgewiesen hat. Solche Darlehen sind gemäß Pfandbriefgesetz als Deckungswerte nicht zugelassen und somit auch nicht Bestandteil der Deckungsmassen deutscher Pfandbriefe."]
["Soft Bullet Strukturen",null,"Spalte H\nZeilen 4,43,73,104",null,"Die Rückzahlung des Kapitalbetrages der Anleihe kann zu festgelegten Bedingungen (Zahlung eines vereinbarten Verzugszinses) um einen festgelegten Zeitraum (meistens 6 bis 12 Monate) verschoben werden. \nDie Zeiträume und Bedingungen können je nach Jurisdiktion bzw. Bank variieren. Im Gegensatz dazu erfolgt bei Hard-Bullet-Strukturen die Rückzahlung zu einem festen Zeitpunkt.  "]
["Überdeckung","Tabellenblatt StTai","Spalte C\nZeile 8,43,73,104","A. HTT General Spalten C-D Zeilen 45-47","Grundsätzlich der Anteil der Deckungsmasse, der den Anteil der ausstehenden Pfandbriefe übersteigt - § 4 PfandBG verlangt von Pfandbriefbanken eine Überdeckung von mindestens 2% barwertig unter Berücksichtigung von definierten Zins- und  Währungsstressszenarien (sog. sichernde Überdeckung). Die barwertige Deckungsrechnung sowie die Zins- und Währungsstresse sind in der Barwertverordnung definiert. Die sichernde Überdeckung hat in liquiden Werten zu erfolgen, damit sie im Falle der Insolvenz der Pfandbriefbank vom dann zuständigen Sachwalter genutzt werden können, um schnell Liquidität zu generieren. Diesem Zweck dient auch die gesetzliche Vorschrift zur Absicherung des Liquiditätsbedarfs der Deckungsmasse für die nächsten 180 Tage. Auch dieser Liquiditätspuffer ist in liquiden Deckungswerten vorzuhalten. Als liquide gelten Assets, die von der EZB als notenbankfähig akzeptiert werden. Ferner ist die nominale Deckung vorgeschrieben. "]
["Versicherungen Bestandteil der Deckungsmasse?",null,"C5",null,"§ 12 Abs. 3 PfandBG regelt, dass sich die eingetragenen Deckungswerte auch auf alle Forderungen erstrecken, die auf die wirtschaftliche Substanz des Grundstücks gerichtet sind. "]
["Währungsrisiken","StTk Spalte D\nZeilen 17-27, 42-52, 67-77, 92-102 ","Spalten C und D\nZeilen 22-33, 56-67, 85-96, 116-127 \n","A. HTT General Spalte D Zeilen 112-155","Nach § 4 Abs. 1 PfandBG müssen Pfandbriefbanken eine barwertige Überdeckung von mindestens 2% unter Berücksichtigung von Zins- und Währungsstressen halten (sog. sichernde Überdeckung). Die durchzuführenden Währungsstressszenarien sind in § 6 Barwertverordnung geregelt (s. auch Link zur Barwertverordnung)"]
["WAL der ausstehenden Pfandbriefe",null,"Spalte H Zeile 3, 42, 72, 103","A. HTT General Spalten C-D Zeile 89","WAL steht für  Weighted Average Life und gibt die gewichtete durchschnittliche Restlaufzeit aller ausstehenden Pfandbriefe an. Die Ermittlung dieses WAL erfolgt analog der Ermittlung der Laufzeitstruktur zur Abbildung der Laufzeitbänder nach § 28 PfandBG. So soll grundsätzlich die Abbildung von Optionen gemäß der internen Steuerungslogik eines jeden Hauses erfolgen.Eine Berücksichtigung von Kündigungsrechten ist nicht erforderlich, da die Entscheidung über deren Ausübung bei der Pfandbriefbank bzw. dem Sachwalter liegt."]
["WAL der Deckungsmasse",null,"Spalte C Zeile 3, 42, 72, 103","A. HTT General Spalten C-D Zeile 66","WAL steht für  Weighted Average Life und gibt die gewichtete durchschnittliche Restlaufzeit aller ausstehenden Deckungswerte an. Die Ermittlung dieses WAL erfolgt analog der Ermittlung der Laufzeitstruktur zur Abbildung der Laufzeitbänder nach § 28 PfandBG. So soll grundsätzlich die Abbildung von Optionen gemäß der internen Steuerungslogik eines jeden Hauses erfolgen.Es können Kündigungsrechte der Bank berücksichtigt werden."]
["Weitere Deckungswerte","StTwh, StTwo, StTws, StTwf",null,"A. HTT General Spalten C Zeilen 56, 174-187","Als weitere Deckungswerte kommen beim Hypothekenpfandbrief Forderungen gegen Kreditinstitute sowie Forderungen gegen die Öffentliche Hand in Frage. Erstere sind in § 19 Abs. 1 Nr. 2 PfandBG geregelt, letzere in § 19 Abs. 1 Nr. 3 PfandBG. Forderungen gegen Kreditinstitute dürfen zu maximal 10% zur Deckung der im Umlauf befindlichen Hypothekenpfandbriefe herangezogen werden, wobei maximal 2% gegen ein und dasselbe Kreditinstitut bestehen dürfen. Forderungen gegen die Öffentliche Hand dürfen zu maximal 20% zur Deckung der in Umlauf befindlichen Hypothekenpfandbriefe beitragen, wobei in Summe die Forderungen gegen Kreditinstitute und Forderungen gegen die Öffentliche Hand nur zu 20% zur Deckung der in Umlauf befindlichen Hypothekenpfandbriefe beitragen dürfen. "]
["Zinsrisikien","StTk Spalte C\nZeilen 10, 16, 35, 41, 60, 66, 85, 91 ",null,"A. HTT General Spalten C Zeilen 164-166, \nB1. HTT Mortgage Assets C 150-152,\nB2. HTT Public Sector Assets C 130-132,\nB3. HTT Shipping Assets C 81-83","Nach § 4 Abs. 1 PfandBG müssen Pfandbriefbanken eine barwertige Überdeckung von mindestens 2% unter Berücksichtigung von Zins- und Währungsstressen halten. Die durchzuführenden Zinsstressszenarien sind in § 5 Barwertverordnung geregelt (s. auch Link zur Barwertverordnung)"]
["notenbankfähige Wertpapiere",null,"Spalte C Zeilen 14, 48, 77, 108","A. HTT General Spalten C Zeile 218","Wertpapiere, die bei Notenbank als Sicherheit für Refinanzierungsgeschäfte hinterlegt werden können. Hierdurch kann kurzfristig Liquidität über die Notenbank beschafft werden."]
["Garantierte Kredite",null,"Spalte C Zeile 7","B1. HTT Mortgage Assets C Zeile 278","Nicht im Pfandbriefgesetz geregelt. Die Frage nach garantierten Wohnimmobilienkredite stellt sich nur für Mortgage Cover Pools anderer Covered Bond Jurisdiktionen (bspw. Frankreich)."]
["Nettobarwert der Derivate in Deckung",null,"Spalte C Zeilen 20, 54, 83, 114","A. HTT General Spalten C Zeile 234","Deckungsderivate werden nur mit ihrem über alle Rahmenverträge hinweg genetteten Barwert dargestellt. D.h. es ist pro Pfandbriefart nur ein einzelner Barwert, der entweder eine Verbindlichkeit oder eine Forderung darstellt, auszuweisen."]
["Währungspositionen (nominal)",null,"Spalten C-D\nZeilen 22-33, 56-67, 85-96, 116-127","A.HTT General Spalte D Zeilen 112-155","Es erfolgt je ein Ausweis nach der Währung, in der Werte in Deckung genommen bzw. Pfandbriefe begeben wurden.  Je Währung wird eine Summe getrennt nach Deckungswerten und Pfandbriefen dargestellt."]
["Beleihungsauslauf in Bandbreiten",null,"C-H37","B1. HTT Mortgage Assets C 219-227","Jeder in Deckung befindlichen Darlehnsanteil wird gemäß seines individuellen Beleihungsauslaufs einer Bandbreite zugeordnet. Die Summe aller Darlehen einer Bandbreite wird dargestellt. \nFür die Einordnung in die Bandbreite ist der Gesamtauslauf auf den in Deckung befindlichen Darlehnsteil maßgeblich.  Bsp.: Darlehnsbetrag mit Beleihungsauslauf von 55 % wird in die Bandbreite <50 bis >= 60 eingeordnet."]
["Alter der Kredite","Tabellenblatt StTk  C28","Spalten C- H, Zeile 39","B1. HTT Mortgage Assets F 170-174","Ausweis der seit der Kreditvergabe verstrichenen Zeit (siehe auch Seasoning). Unter Kreditvergabe wird der Zeitpunkt der erstmaligen Kreditvalutierung verstanden."]
["Anzahl der Kredite ",null,"G13","B1. HTT Mortgage Assets F28, D187, D288,\nB2. HTT Public Sector Assets C10,D 19,\nB3. HTT Shipping Loans C 10","Die Anzahl der einzelnen Kreditengagements - beim Hypothekenpfandbrief erfolgt eine Unterteilung in gewerbliche und wohnwirtschaftliche Kredite"]
["Anzahl der Kreditnehmer",null,"G12","B1. HTT Mortgage Assets Spalte C, D Zeile 29\nB2. HTT Public Sector Assets C 11,\nB3. HTT Shipping Loans C 11","Kreditnehmer in Summe- hierbei kann ein Kreditnehmer mehrere Kredite haben - aus Vereinfachnungsgründen kann bei gemischten Finanzierungen ab einem gewerblichen Anteil von 0,5 dieser Kreditnehmer gänzlich zu Fallzahl gewerblich gerechnet werden. "]
["Anzahl der Objekte",null,"G14",null,"Summe aller in der Deckungsmasse befindlichen Objekte- (ein Kredit kann mit mehreren Objekten besichert sein)"]
["Selbstgenutzte Wohnungen",null,"G15",null,"Der Kreditnehmer bewohnt die Immobilie selbst (Eigennutzer)."]
["Mehrfamilienhäuser","Tabellenblatt StTdh","G16",null,"In einem Haus befinden sich mehrere vermietete Wohnungen (mehr als 2) - Eigentümer können u.a. Privatpersonen, Family Offices, Wohnungsunternehmen sein."]
["Alter der Schiffe (Fluzgeuge) in Bandbreiten",null,"Spalte C-F Zeile 129",null,"Gemäß der verstrichenen Zeit seit Inbetriebnahme der Schiffe (Flugzeuge) werden die dazugehörigen in Deckung befindlichen Darlehnsanteile den Bandbreiten betragsmäßig zugeordnet und aufsummiert ausgewiesen."]
["Größengruppen","Tabellenblatt StTag",null,"B1. HTT Mortgage Assets C 190-214,\nB2. HTT Public Sector Assets C 22-37,\nB3. HTT Shipping Assets C 120-144","Gemäß den Vorgaben des Pfandbriefgesetzes werden die einzelnen Forderungen je nach Betrag den entsprechenden vorgegebenen Kategorien zugeordnet und aufsummiert je Größengruppe ausgewiesen."]
["Eigentumswohnungen","Tabellenblatt StTdh",null,null,"Wohnungen, die sich in Mehrfamilienhäusern befinden und von privaten Eigentümern entweder selbst genutzt oder fremdvermietet werden."]
["Ein- und Zweifamilienhäuser","Tabellenblatt StTdh",null,null,"Freistehende Häuser mit einer oder maximal zwei integrierten Wohneinheiten, die von privaten Eigentümern entweder selbstgenutzt oder fremdvermietet oder zum Teil fremdvermietet sind."]
["Unfertige noch nicht ertragfähige Neubauten","Tabellenblatt StTdh",null,"B1. HTT Mortgage Assets C 269 und C 370","Gebäude, deren Bau noch nicht abgeschlossen ist (Rohbauten)."]
["Bürogebäude ","Tabellenblatt StTdh",null,"B1. HTT Mortgage Assets C 362","Nichtwohngebäude, die überwiegend Büro- und Verwaltungszwecken dienen. Dazu zählen u.a. die Büro- und Verwaltungsgebäude der gewerblichen Wirtschaft, darunter auch Bank- und Versicherungsgebäude, \nferner Bürogebäude der öffentlichen Hand wie Ministerien, Stadtverwaltungen, Postämter, Bahnverwaltungen, ebenso Rundfunkhäuser, Verwaltungsgebäude der Kirchen, der Arbeiterwohlfahrt oder ähnlicher Organisationen."]
["Handelsgebäude","Tabellenblatt StTdh",null,"B1. HTT Mortgage Assets C 364","Gebäude des Groß- und insbesondere Einzelhandels."]
["Industriegebäude","Tabellenblatt StTdh",null,"B1. HTT Mortgage Assets C 365","Gebäude von Herstellungs- und Produktionsstätten, Fabrik- und Werkstattgebäude."]
["Bauplätze","Tabellenblatt StTdh",null,"B1. HTT Mortgage Assets C 268 und C 369","Baureife Grundstücke."]
["sonstige gewerblich genutzte Gebäude","Tabellenblatt StTdh",null,"B1. HTT Mortgage Assets C 368","Bspw. Gebäude der Land- und Forstwirtschaft, Hotelbauten."]
["90 Tage rückständige Leistungen","Tabellenblatt StTdh",null,"80B1. HTT Mortgage Assets F 161","Als rückständig gilt eine Leistung ab dem 90. Tag nach ihrer Fälligkeit. Es sind lediglich auf den in Deckung befindlichen Teil eines Darlehens entfallende \nrückständige Leistungen auszuweisen."]
["Gesamtbetrag dieser Forderungen, soweit der jeweilige Rückstand (=die rückständigen Leistungen) mind. 5% der Forderung beträgt.","Tabellenblatt StTdh",null,null,"Zur Bestimmung des Überschreitens der 5%-Hürde soll die - in Bezug auf den Deckungsbetrag - rückständige Leistung ins Verhältnis zum Gesamtbetrag des in Deckung befindlichen Teils\n des entsprechenden Darlehens gesetzt werden. Ausgewiesen wird dann der in Deckung befindliche Teil der Forderung. "]
["Gewährleistungen aus Gründen der Exportfinanzierung","Tabellenblatt StTdo",null,null,"Exportkreditforderungen, welche gewährleistet werden: \n- entweder von einem gemäß § 20 PfandBG deckungsfähigen Staat selbst oder \n- von einem in einem derartigen Staat ansässigen Exportkreditversicherer (Export credit agency), welcher die Anforderungen einer öffentlichen Stelle erfüllt."]
["Zentralstaat","Tabellenblatt StTdo",null,"B2. HTT Public Sector Assets C 148","Hierbei ist die hierarchisch höchste Verwaltungshoheit eines Staates gemeint (unabhängig von der Organisationstruktur (Einheitsstaat oder Bundesstaat).  "]
["Regionale Gebietskörperschaft","Tabellenblatt StTdo",null,"B2. HTT Public Sector Assets C149","Unterhalb des Zentralstaats angeordnete Verwaltungseinheiten oder Bundesstaaten."]
["Örtliche Gebietskörperschaft","Tabellenblatt StTdo",null,"B2. HTT Public Sector Assets C150","Unterhalb der Verwaltungseinheiten und Bundesstaaten angeordnete Kommunen und deren Betriebe etc.."]
["Nettobarwert nach § 6 Pfandbrief-BarwertVO","Tabellenblatt StTK Spalte D und E \nZeilen 17-27, 42-52, 67-77,92-102",null,null,"Betrifft den Nettobarwart für Fremdwährungspositionen gleicher Währung nach einer Berücksichtigung von Abschlägen gemäß einem vorgegebenen Stressszenario. Für den Ausweis nach § 28 Abs. 1 Nr. 10 PfandBG wird hierbei der Zinsstress nicht der Währungsstress erfasst. Der Ausweis erfolgt in Eurobeträgen auf Basis der offiziellen EZB-Referenzkurse. \n(s. auch http://www.pfandbrief.de/cms/_internet.nsf/0/06A21D027F07E932C12579E200384989/$FILE/DE_PfandBarWertV_01.2011.pdf?OpenElement) "]
["Anteil der festverzinslichen Pfandbriefe oder Deckungsmasse","Tabellenblatt StTK",null,null,"Für den prozentualen Ausweis bilden Nominalwerte die Basis. Derivate in Deckung sind zu berücksichtigen."]
["Property Type information (residential- commercial)",null,null,"B1. HTT Mortgage Assets C 12-13","Information über die Nutzungsart der für Sicherung der Forderung verwendeten Immobilie."]
["Number of loans","Tabellenblatt StTk  C28","Spalten C- H, Zeile 39","B1. HTT Mortgage Assets F 170-174","s. Anzahl der Kredite"]
["Number of borrowers",null,"G13","B1. HTT Mortgage Assets Spalte C, D Zeile 29\nB2. HTT Public Sector Assets C 11,\nB3. HTT Shipping Loans C 11","s. Anzahl der Kreditnehmer"]
["Breakdown by Geography",null,null,"B1. HTT Mortgage Assets C 44-87\nB2. HTT Public Sector Assets C 49-92\nB3. HTT Shipping Loans C 26-69","Länderspezifischer Ausweis der Forderungen. Die Forderungen werden verteilt auf die einzelnen Staaten, in denen die Schulder und im Falle der Gewährleistung die gewährleistende Stelle ihren Sitz hat. Die HTT-Positionen M.7.4.44, PS.8.4.44 und S.9.3.44 (Datenblätter B1-B3) enthalten auch die Angaben zu sonstigen OECD-Staaten im Sinne von §28 PfandBG. Die HTT-Positionen M.7.4.3 und PS.8.4.3 (Datenblätter B1-B2) enthalten auch die Angaben zu sonstigen EU-Institutionen im Sinne von §28 PfandBG. "]
["Breakdown by domestic regions",null,null,"B1. HTT Mortgage Assets C 99-148\nB2. HTT Public Sector Assets C 104-128","Forderungsausweis nach Regionen innerhalb eines Staates (bspw. Bundesländer). "]
["Breakdown by repayment type - amortizing",null,null,"B1. HTT Mortgage Assets C 161\nB2. HTT Public Sector Assets C 139\nB3. HTT Shipping Loans C 92","Ausweis der Forderungen nach Rückzahlungsart- hier: amortisierend, d.h. es wir eine Rückzahlungsrate für die gesamte Laufzeit festgelegt, die sich aus einem anfänglichen Tilgungsanteil und einem Zinsanteil zusammensetzt.\nDa die Zinsen auf das jeweilige Restkapital berechnet werden, erhöht sich im Zeitablauf der Tilgungsanteil in dem Maße wie sich der Zinsanteil verringert."]
["Breakdown by repayment type - bullet / interst only",null,null,"B1. HTT Mortgage Assets C 160\nB2. HTT Public Sector Assets C 138\nB3. HTT Shipping Loans C 91","Ausweis der Forderungen nach Rückzahlungsart- hier: Einmalrückzahlung. Die Rückzahlung des Darlehens erfolgt in einem Betrag. Während der Darlehenslaufzeit fallen nur Zinszahlungen an."]
["Breakdown by interest type - fixed rate",null,null,"B1. HTT Mortgage Assets C 150\nB2. HTT Public Sector Assets C 130,\nB3. HTT Shipping Loans C 81","Ausweis der Forderungen nach Art der Zinsfestschreibungsvereinbarung- hier: Festzinsvereinbarung."]
["Breakdown by interest type - floating rate",null,null,"B1. HTT Mortgage Assets C 151\nB2. HTT Public Sector Assets C 131,\nB3. HTT Shipping Loans C 82","Ausweis der Forderungen nach Art der Zinsfestschreibungsvereinbarung- hier: variable Zinsvereinbarung."]
["Loan seasoning in buckets",null,null,"B1. HTT Mortgage Assets C 170-174\nB3. HTT Shipping Loans C 101-105","Ausweis der seit der Kreditvergabe verstrichenen Zeit in Bandbreiten. Unter Kreditvergabe wird der Zeitpunkt der erstmaligen Kreditvalutierung verstanden."]
["loan size in buckets",null,null,"B1. HTT Mortgage Assets C 190-214,\nB2. HTT Public Sector Assets C 22-37,\nB3. HTT Shipping Loans C 120-144","Gemäß den Vorgaben des Pfandbriefgesetzes werden die einzelnen Forderungen je nach Betrag den entsprechenden vorgegebenen Kategorien zugeordnet und aufsummiert je Größengruppe ausgewiesen. Falls die HTT-Abschnitte M.7B.15.2 bis M.7B.15.26 sowie M.7B.16.1 bis M.7B.16.10 (Datenblatt B1) nicht mit Daten befüllt sind, könnten diese Daten kummuliert in den HTT-Abschnitten M.7A.10.2 bis M.7A.10.26 sowie M.7A.11.1 bis M.7A.11.10 (Datenblatt B1) enthalten sein, wenn die HTT-Position M.7B.15.1  nicht gleich 0 beträgt."]
["non performing loans",null,null,"B1. HTT Mortgage Assets C 180,\nB2. HTT Public Sector Assets C 167,\nB3. HTT Shipping Loans C 111","Ausweis der rückständigen Leistungen. Als rückständig gilt eine Leistung ab dem 90. Tag nach ihrer Fälligkeit. Es sind lediglich auf den in Deckung befindlichen Teil eines Darlehens entfallende \nrückständige Leistungen auszuweisen (siehe auch NPL)."]
["Weighted LTV",null,null,"B1. HTT Mortgage Assets C 216","Gewichteter Beleihungsauslauf (siehe auch LTV Beleihungsauslauf)"]
["LTV buckets",null,null,"B1. HTT Mortgage Assets C 219-227","Die Forderungen werden gemäß ihrem Beleihungsauslauf verschiedenen Bandbreiten zugeordnet. (siehe auch LTV Beleihungsauslauf). Falls die HTT-Abschnitte M.7B.15.2 bis M.7B.15.26 sowie M.7B.16.1 bis M.7B.16.10 (Datenblatt B1) nicht mit Daten befüllt sind, könnten diese Daten kummuliert in den HTT-Abschnitten M.7A.10.2 bis M.7A.10.26 sowie M.7A.11.1 bis M.7A.11.10 (Datenblatt B1) enthalten sein, wenn die HTT-Position M.7B.15.1 nicht gleich 0 beträgt."]
["Breakdown by type (residential) - owner occupied",null,null,"B1. HTT Mortgage Assets C 260","s. Selbstgenutzte Wohnungen"]
["Breakdown by type (residential)- multi family homes",null,null,"B1. HTT Mortgage Assets C 267","s. Mehrfamilienhäuser"]
["Breakdown by type (residential) - Buildings under constructions",null,null,"B1. HTT Mortgage Assets C 268","s. Unfertige noch nicht ertragsfähige Neubauten"]
["Breakdown by type (residential) - Building land",null,null,"B1. HTT Mortgage Assets C 269","s. Bauplätze"]
["Loan by ranking - 1st lien",null,null,"B1. HTT Mortgage Assets C 277","s. Non first lien"]
["Loan by ranking - Guaranteed",null,null,"B1. HTT Mortgage Assets C 278","Ausweis nach Rangfolge der Forderungen (siehe auch non first lien)"]
["Breakdown by type (commercial) - shopping malls",null,null,"B1. HTT Mortgage Assets C 364","s. Handelsgebäude"]
["Breakdown by type (commercial) - office",null,null,"B1. HTT Mortgage Assets C 362","s. Bürogebäude"]
["Breakdown by type (commercial) - industry",null,null,"B1. HTT Mortgage Assets C 365","s. Industriegebäude"]
["Breakdown by type (commercial) - other commercial used",null,null,"B1. HTT Mortgage Assets C 367","s. Sonstige gewerblich genutzte Gebäude"]
["Breakdown by type (commercial) - land",null,null,"B1. HTT Mortgage Assets C 269 und C 368","s. Bauplätze"]
["Cover pool size (npv)",null,null,"A. HTT General M, P, S je Spalte C 40","Barwert des Gesamtbetrages der zur Deckung verwendeten Forderungen."]
["Outstanding Covered Bonds (npv)",null,null,"A. HTT General M, P, S je Spalte C 39","Barwert des Gesamtbetrages der ausstehenden Pfandbriefe."]
["Overcollateralisation",null,null,"A. HTT General M, P, S je Spalte C 45","Überdeckung - hiermit ist der Anteil der Deckungsmasse gemeint, der den Anteil der ausstehenden Pfandbriefe übersteigt. Siehe auch Überdeckung und gesetzliche Überdeckung."]
["Cover Pool amortisation profile in buckets",null,null,"A. HTT General M, P, S je Spalte C 70-77","Laufzeitstruktur der in Deckung befindlichen Forderungen in Bandbreiten - siehe auch Laufzeitstruktur."]
["Maturity of Covered Bonds in buckets",null,null,"A. HTT General M, P, S je Spalte C 93-100","Fälligkeitsstruktur der umlaufenden Pfandbriefe in Bandbreiten - siehe auch Laufzeitstruktur."]
["Cover Assets - Currency",null,null,"A. HTT General M, P, S je Spalte C 112-129","Ausweis der in Deckung befindlichen Forderungen nach Art der Währung."]
["Covered Bonds - Currency",null,null,"A. HTT General M, P, S je Spalte C 138-155","Ausweis der umlaufenden Pfandbriefe nach Art der Währung."]
["Covered Bonds - Breakdown by interest rate - fixed rate",null,null,"A. HTT General M, P, S je Spalte C 164","Ausweis der umlaufenden Pfandbriefe nach Art der Zinsfestschreibungsvereinbarung- hier: Festzinsvereinbarung."]
["Covered Bonds - Breakdown by interest rate - floating rate",null,null,"A. HTT General M, P, S je Spalte C 165","."]
["Exposures to/guaranteed by governments or quasi governments",null,null,"A. HTT General M, P, S je Spalte C 175","Forderungen , die von Regierungsstellen oder regierungsnahen Stellen garantiert werden."]
["Exposures to credit institutions (inkl Central Banks)",null,null,"A. HTT General M, P, S je Spalte C 177","Forderungen gegenüber Kreditinstituten und Zentralbanken."]
["o/w CQS1 credit institutions",null,null,"A. HTT General M, P, S je Spalte C 186","Forderungen gegenüber Kreditinstituten und Zentralbanken - hier: mit der Bonitätsstufe 1."]
["o/w CQS2 credit institutions",null,null,"A. HTT General M, P, S je Spalte C 187","Forderungen gegenüber Kreditinstituten und Zentralbanken - hier: mit der Bonitätsstufe 2."]
["Substitute Assets - Country",null,null,"A. HTT General M, P, S je Spalte C 193-208","Ausweis der weiteren Deckungswerte (Ersatzdeckung) nach Staaten."]
["Liquid Assets - Central bank eligible assets",null,null,"A. HTT General M, P, S je Spalte C 218","Liquide Vermögenswerte - hier: notenbankfähige Vermögenswerte."]
["NPV of Derivatives in the cover pool (mn)",null,null,"A. HTT General M, P, S je Spalte C 234","Barwert der in Deckung befindlichen Derivate."]
["Breakdown by Type of Debtors - Sovereigns",null,null,"B2. HTT Public Sector Assets C 148","Ausweis nach Art des Schuldners - hier: Zentralstaat (siehe auch Zentralstaat)."]
["Breakdown by Type of Debtors -Regional/federal authorities",null,null,"B2. HTT Public Sector Assets C 149","Ausweis nach Art des Schuldners - hier: Regionale Gebietskörperschaften (siehe auch regionale Gebietskörperschaft)."]
["Breakdown by Type of Debtors -Local/municipal authorities ",null,null,"B2. HTT Public Sector Assets C 150","Ausweis nach Art des Schuldners - hier: Örtliche Gebietskörperschaften (siehe auch Örtliche Gebietskörperschaften)."]
["Breakdown by Type of Debtors -Others",null,null,"B2. HTT Public Sector Assets C 151","Ausweis nach Art des Schuldners - hier: Sonstige (siehe auch Sonstige)."]

{"sheet":"vdp glossary (E) ","index":14,"n_rows":122,"n_cols":5,"rows_kept":122,"cut":false,"hidden":false,"merged":[]}
["Term","vdp-§ 28 Transparency-Initiative","extended vdp-Template","HTT","Explanation"]
["Equalisation claims","Worksheets StTwh, STwo, StTws, StTwf Colum F",null,null,"1. Claims of the Deutsche Bundesbank (or of the Bank deutscher Länder [Deutsche Bundesbank’s predecessor] and the former Land Central Banks), credit institutions, post office savings banks, building societies and insurance companies against public authorities (German federal government, German federal states) resulting from the 1948 currency reform and entered in the debt register. In 1948, there was a gap in the assets on the opening balance sheets of these institutions because the majority of their claims (claims against the German Reich) could not be converted into German marks (DM), unlike their liabilities. The equalisation claims were settled over a 37-year period starting in 1956, also using funds from the profit generated by Deutsche Bundesbank. The equalisation claims, which bore fixed interest at a rate of between 3 and 4.5 percent per year depending on their maturity, could be traded between credit and insurance institutions at their nominal amount;  they were converted in treasury bills and discounted treasury notes.\n2. Equalisation claims were used again in connection with the introduction of the German mark in former East Germany (GDR) with effect from 1 July 1990. If companies that were eligible for restructuring (not credit institutions, insurance companies or foreign trade businesses) and that had been transferred, as former East German state-owned companies, to the Treuhandanstalt (trust agency for the privatisation of East German state-owned businesses) or its subsidiaries free of charge for the purposes of privatisation, had a deficit that was not covered by capital, then they received an equalisation claim - bearing interest (Treuhandanstalt 5 percent per year) as of 1 July 1990 - against their provisional owners (section 24 of the Deutsche Mark Balance Sheet Act [DMBilG])."]
["Net present value","Worksheet StTai Colums F - I","Colum C rows 20, 54, 83, 114","A. HTT General Column C Row 40-41 (NPV)","The net present value is the value that future payments have at the current point in time. It is calculated by discounting the future payments and then adding them up.\nCurrent value of future payments (cash flows) assuming a certain interest rate (e.g. net present value of returns on investment, net present value of a pension or net present value of a bond). Calculating the net present value means that payments arising at different points in time can be compared. In order to calculate the net present value of a cash flow, the individual incoming and outgoing payments are discounted using a discount rate that is commensurate with the maturity and risk. Discounting takes account of the fact that the later the due date of a payment falls, the lower the current value of the payment is both for the debtor and for the payment recipient."]
["Net Present Value Regulation","Worksheet StTk",null,null,"https://www.pfandbrief.de/site/dam/jcr:d320da9b-cd24-46c5-823a-21ae167167ea/DE_PfandBG_01_2020.pdf"]
["Mortgage lending value ",null,null,null,"https://www.pfandbrief.de/site/dam/jcr:d320da9b-cd24-46c5-823a-21ae167167ea/DE_PfandBG_01_2020.pdf"]
["Regulation on the Determination of the Mortgage Lending Value",null,null,null,"https://www.pfandbrief.de/site/dam/jcr:d320da9b-cd24-46c5-823a-21ae167167ea/DE_PfandBG_01_2020.pdf"]
["Credit Quality Differentiation Model","Worksheets StTai Colums D - G, \nRows 28-29, 41-42, 54-55, 67-68",null,null,"The financial crisis shook confidence in the creditworthiness of a number of European countries. As a result, criticism grew about the unrestricted eligibility as cover of claims against EU and EEA countries and their sub-sovereign entities. \nIn light of this situation, the vdp member institutions unanimously approved the Credit Quality Differentiation Model for EU states at their Member's Meeting held in June 2012. The vdp initiative, which was launched in mid-2011, responds to the fact that the new banking regulation will not make any distinction between different sovereign risks. The voluntary vdp standard is designed to compensate for the lack of statutory provisions on credit differentiation among sovereigns, although in the medium term, a statutory solution that is not linked to external ratings would be desirable. The empirical values that are now being collected in connection with the application of the voluntary vdp standard may be incorporated into a statutory provision later on. \nIn the vdp model, credit quality is differentiated by applying haircuts, which are not linked to a specific maturity, to the nominal value of the claim in question. The size of the haircut is based on external ratings issued by Moody’s, Standard & Poor’s, and Fitch for central governments, as well as the likelihood of default underlying these ratings. Under the vdp standard, haircuts are applied to claims against EU states with a non-investment grade rating separately to the cover calculation that is required by law. The haircuts are also to be applied to claims against sub-sovereign entities from these countries. http://www.pfandbrief.de/cms/_internet.nsf/tindex/en_32.htm  "]
["Credit quality step 1 and 2",null,"Colum C \nRows 16-17, 50-51, 79-80, 110-111","A. HTT General Column C Row 186-187","Under section 4 (1) no. 3 of the Pfandbrief Act (PfandBG), only credit institutions in the European Economic Area, Switzerland, the US, Canada and Japan that meet the requirements for credit quality step 1 are eligible for the cover pool. Table 3 in Article 120 CRR (EU Regulation No 575/2013) and Table 5 in Article 121 CRR are authoritative in this regard.  Claims against credit quality step 2 institutions are also eligible for the cover pool where said claims have an initial maturity of up to 100 days. If limiting eligibility to credit quality step 1 institutions results in a risk of significant debtor concentration, BaFin (Bundesanstalt für Finanzdienstleistungsaufsicht - German banking supervisory authority) may extend eligibility to claims against credit quality step 2 institutions with initial maturities of more than 100 days following consultation with the European Banking Authority (EBA). Under a corresponding general regulation issued by BaFin, claims against credit institutions assigned to credit quality step 2 are currently eligible as cover. Credit institutions meet the requirements for credit quality step 1 if their rating by the three major rating agencies (Fitch/Moody's/S&P) is at least AA-/Aaa/AA-. Credit quality step 2 requires ratings of at least A-/Baa3/A-. In the event that there is more than one rating for a credit institution, Article 138 e) and j) CRR (EU Regulation No 575/2013) will apply with regard to eligibility for the cover pool. "]
["Maturity extension",null,"Colum H Row 5-6",null,"It is only after an administrator has been appointed that the latter can opt to postpone the repayment of upcoming maturities for a certain period of time. This period and the terms and conditions of the extension are based on either statutory or contractual regulations. "]
["Foreign currencies, net present value","Worksheet StTK Colums D and E \nRows 17-27, 42-52, 67-77,92-102",null,null,"Pursuant to section 28 (1) no. 10 of the Pfandbrief Act (PfandBG), Pfandbrief banks have to publish the net present value for each foreign currency. This is defined in section 6 of the Net Present Value Regulation (Barwertverordnung). The amount is reported in euro, having been converted on the basis of ECB reference exchange rates pursuant to section 1 of the Net Present Value Regulation. "]
["Statutory over-collateralisation",null,"Colum C Rows 8, 43, 73, 104","A. HTT General C47","At the net present value, taking into account interest rate and currency stress (see also “Over-collateralisation”)."]
["Weighted loan-to-value (LTV) ratio (average LTV ratio)","Worksheet StTK Colums D and E \nRow 29","Colum C Rows 76, 107","B1. HTT Mortgage Assets C 216","Average loan-to-value (LTV) ratio weighted based on the amount of the claim used for cover."]
["Threshold values under section 13 (1) PfandBG","Tabellenblatt StTK Spalte D und E \nZeile 13",null,null,"The total volume of the loans in non-European Union states for which it is not ensured that the preferential right of Pfandbrief creditors in accordance with section 30 (1) of the Pfandbrief Act (PfandBG) extends to the Pfandbrief bank’s claims deriving from these loans may not exceed 10 percent of the total volume of the loans for which the preferential right is ensured."]
["Threshold values under section 19 (1) no. 2 PfandBG","Worksheet StTK Colums D and E \nRow 14",null,null,"Cover for Mortgage Pfandbriefe may be provided, in an amount not exceeding 10 percent of the total amount of the Mortgage Pfandbriefe in circulation, by assets of the type specified in section 4 (1) sentence 2 nos. 1 and 2 of the Pfandbrief Act (PfandBG), \nby monetary claims against the European Central Bank, against central banks in the member states of the European Union or against credit institutions within the meaning of section 4 (1) sentence 2 no. 3 PfandBG, insofar as the amount of the Pfandbrief bank’s claims is already known at the time of acquisition, and by the credit balance of an account held with the institutions listed above; the share of monetary claims against one and the same credit institution must not exceed 2 percent of the total amount of the Mortgage Pfandbriefe referred to in half-sentence 1."]
["Threshold values under section 19 (1) no. 3 PfandBG","Worksheet StTK Colum D and E \nRow 15",null,null,"Cover for Mortgage Pfandbriefe may be provided, in an amount not exceeding 20 percent of the total amount of the Mortgage Pfandbriefe in circulation, by assets of the type specified in section 20 (1) of the Pfandbrief Act (PfandBG), insofar as these relate to bonds; \nthe cover assets specified in no. 2 count towards the limit."]
["Threshold values under section 20 (2) PfandBG","Worksheet StTK Colums D and E \nRow 39",null,null,"Cover for Public Pfandbriefe may be provided, in an amount not exceeding 10 percent of the total amount of the Public Pfandbriefe in circulation, by monetary claims against the European Central Bank, against central banks in the member states of the European Union or against credit institutions within the meaning of section 4 (1) sentence 2 no. 3 of the Pfandbrief Act (PfandBG), insofar as the amount of the Pfandbrief bank’s claims is already known at the time of acquisition, and by the credit balance of an account held with the institutions listed above; the share of monetary claims against one and the same credit institution must not exceed 2 percent of the total amount of the Public Pfandbriefe in circulation; section 4 (1) sentences 4 to 8 PfandBG apply accordingly."]
["Threshold values under section 26 (1) no. 3 PfandBG","Worksheet StTK Colums D and E \nRow 64",null,null,"Cover for Ship Pfandbriefe may be provided, in an amount not exceeding 10 percent of the total amount of the Ship Pfandbriefe in circulation, by assets of the type specified in section 4 (1) sentence 2 nos. 1 and 2 of the Pfandbrief Act (PfandBG), by monetary claims against the European Central Bank, against central banks in the member states of the European Union or against credit institutions within the meaning of section 4 (1) sentence 2 no. 3 PfandBG, insofar as the amount of the Pfandbrief bank’s claims is already known at the time of acquisition, and by the credit balance of an account held with the institutions listed above; the share of monetary claims against one and the same credit institution must not exceed 2 percent of the total amount of the Ship Pfandbriefe specified in half-sentence 1; section 4 (1) sentences 4 to 8 PfandBG apply accordingly."]
["Threshold values under section 26 (1) no. 4 PfandBG","Worksheet StTK Colums D and E \nRow 65",null,null,"Cover for Ship Pfandbriefe may be provided, in an amount not exceeding 20 percent of the total amount of the Ship Pfandbriefe in circulation, by assets of the type specified in section 20 (1) of the Pfandbrief Act (PfandBG), insofar as these relate to bonds; \nthe cover assets specified in no. 3 count towards the limit."]
["Threshold values under section 26f (1) no. 3 PfandBG","Worksheet StTK Colums D and E \nRow 89",null,null,"Cover for Aircraft Pfandbriefe may be provided, in an amount not exceeding 10 percent of the total amount of the Aircraft Pfandbriefe in circulation, by assets of the type specified in section 4 (1) sentence 2 nos. 1 and 2 of the Pfandbrief Act (PfandBG), by monetary claims against the European Central Bank, against central banks in the member states of the European Union or against credit institutions within the meaning of section 4 (1) sentence 2 no. 3 PfandBG, insofar as the amount of the Pfandbrief bank’s claims is already known at the time of acquisition, and by the credit balance of an account held with the institutions listed above; the share of monetary claims against one and the same credit institution must not exceed 2 percent of the total amount of the Aircraft Pfandbriefe specified in half-sentence 1; section 4 (1) sentences 4 to 8 PfandBG apply accordingly."]
["Threshold values under section 26f (1) no. 4 PfandBG","Worksheet StTK Colums D and E \nRow 90",null,null,"Cover for Aircraft Pfandbriefe may be provided, in an amount not exceeding 20 percent of the total amount of the Aircraft Pfandbriefe in circulation, by assets of the type specified in section 20 (1) of the Pfandbrief Act (PfandBG), insofar as these relate to bonds; \nthe cover assets specified in no. 3 count towards the limit."]
["Intra-group transactions",null,"Colum C\nRows 19, 53, 82, 113 ","A. HTT General C232,233","This point refers to derivative transactions: Article 1 no. 19 of Regulation (EU) No 1333/2014 of the ECB defines intra-group transactions as transactions concluded by a reporting agent with another undertaking which is included in the same consolidated financial statement on a full basis.\nThe term “consolidated financial statement”, within this context, is based on the IFRS definition/consolidation under bank supervisory law.\nTransactions executed between legally independent institutions internally within an association, e.g. within the savings bank or cooperative sector, are not classed as intra-group transactions within the meaning of Regulation (EU) No 1333/2014 of the ECB."]
["Insured mortgages",null,"Colum C Row 4",null,"Share of insured loans. Pursuant to section 15 of the Pfandbrief Act (PfandBG), insurance must be ensured throughout the entire lending term. This is why all properties that serve as collateral for property loans used as cover are insured against the relevant risks."]
["Interest-only loans",null,"Colum C Row 13","B1. HTT Mortgage Assets F160","Proportion of property loans in the cover pool that are only repaid on maturity. "]
["Internal swap counterparty",null,"Colum C\nRows 19, 53, 82, 113 ","A. HTT General C232,233","Internal swap counterparties arise, by way of example, in a parent-subsidiary relationship pursuant to Article 1 of Directive 83/349/EEC."]
["Maturity structure","Worksheet StTal",null,"A. HTT General C70-82 und C 93-105","Pursuant to section 28 (1) no. 2 of the Pfandbrief Act (PfandBG), Pfandbrief banks are under a statutory obligation to report the maturity structure of the Pfandbriefe and the cover assets on a quarterly basis. \nAs far as the cover assets are concerned, the fixed-interest period is taken as a basis. In principle, options are to be presented in line with each institution’s internal management logic, particularly where option-pricing models are used for cash-flow valuation purposes as part of overall bank/group management.\nConsideration of cancellation rights on the liabilities side is not required as the decision on their execution lies with the Pfandbrief bank or its administrator.\nCancellation rights of the bank can be taken into account on the assets side.\nStatutory cancellation rights pursuant to section 489 of the German Civil Code (BGB) do not need to be taken into account when presenting the information in the maturity bands.\nVariable-rate mortgage loans are to be allocated to the maturity bands in line with the deadline for the next margin adjustment.\nThe allocation to the maturity bands is to be based on the scheduled repayment portions (cash-flow view)"]
["Limited certified loans",null,"Colum C Row 10",null,"Property loans for which the debtor has only provided partial evidence of his income. These loans do not form part of the cover pool of German Pfandbriefe."]
["LTV (loan-to-value) ratio","Worksheet StTK",null,"B1. HTT Mortgage Assets C 216-221","The loan-to-value (LTV) ratio is based on the German mortgage lending value. Provisions concerning the German mortgage lending value are set out in section 16 of the Pfandbrief Act (PfandBG) and, in detail, in the Regulation on the Determination of the Mortgage Lending Value (BelWertV). Both residential and commercial property loans are eligible as cover in an amount corresponding to up to 60% of the mortgage lending value that has been calculated. The mortgage lending value calculation takes into account the long-term and sustainable features of the asset, as well as the current and possible other uses and users. Exaggerated market prices must be left out of the equation. In principle, the value calculation process requires an asset inspection to be carried out, unless the loan is a small-scale loan of up to EUR 400,000. The monitoring requirements are set out, first of all, in Article 208 (3) CRR. These provisions state that commercial property must be monitored at least once a year, with residential property being monitored at least every three years. Section 27 BelWertV also requires a review to be conducted if the price level on the property market has fallen substantially. Reviews must also be conducted in the event of a loan default. "]
["ND1",null,null,null,"ND1 = No Data - This information is not suitable for/applicable to the German Pfandbrief"]
["ND2",null,null,null,"ND2 = No Data - This information is not currently relevant for this issuer and/or Pfandbrief programme"]
["ND3",null,null,null,"ND3 = No Data - This information is currently unavailable "]
["Nominal value/nominal/nom.",null,null,null,"The nominal values of securities often vary from their current market values. Example:\nNominal value of bond X = €1,000\nMarket value of bond X = €990.00 (market price = 99%)\nThe nominal value represents the investor’s claim against the issuer, which is due in full on maturity. Irrespective of the amount invested, the nominal value is taken as a basis at the time of repayment. If the security is sold during its term, i.e. before it reaches maturity, the payment is based on the current market value."]
["Non first lien mortgages",null,"Colum C Row 11","B1. HTT Mortgage Assets C277","Proportion of property loans in the cover pool in relation to which preferential rights are entered in the Land Register. Whether they are classed as being first ranking or second ranking is irrelevant in Germany/for the purposes of the Pfandbrief. In accordance with German legislation, holders of security rights over real property have the same procedural rights as a general rule, irrespective of their ranking. All holders of a security right over real property are entitled to take realization measures. In fact, it is the loan-to-value ratio that is decisive when it comes to the security of a security right over real property. It is important that existing priority security rights over real property are calculated correctly and deducted from the 60% threshold. It is not uncommon for priorities to be entered in the Land Register with extremely small amounts because old rights are often difficult to cancel. The dilution of these priority security rights over real property can be avoided by performing an appropriate calculation. In theory, all property loans used as cover can be subordinated without this reducing the recoverability and quality of the cover assets and posing a risk."]
["NPL (non-performing loans)","StTdh Colums S-T, StTdoR, StTds Colums H-I, \nStTdf Colums F-G",null,"B1. HTT Mortgage Assets F180","Pursuant to section 28 (2) no. 2 of the Pfandbrief Act (PfandBG), Pfandbrief banks must publish the total amount of claims that are at least 90 days in arrears, in relation to the part of a loan that is used as cover, on a quarterly basis."]
["Asset types","Worksheet StTdo",null,"B1. HTT Mortgage Assets C260-269 und C361-370","The properties that are eligible for cover are set out in sections 12 to 18 of the Pfandbrief Act (PfandBG). Pursuant to these provisions, both residential and commercial properties are eligible for cover. Distinctions are made based on the type of use. Section 28 (2) no. 1 PfandBG requires Pfandbrief banks to publish quarterly information on their cover assets, broken down into condominiums, single-family and two-family houses, multi-family houses, office buildings, retail/wholesale buildings, industrial buildings, other buildings used for commercial purposes, unfinished new buildings not yet capable of yielding a return, and building sites. However, mortgages on building sites must not exceed 1% of the total amount of cover assets used to cover Mortgage Pfandbriefe (section 16 (3) PfandBG). Together with unfinished new buildings not yet capable of yielding a return, the proportion must not exceed 10 percent of the total amount of cover assets used to cover Mortgage Pfandbriefe. Mortgages on land that does not guarantee a permanent yield are not eligible for cover. "]
["Pass-through structures",null,"Colum H Rows 7,46,76,107",null,"These refer to a scenario in which, in the event that the issuer becomes insolvent, all outstanding covered bonds are serviced, on a pro rata basis, using the cover assets based on the payments received. The payments are then “passed through” to the covered bond creditor."]
["German Pfandbrief Act",null,null,null,"https://www.pfandbrief.de/site/de/vdp/pfandbrief/Grundlagen/pfandbriefgesetz.html"]
["Risk-adjusted net present value","StTai Colum H and I",null,null,"Pursuant to section 28 (1) of the Pfandbrief Act (PfandBG), Pfandbrief banks are under a statutory obligation to publish what is known as the risk-adjusted net present value of the outstanding Pfandbriefe and cover assets on a quarterly basis. This refers to the net present value based on the stipulated interest rate and currency stress scenarios. Since the interest rate stress scenario has to simulate both an increase and a drop in interest rates, while currency stress scenarios have to simulate both appreciation and depreciation, Pfandbrief banks are only to publish the risk-adjusted net present value that shows the lowest over-collateralisation amount. "]
["Non-performing claims","StTdh Colums S-T, StTdoR, StTds Colums H-I, \nStTdf Colums F-G",null,"B1. HTT Mortgage Assets F180\nB2. HTT Public Assets C167","A claim is deemed to be non-performing as of the 90th day after its due date (see also “NPL”). Only those non-performing claims that relate to the part of a loan that is used as cover are to be reported: Interest: Broken down by what is attributable to the cover portion and the non-cover portion/repayment: Only to count towards the non-cover portion initially. In the case of proportionately guaranteed loans (percentage guarantees for municipal loans), in the event of repayment arrears, as an exception this is not reported according to the \"waterfall principle\" and only \"surpluses\" are allocated to the part covered, but pro rata according to the guarantee ratio."]
["Seasoning","StTk Colums D-E Row 28","Colums C-H Row 39","B1. HTT Mortgage Assets Column C-F Row 170-174","Time that has passed since the loan was granted. A loan is deemed to have been granted at the time that it is disbursed for the first time."]
["Self-certified loans",null,"C9",null,"Property loans for which the debtor has not provided evidence of his income. Under the German Pfandbrief Act, these loans are not eligible for use as cover assets, meaning that they do not form part of the cover pools of German Pfandbriefe."]
["Soft bullet structures",null,"Colum H\nRows 4,43,73,104",null,"The repayment of the principal amount of the bond can be postponed by a fixed period (usually 6 to 12 months) subject to certain conditions (payment of agreed default interest). \nThe periods, terms and conditions may vary depending on the jurisdiction/bank. By contrast, hard bullet structures involve repayment at a fixed point in time.  "]
["Over-collateralisation","Worksheet StTai","Colum C\nRows 8,43,73,104","A. HTT General Columnn C-D Row 45-47","In general, the proportion of the cover pool that exceeds the proportion of the outstanding Pfandbriefe - section 4 of the Pfandbrief Act (PfandBG) requires Pfandbrief banks to have over-collateralisation of at least 2%, based on the net present value, taking defined interest rate and currency stress scenarios into account (known as protective over-collateralisation). The net present value cover calculation and the interest rate and currency stress scenarios are defined in the Net Present Value Regulation (Barwertverordnung). The protective over-collateralisation must be available in the form of liquid assets so that, if the Pfandbrief bank becomes insolvent, it can be used by the administrator who is then responsible for the bank in order to quickly generate liquidity. This is also the purpose of the statutory provision regarding the need to secure the liquidity requirements of the cover pool for the next 180 days. This liquidity buffer must also be kept available in liquid cover assets. Assets are deemed to be “liquid” if they are accepted by the ECB as eligible assets. Nominal cover is also required. "]
["Does insurance form part of the cover pool?",null,"C5",null,"Section 12 (3) of the Pfandbrief Act (PfandBG) states that the recorded cover assets also cover all claims that are based on the economic substance of the property. "]
["Foreign exchange risks","StTk Colums D\nRow 17-27, 42-52, 67-77, 92-102 ","Colum C and D\nRows 22-33, 56-67, 85-96, 116-127 \n","A. HTT General Column D Row 112-155","Pursuant to section 4 (1) of the Pfandbrief Act (PfandBG), Pfandbrief banks must have over-collateralisation of at least 2%, based on the net present value, taking into account interest rate and currency stress scenarios (known as protective over-collateralisation). The currency stress scenarios to be applied are set out in section 6 of the Net Present Value Regulation (Barwertverordnung) (see also link to the Net Present Value Regulation)"]
["WAL of outstanding Pfandbriefe",null,"Colum H Rows 3, 42, 72, 103","A. HTT General Columnn C-D Row 89","WAL stands for “weighted average life” and indicates the weighted average remaining maturity of all outstanding Pfandbriefe. The WAL is calculated based on the maturity structure bands under section 28 of the Pfandbrief Act (PfandBG). In principle, options are to be presented in line with each institution’s internal management logic. Consideration of cancellation rights is not required as the decision on their execution lies with the Pfandbrief bank or its administrator."]
["WAL of the cover pool",null,"Colum C Rows 3, 42, 72, 103","A. HTT General Columnn C-D Row 66","WAL stands for “weighted average life” and indicates the weighted average remaining maturity of all outstanding cover assets. The WAL is calculated based on the maturity structure bands under section 28 of the Pfandbrief Act (PfandBG). In principle, options are to be presented in line with each institution’s internal management logic. Cancellation rights of the bank can be taken into account."]
["Other cover assets","StTwh, StTwo, StTws, StTwf",null,"A. HTT General Columnn C Row 56, 174-187","For Mortgage Pfandbriefe, other cover assets can include claims against credit institutions and claims against public authorities. Provisions on the former are set out in section 19 (1) no. 2 of the Pfandbrief Act (PfandBG), while provisions on the latter are set out in section 19 (1) no. 3 PfandBG. Claims against credit institutions may only be used in a maximum amount corresponding to 10% in order to cover the Mortgage Pfandbriefe in circulation. Claims against one and the same credit institution may only account for a maximum of 2%. Claims against public authorities may only be used in a maximum amount corresponding to 20% in order to cover the Mortgage Pfandbriefe in circulation. In total, the claims against credit institutions and the claims against public authorities may only be used in a maximum amount corresponding to 20% in order to cover the Mortgage Pfandbriefe in circulation. "]
["Interest rate risks","StTk Colum C\nRows 10, 16, 35, 41, 60, 66, 85, 91 ",null,"A. HTT General Columnn C Row 164-166, \nB1. HTT Mortgage Assets C 150-152,\nB2. HTT Public Sector Assets C 130-132,\nB3. HTT Shipping Assets C 81-83","Pursuant to section 4 (1) of the Pfandbrief Act (PfandBG), Pfandbrief banks must have over-collateralisation of at least 2%, based on the net present value, taking into account interest rate and currency stress scenarios. The interest rate stress scenarios to be applied are set out in section 5 of the Net Present Value Regulation (Barwertverordnung) (see also link to the Net Present Value Regulation)"]
["Securities eligible for central bank credit",null,"Colum C Rows 14, 48, 77, 108","A. HTT General Columnn C Row 218","Securities that may be deposited at central banks as collateral for refinancing transactions. This allows liquidity to be obtained via the central bank at short notice."]
["Guaranteed loans",null,"Colum C Row 7","B1. HTT Mortgage Assets C Row 278","No corresponding provisions set out in the Pfandbrief Act. The issue of guaranteed residential property loans only arises for mortgage cover pools of other covered bond jurisdictions (e.g. France)."]
["Net present value of derivatives used as cover",null,"Colum C Rows 20, 54, 83, 114","A. HTT General Columnn C Row 234","Cover derivatives are only shown at their net present value netted across all framework agreements. This means that only one net present value, which represents either a liability or a claim, is to be reported for each type of Pfandbrief."]
["Currency positions (nominal)",null,"Colums C-D\nRows 22-33, 56-67, 85-96, 116-127","A.HTT General Column D Row 112-155","Reported for each currency in which assets have been included in the cover pool or Pfandbriefe issued.  A total is shown for each currency, divided into cover assets and Pfandbriefe."]
["Loan-to-value ratio in bands",null,"C-H37","B1. HTT Mortgage Assets C 219-227","Each portion of the loan used as cover is allocated to a band according to its individual loan-to-value ratio. The total of all loans in a band is shown. \nThe total loan-to-value ratio of the portion of the loan used as cover is decisive when it comes to allocation to a band.  E.g.: Loan amount with a loan-to-value ratio of 55% is allocated to band <50 to >= 60."]
["Loan age","Worksheet StTk  C28","Colums C- H, Row 39","B1. HTT Mortgage Assets F 170-174","Time that has passed since the loan was granted (see also “Seasoning”). A loan is deemed to have been granted at the time that it is disbursed for the first time."]
["Number of loans ",null,"G13","B1. HTT Mortgage Assets F28, D187, D288,\nB2. HTT Public Sector Assets C10,D 19,\nB3. HTT Shipping Loans C 10","The number of individual loan exposures - for Mortgage Pfandbriefe, a breakdown showing commercial and residential loans is provided."]
["Number of borrowers",null,"G12","B1. HTT Mortgage Assets Column C, D Row 29\nB2. HTT Public Sector Assets C 11,\nB3. HTT Shipping Loans C 11","Total number of borrowers - a borrower may have multiple loans - in the case of mixed financings with a commercial share of 0.5 or more, this borrower may be fully counted towards the number of commercial borrowers for reasons of simplification. "]
["Number of assets",null,"G14",null,"Total of all assets in the cover pool (a loan can be secured by several assets)."]
["Owner-occupied flats",null,"G15",null,"The borrower is using the property him/herself (owner-occupied)."]
["Multi-family houses","Worksheet StTdh","G16",null,"A building contains several rented flats (more than 2) - the owners can be private individuals, family offices, housing companies, etc."]
["Age of ships (aircraft) in bands",null,"Colums C-F Row 129",null,"Based on the time that has passed since the ships (aircraft) were commissioned, the corresponding portions of the loan used as cover are allocated to the bands based on their amount and then shown as a total."]
["Size groups","Worksheet StTag",null,"B1. HTT Mortgage Assets C 190-214,\nB2. HTT Public Sector Assets C 22-37,\nB3. HTT Shipping Assets C 120-144","Based on the requirements of the Pfandbrief Act, the individual claims are allocated to the corresponding defined categories based on their amount and are then added up and reported by size group."]
["Condominiums","Worksheet StTdh",null,null,"Flats located in multi-family houses that are either used by private owners themselves or are rented out to third parties."]
["Single-family and two-family houses","Worksheet StTdh",null,null,"Detached houses including one or a maximum of two integrated residential units that are either used by private owners themselves or are (partly) rented out to third parties."]
["Unfinished new buildings not yet capable of yielding a return","Worksheet StTdh",null,"B1. HTT Mortgage Assets C 269 und C 370","Buildings that are still under construction (building shells)."]
["Office buildings ","Worksheet StTdh",null,"B1. HTT Mortgage Assets C 362","Non-residential buildings used predominantly for office and administrative purposes. These include office and administrative buildings of commercial enterprises, also bank and insurance company buildings, as well as public-sector office buildings such as ministries, city authorities, post offices, rail administrative offices, broadcasting centres, administration buildings belonging to the church, the employee welfare association or similar organisations."]
["Retail/wholesale buildings","Worksheet StTdh",null,"B1. HTT Mortgage Assets C 364","Buildings used for wholesale and, in particular, retail purposes."]
["Industrial buildings","Worksheet StTdh",null,"B1. HTT Mortgage Assets C 365","Buildings housing manufacturing and production facilities, factory and workshop buildings."]
["Building sites","Worksheet StTdh",null,"B1. HTT Mortgage Assets C 268 und C 369","Land in a state ready for development."]
["Other buildings used for commercial purposes","Worksheet StTdh",null,"B1. HTT Mortgage Assets C 368","E.g.: Buildings used for agriculture and forestry, hotel buildings."]
["Claims that are 90 days in arrears","Worksheet StTdh",null,"80B1. HTT Mortgage Assets F 161","A claim is deemed to be non-performing as of the 90th day after its due date. Only those non-performing claims that relate to the part of a loan that is used as cover are to be reported."]
["Total amount of these claims, insofar as the arrears (= the non-performing claims) account for at least 5% of the claim","Worksheet StTdh",null,null,"When determining whether the 5% threshold is exceeded, the non-performing claim - in relation to the cover amount - is to be expressed in relation to the total amount of the part of the corresponding loan that is used for cover. The part of the claim used as cover is then reported."]
["Guarantees for export financing reasons","Worksheet StTdo",null,null,"Export credit claims that are guaranteed: \n- either by a country that is eligible for cover itself pursuant to section 20 of the Pfandbrief Act (PfandBG) or\n- by an export credit agency based in such a country that meets the requirements for classification as a public-sector entity."]
["Central government","Worksheet StTdo",null,"B2. HTT Public Sector Assets C 148","This refers to a country’s highest hierarchical administrative authority (irrespective of the organisational structure [unitary state or federation]).  "]
["Regional authority","Worksheet StTdo",null,"B2. HTT Public Sector Assets C149","Administrative entities or federal states organised below central government level."]
["Local authority","Worksheet StTdo",null,"B2. HTT Public Sector Assets C150","Municipalities and their enterprises, etc. organised below the level of administrative entities or federal states."]
["Net present value pursuant to section 6 of the Pfandbrief Net Present Value Regulation (Pfandbrief-BarwertVO)","Worksheet StTK Colums D and E \nRows 17-27, 42-52, 67-77,92-102",null,null,"Describes the net present value for foreign currency positions in the same currency, after applying discounts in line with a defined stress scenario. For the purposes of the disclosure pursuant to section 28 (1) no. 10 of the Pfandbrief Act (PfandBG), this includes the interest rate stress, not the currency stress. The amount is reported in euro based on the official ECB reference rates. \n(See also http://www.pfandbrief.de/cms/_internet.nsf/0/85E4B81D6AE39FC2C1257A6B003F6CBE/$FILE/EN_PfandBarWertV_04_2012.pdf?OpenElement) "]
["Proportion of fixed-interest Pfandbriefe or cover assets","Worksheet StTK",null,null,"Nominal values form the basis for the percentage reported. Derivatives used as cover are to be taken into account."]
["Property Type information (residential- commercial)",null,null,"B1. HTT Mortgage Assets C 12-13","Information on the type of use of the property used to secure the claim."]
["Number of loans","Worksheet StTk  C28","Colums C- H,Row 39","B1. HTT Mortgage Assets F 170-174","See “Number of loans”."]
["Number of borrowers",null,"G13","B1. HTT Mortgage Assets Column C, D Row 29\nB2. HTT Public Sector Assets C 11,\nB3. HTT Shipping Loans C 11","See “Number of borrowers”."]
["Breakdown by geography",null,null,"B1. HTT Mortgage Assets C 44-87\nB2. HTT Public Sector Assets C 49-92\nB3. HTT Shipping Loans C 26-69","Country-specific claims reporting. The claims are allocated to the individual countries in which the debtors and, in cases involving guarantees, the guaranteeing agency are based. The HTT fields M.7.4.44, PS.8.4.44 and p.9.3.44 (data sheets B1-B3) also contain the information on other OECD countries within the meaning of §28 PfandBG.The HTT fields M.7.4.3 and PS.8.4.3 (data sheets B1-B2) also contain the information on other EU Institutions within the meaning of §28 PfandBG."]
["Breakdown by domestic regions",null,null,"B1. HTT Mortgage Assets C 99-148\nB2. HTT Public Sector Assets C 104-128","Reporting of claims by region within a country (e.g. federal states). "]
["Breakdown by repayment type - amortizing",null,null,"B1. HTT Mortgage Assets C 161\nB2. HTT Public Sector Assets C 139\nB3. HTT Shipping Loans C 92","Reporting of claims by repayment type - in this case: amortising, i.e. a repayment rate comprising an initial repayment portion and an interest portion is set for the entire term.\nSince the interest is calculated based on the remaining capital, the repayment portion increases over time to the extent that the interest portion decreases."]
["Breakdown by repayment type - bullet / interst only",null,null,"B1. HTT Mortgage Assets C 160\nB2. HTT Public Sector Assets C 138\nB3. HTT Shipping Loans C 91","Reporting of claims by repayment type- in this case: bullet repayment. The loan is repaid in a single amount. Only interest payments are due during the term of the loan."]
["Breakdown by interest type - fixed rate",null,null,"B1. HTT Mortgage Assets C 150\nB2. HTT Public Sector Assets C 130,\nB3. HTT Shipping Loans C 81","Reporting of claims by type of interest rate agreement - in this case: fixed-rate agreement."]
["Breakdown by interest type - floating rate",null,null,"B1. HTT Mortgage Assets C 151\nB2. HTT Public Sector Assets C 131,\nB3. HTT Shipping Loans C 82","Reporting of claims by type of interest rate agreement - in this case: floating rate agreement."]
["Loan seasoning in buckets",null,null,"B1. HTT Mortgage Assets C 170-174\nB3. HTT Shipping Loans C 101-105","Reporting of time that has passed since the loan was granted in bands. A loan is deemed to have been granted at the time that it is disbursed for the first time."]
["loan size in buckets",null,null,"B1. HTT Mortgage Assets C 190-214,\nB2. HTT Public Sector Assets C 22-37,\nB3. HTT Shipping Loans C 120-144","Based on the requirements of the Pfandbrief Act, the individual claims are allocated to the corresponding defined categories based on their amount and are then added up and reported by size group. If HTT sections M.7B.15.2 to M.7B.15.26 and M.7B.16.1 to M.7B.16.10 (data sheet B1) are not filled with data, these data could be cumulated in HTT sections M.7 A.10.2 to M.7A.10.26 and M.7A.11.1 to M.7A.11.10 (data sheet B1), if the HTT position M.7B.15.1 is not equal 0."]
["non performing loans",null,null,"B1. HTT Mortgage Assets C 180,\nB2. HTT Public Sector Assets C 167,\nB3. HTT Shipping Loans C 111","Reporting of non-performing claims. A claim is deemed to be non-performing as of the 90th day after its due date. Only those non-performing claims that relate to the part of a loan that is used as cover are to be reported (see also “NPL”)."]
["Weighted LTV",null,null,"B1. HTT Mortgage Assets C 216","Weighted loan-to-value (LTV) ratio (see also “LTV (loan-to-value) ratio”)."]
["LTV buckets",null,null,"B1. HTT Mortgage Assets C 219-227","The claims are assigned to different bands depending on their loan-to-value ratio (see also “LTV (loan-to-value) ratio”). If HTT sections M.7B.15.2 to M.7B.15.26 and M.7B.16.1 to M.7B.16.10 (data sheet B1) are not filled with data, these data could be cumulated in HTT sections M.7 A.10.2 to M.7A.10.26 and M.7A.11.1 to M.7A.11.10 (data sheet B1), if the HTT position M.7B.15.1 is not equal 0."]
["Breakdown by type (residential) - owner occupied",null,null,"B1. HTT Mortgage Assets C 260","See “Owner-occupied flats”."]
["Breakdown by type (residential)- multi family homes",null,null,"B1. HTT Mortgage Assets C 267","See “Multi-family houses”."]
["Breakdown by type (residential) - Buildings under constructions",null,null,"B1. HTT Mortgage Assets C 268","See “Unfinished new buildings not yet capable of yielding a return”."]
["Breakdown by type (residential) - Building land",null,null,"B1. HTT Mortgage Assets C 269","See “Building sites”."]
["Loan by ranking - 1st lien",null,null,"B1. HTT Mortgage Assets C 277","See “Non first lien mortgages”."]
["Loan by ranking - Guaranteed",null,null,"B1. HTT Mortgage Assets C 278","Reporting based on claims ranking (see also “Non first lien mortgages”)."]
["Breakdown by type (commercial) - shopping malls",null,null,"B1. HTT Mortgage Assets C 364","See “Retail/wholesale buildings”."]
["Breakdown by type (commercial) - office",null,null,"B1. HTT Mortgage Assets C 362","See “Office buildings”."]
["Breakdown by type (commercial) - industry",null,null,"B1. HTT Mortgage Assets C 365","See “Industrial buildings”."]
["Breakdown by type (commercial) - other commercial used",null,null,"B1. HTT Mortgage Assets C 367","See “Other buildings used for commercial purposes”."]
["Breakdown by type (commercial) - land",null,null,"B1. HTT Mortgage Assets C 269 und C 368","See “Building sites”."]
["Cover pool size (npv)",null,null,"A. HTT General M, P, S, Column C 40","Net present value of the total amount of claims used for cover."]
["Outstanding Covered Bonds (npv)",null,null,"A. HTT General M, P, S, Column C 39","Net present value of the total amount of outstanding Pfandbriefe."]
["Overcollateralisation",null,null,"A. HTT General M, P, S, Column C 45","Over-collateralisation - this refers to the proportion of the cover pool that exceeds the proportion of outstanding Pfandbriefe. See also “Over-collateralisation” and “Statutory over-collateralisation”."]
["Cover Pool amortisation profile in buckets",null,null,"A. HTT General M, P, S, Column C 70-77","Maturity structure of the claims used for cover in bands - see also “Maturity structure”."]
["Maturity of Covered Bonds in buckets",null,null,"A. HTT General M, P, S, Column C 93-100","Maturity structure of the Pfandbriefe in circulation in bands - see also “Maturity structure”."]
["Cover Assets - Currency",null,null,"A. HTT General M, P, S, Column C 112-129","Reporting of claims used for cover based on currency type."]
["Covered Bonds - Currency",null,null,"A. HTT General M, P, S, Column C 138-155","Reporting of Pfandbriefe in circulation based on currency type."]
["Covered Bonds - Breakdown by interest rate - fixed rate",null,null,"A. HTT General M, P, S, Column C 164","Reporting of Pfandbriefe in circulation by type of interest rate agreement - in this case: fixed-rate agreement."]
["Covered Bonds - Breakdown by interest rate - floating rate",null,null,"A. HTT General M, P, S, Column C 165","."]
["Exposures to/guaranteed by governments or quasi governments",null,null,"A. HTT General M, P, S, Column C 175","Claims that are guaranteed by government and government-related agencies."]
["Exposures to credit institutions (inkl Central Banks)",null,null,"A. HTT General M, P, S, Column C 177","Claims against credit institutions and central banks."]
["o/w CQS1 credit institutions",null,null,"A. HTT General M, P, S, Column C 186","Claims against credit institutions and central banks - in this case: with credit quality step 1."]
["o/w CQS2 credit institutions",null,null,"A. HTT General M, P, S, Column C 187","Claims against credit institutions and central banks - in this case: with credit quality step 2."]
["Substitute Assets - Country",null,null,"A. HTT General M, P, S, Column C 193-208","Reporting of other cover assets (substitute) by country."]
["Liquid Assets - Central bank eligible assets",null,null,"A. HTT General M, P, S, Column C 218","Liquid assets - in this case: assets eligible for central bank credit."]
["NPV of Derivatives in the cover pool (mn)",null,null,"A. HTT General M, P, S, Column C 234","Net present value of the derivatives used as cover."]
["Breakdown by Type of Debtors - Sovereigns",null,null,"B2. HTT Public Sector Assets C 148","Reporting by debtor type - in this case: central government (see also “Central government”)."]
["Breakdown by Type of Debtors - Regional/federal authorities",null,null,"B2. HTT Public Sector Assets C 149","Reporting by debtor type - in this case: regional authorities (see also “Regional authority”)."]
["Breakdown by Type of Debtors - Local/municipal authorities ",null,null,"B2. HTT Public Sector Assets C 150","Reporting by debtor type - in this case: local authorities (see also “Local authority”)."]
["Breakdown by Type of Debtors - Others",null,null,"B2. HTT Public Sector Assets C 151","Reporting by debtor type - in this case: Other (see also “Other”)."]

{"sheet":"Disclaimer","index":15,"n_rows":26,"n_cols":4,"rows_kept":26,"cut":false,"hidden":false,"merged":[]}
[]
[null,"Disclaimer vdp-Transparenzinitiative "]
[]
[null,"Der vdp und die an der Erstellung der Pfandbrief-Statistik nach § 28 PfandBG sowie der erweiterten Transparenzangaben (inkl. HTT) im Rahmen der \"vdp-Transparenzinitiative\" beteiligten Banken übernehmen keine Garantie, Gewähr oder Haftung, gleich aus welchem Grunde, im Hinblick auf Richtigkeit, Genauigkeit, Aktualität, Vollständigkeit, Angemessenheit oder Eignung für irgendeinen Zweck gegenüber Dritten für auf den vdp-Internetseiten veröffentlichten Daten nach §28 PfandBG sowie der erweiterten Transparenzangaben (inkl. HTT). Der vdp und die an der vdp-Transparenzinitiative teilnehmenden Banken sind für jegliche Handlungen sowie unterlassene Handlungen, die aus einer direkten oder indirekten Nutzung oder einem Verweis auf die Daten der vdp-Transparenzinitiative resultieren, nicht verantwortlich. Die Haftung für jeglichen Schaden, der sich aus der Nutzung oder dem Verweis auf die Daten der vdp-Transparenzinitiative ergibt, schließen der vdp und die an der vdp-Transparenzinitiative teilnehmenden Banken aus. Die vdp-Transparenzinitiative ist ausschließlich zur Information bestimmt. Sie stellt weder Kauf- bzw. Verkaufsempfehlungen für irgendwelche Wertpapiere oder Investments dar, noch sind sie als Zusicherung oder Indikation etwaiger Entwicklungen bzw. Prognosen zu verstehen. Insbesondere sind die Daten der vdp-Transparenzinitiative nicht dafür gedacht, als Referenz für Finanzprodukte, oder zur Bepreisung von Anlageprodukten herangezogen zu werden. Die Daten, die im Rahmen der vdp-Transparenzinitiative veröffentlicht werden, stellen keine Benchmark im Sinne der Europäischen Verordnung (EU) 2016/1011 (EU-Benchmark-Verordnung) dar. Die Verwendung für Zwecke, welche zu einer Qualifizierung dieser als Benchmark führen könnten, ist ausdrücklich nicht zugelassen. Der vdp behält sich das Recht vor, die vdp-Transparenzinitiative jederzeit zu modifizieren, einzuschränken, einzustellen oder –in Übereinstimmung mit Gesetzen oder Regulierungsvorschriften - in ein kostenpflichtiges Angebot umzuwandeln."]
{"$rows_empty":21}
[null,null,null," "]